{"id":223,"date":"2014-07-02T18:35:17","date_gmt":"2014-07-02T18:35:17","guid":{"rendered":"http:\/\/www2.unifap.br\/acessoainformacao\/?page_id=223"},"modified":"2015-04-01T13:00:23","modified_gmt":"2015-04-01T13:00:23","slug":"agenda-de-autoridades-2","status":"publish","type":"page","link":"http:\/\/www2.unifap.br\/acessoainformacao\/institucional\/agenda-de-autoridades-2\/","title":{"rendered":"Agenda da Reitora"},"content":{"rendered":"<p><b><br \/>\n<\/b><b style=\"line-height: 24px;\"><a style=\"color: #ff4b33;\" href=\"http:\/\/www2.unifap.br\/acessoainformacao\/files\/2014\/07\/image001.jpg\"><img decoding=\"async\" class=\"alignleft  wp-image-233\" alt=\"image001\" src=\"http:\/\/www2.unifap.br\/acessoainformacao\/files\/2014\/07\/image001.jpg\" width=\"80\" height=\"111\" srcset=\"http:\/\/www2.unifap.br\/acessoainformacao\/files\/2014\/07\/image001.jpg 190w, http:\/\/www2.unifap.br\/acessoainformacao\/files\/2014\/07\/image001-107x150.jpg 107w\" sizes=\"(max-width: 80px) 100vw, 80px\" \/><\/a><\/b><b><\/b><\/p>\n<p style=\"text-align: left; left;line-height: 90%;\"><b>MINISTERIO DA EDUCA\u00c7\u00c3O<\/b><\/p>\n<p style=\"text-align: left; line-height: 90%;\"><b>Universidade Federal do Amap\u00e1 \u2013 UNIFAP<\/b><\/p>\n<p style=\"text-align: left; line-height: 90%;\"><b>GABINETE DA REITORIA<\/b><\/p>\n<p style=\"text-align: left; line-height: 90%;\">Rod. Juscelino K. de Oliveira, km 02 &#8211; Campus Marco Zero do Equador &#8211; Bloco da Reitoria<\/p>\n<p style=\"text-align: left; line-height: 90%;\">Macap\u00e1 &#8211; Amap\u00e1 &#8211; C.E.P. 68.906-970<\/p>\n<p style=\"text-align: left; line-height: 90%;\">Fone: (096) 3312-1703 &#8211; home: <a href=\"http:\/\/www.unifap.br\/\">www.unifap.br<\/a><\/p>\n<p><b><br \/>\n<\/b><\/p>\n<p style=\"text-align: center; line-height: 200%;\"><b><span style=\"font-size: xx-large;\">AGENDA DA REITORA<\/span><\/b><\/p>\n<p><iframe style=\"border-width: 0;\" src=\"https:\/\/www.google.com\/calendar\/embed?showTitle=0&amp;showCalendars=0&amp;mode=AGENDA&amp;height=600&amp;wkst=1&amp;bgcolor=%23FFFFFF&amp;src=bhcmcq6sodnddgfods3a5lb6f4%40group.calendar.google.com&amp;color=%23865A5A&amp;ctz=America%2FBelem\" height=\"600\" width=\"800\" frameborder=\"0\" scrolling=\"no\"><\/iframe><\/p>\n<p>Assine RSS da Agenda da Reitora (<strong><a href=\"https:\/\/www.google.com\/calendar\/feeds\/bhcmcq6sodnddgfods3a5lb6f4%40group.calendar.google.com\/public\/basic\">clique aqui<\/a><\/strong>).<\/p>\n","protected":false},"excerpt":{"rendered":"<p>MINISTERIO DA EDUCA\u00c7\u00c3O Universidade Federal do Amap\u00e1 \u2013 UNIFAP GABINETE DA REITORIA Rod. Juscelino K. de Oliveira, km 02 &#8211; Campus Marco Zero do Equador &#8211; Bloco da Reitoria Macap\u00e1 &#8211; Amap\u00e1 &#8211; C.E.P. 68.906-970 Fone: (096) 3312-1703 &#8211; home:&hellip; <\/p>\n<p><a href=\"http:\/\/www2.unifap.br\/acessoainformacao\/institucional\/agenda-de-autoridades-2\/\" class=\"readmore-button\">Continue Reading<\/a><\/p>\n","protected":false},"author":1,"featured_media":0,"parent":7,"menu_order":99,"comment_status":"closed","ping_status":"closed","template":"","meta":{"inline_featured_image":false,"ngg_post_thumbnail":0,"footnotes":""},"class_list":["post-223","page","type-page","status-publish","hentry"],"_links":{"self":[{"href":"http:\/\/www2.unifap.br\/acessoainformacao\/wp-json\/wp\/v2\/pages\/223","targetHints":{"allow":["GET"]}}],"collection":[{"href":"http:\/\/www2.unifap.br\/acessoainformacao\/wp-json\/wp\/v2\/pages"}],"about":[{"href":"http:\/\/www2.unifap.br\/acessoainformacao\/wp-json\/wp\/v2\/types\/page"}],"author":[{"embeddable":true,"href":"http:\/\/www2.unifap.br\/acessoainformacao\/wp-json\/wp\/v2\/users\/1"}],"replies":[{"embeddable":true,"href":"http:\/\/www2.unifap.br\/acessoainformacao\/wp-json\/wp\/v2\/comments?post=223"}],"version-history":[{"count":12,"href":"http:\/\/www2.unifap.br\/acessoainformacao\/wp-json\/wp\/v2\/pages\/223\/revisions"}],"predecessor-version":[{"id":242,"href":"http:\/\/www2.unifap.br\/acessoainformacao\/wp-json\/wp\/v2\/pages\/223\/revisions\/242"}],"up":[{"embeddable":true,"href":"http:\/\/www2.unifap.br\/acessoainformacao\/wp-json\/wp\/v2\/pages\/7"}],"wp:attachment":[{"href":"http:\/\/www2.unifap.br\/acessoainformacao\/wp-json\/wp\/v2\/media?parent=223"}],"curies":[{"name":"wp","href":"https:\/\/api.w.org\/{rel}","templated":true}]}}