{"id":110,"date":"2015-03-16T12:13:27","date_gmt":"2015-03-16T12:13:27","guid":{"rendered":"http:\/\/www2.unifap.br\/arthrolab\/?page_id=110"},"modified":"2015-04-10T14:44:16","modified_gmt":"2015-04-10T14:44:16","slug":"atividades-de-extensao","status":"publish","type":"page","link":"http:\/\/www2.unifap.br\/arthrolab\/atividades-de-extensao\/","title":{"rendered":"Atividades de Extens\u00e3o"},"content":{"rendered":"<p><b>Projetos:<\/b><\/p>\n<p><b>Contribui\u00e7\u00e3o quanto a identifica\u00e7\u00e3o taxon\u00f4mica de esp\u00e9cies de insetos vetores de mal\u00e1ria, arboviroses e doen\u00e7a de Chagas<\/b><\/p>\n<p>Este projeto visa realizar coopera\u00e7\u00e3o t\u00e9cnica e cient\u00edfica com o Setor de Entomologia M\u00e9dica da Secretaria de Estado da Sa\u00fade, no que tange a estudos taxon\u00f4micos e bioecol\u00f3gicos de esp\u00e9cies de Culicidae vetores de mal\u00e1ria e arboviroses e de esp\u00e9cies de Triatominae, vetores de doen\u00e7a de Chagas.<\/p>\n<p><a href=\"http:\/\/www2.unifap.br\/arthrolab\/files\/2015\/03\/DSC07809.jpg\"><img decoding=\"async\" class=\" wp-image-565 alignnone\" alt=\"DSC07809\" src=\"http:\/\/www2.unifap.br\/arthrolab\/files\/2015\/03\/DSC07809-1024x768.jpg\" width=\"185\" height=\"185\" \/><\/a> <a href=\"http:\/\/www2.unifap.br\/arthrolab\/files\/2015\/03\/DSC07821.jpg\"><img decoding=\"async\" class=\" wp-image-566 alignnone\" alt=\"DSC07821\" src=\"http:\/\/www2.unifap.br\/arthrolab\/files\/2015\/03\/DSC07821-1024x768.jpg\" width=\"185\" height=\"185\" \/><\/a><\/p>\n<p><b>Socializa\u00e7\u00e3o do acervo da cole\u00e7\u00e3o did\u00e1tica de Arthropoda junto as escolas de ensino fundamental e m\u00e9dio para fins de realiza\u00e7\u00e3o de aulas pratica.<\/b><\/p>\n<p>Este projeto oportuniza a capacita\u00e7\u00e3o de professores e alunos do ensino fundamental e m\u00e9dio de escolas publicas e privadas, no que concerne ao conhecimento morfol\u00f3gico e de taxonomia de animais do Filo Arthropoda, com enfase aos de import\u00e2ncia biol\u00f3gica, ecol\u00f3gica, econ\u00f4mica e medica.<\/p>\n<p><a href=\"http:\/\/www2.unifap.br\/arthrolab\/files\/2015\/03\/Imagem-do-mata-fome-284.jpg\"><img decoding=\"async\" class=\" wp-image-558 alignnone\" alt=\"Imagem do mata fome 284\" src=\"http:\/\/www2.unifap.br\/arthrolab\/files\/2015\/03\/Imagem-do-mata-fome-284-1024x768.jpg\" width=\"185\" height=\"185\" \/><\/a> <a href=\"http:\/\/www2.unifap.br\/arthrolab\/files\/2015\/03\/Imagem-do-mata-fome-289.jpg\"><img loading=\"lazy\" decoding=\"async\" class=\" wp-image-559 alignnone\" alt=\"Imagem do mata fome 289\" src=\"http:\/\/www2.unifap.br\/arthrolab\/files\/2015\/03\/Imagem-do-mata-fome-289-1024x768.jpg\" width=\"185\" height=\"185\" \/><\/a> <a href=\"http:\/\/www2.unifap.br\/arthrolab\/files\/2015\/03\/Imagem-do-mata-fome-293.jpg\"><img loading=\"lazy\" decoding=\"async\" class=\" wp-image-561 alignnone\" alt=\"Imagem do mata fome 293\" src=\"http:\/\/www2.unifap.br\/arthrolab\/files\/2015\/03\/Imagem-do-mata-fome-293-1024x768.jpg\" width=\"185\" height=\"185\" \/><\/a> <a href=\"http:\/\/www2.unifap.br\/arthrolab\/files\/2015\/03\/Imagem-do-mata-fome-297.jpg\"><img loading=\"lazy\" decoding=\"async\" class=\" wp-image-562 alignnone\" alt=\"Imagem do mata fome 297\" src=\"http:\/\/www2.unifap.br\/arthrolab\/files\/2015\/03\/Imagem-do-mata-fome-297-1024x768.jpg\" width=\"185\" height=\"185\" \/><\/a><\/p>\n<p><b>Preven\u00e7\u00e3o de doen\u00e7as parasit\u00e1rias junto \u00e0 comunidades quilombolas da regi\u00e3o da Pedreira, Macap\u00e1, Amap\u00e1.<\/b><\/p>\n<p>Este projeto visa promover a\u00e7\u00f5es de extens\u00e3o em educa\u00e7\u00e3o e sa\u00fade junto aos moradores de comunidades quilombolas da regi\u00e3o da Pedreira, Macap\u00e1, Amap\u00e1.<\/p>\n<p>&nbsp;<\/p>\n","protected":false},"excerpt":{"rendered":"<p>Projetos: Contribui\u00e7\u00e3o quanto a identifica\u00e7\u00e3o taxon\u00f4mica de esp\u00e9cies de insetos vetores de mal\u00e1ria, arboviroses e doen\u00e7a de Chagas Este projeto visa realizar coopera\u00e7\u00e3o t\u00e9cnica e cient\u00edfica com o Setor de Entomologia M\u00e9dica da Secretaria de Estado da Sa\u00fade, no que&hellip; <\/p>\n<p><a href=\"http:\/\/www2.unifap.br\/arthrolab\/atividades-de-extensao\/\" class=\"readmore-button\">Continue Reading<\/a><\/p>\n","protected":false},"author":84,"featured_media":0,"parent":0,"menu_order":0,"comment_status":"open","ping_status":"open","template":"","meta":{"inline_featured_image":false,"ngg_post_thumbnail":0,"footnotes":""},"class_list":["post-110","page","type-page","status-publish","hentry"],"_links":{"self":[{"href":"http:\/\/www2.unifap.br\/arthrolab\/wp-json\/wp\/v2\/pages\/110","targetHints":{"allow":["GET"]}}],"collection":[{"href":"http:\/\/www2.unifap.br\/arthrolab\/wp-json\/wp\/v2\/pages"}],"about":[{"href":"http:\/\/www2.unifap.br\/arthrolab\/wp-json\/wp\/v2\/types\/page"}],"author":[{"embeddable":true,"href":"http:\/\/www2.unifap.br\/arthrolab\/wp-json\/wp\/v2\/users\/84"}],"replies":[{"embeddable":true,"href":"http:\/\/www2.unifap.br\/arthrolab\/wp-json\/wp\/v2\/comments?post=110"}],"version-history":[{"count":8,"href":"http:\/\/www2.unifap.br\/arthrolab\/wp-json\/wp\/v2\/pages\/110\/revisions"}],"predecessor-version":[{"id":573,"href":"http:\/\/www2.unifap.br\/arthrolab\/wp-json\/wp\/v2\/pages\/110\/revisions\/573"}],"wp:attachment":[{"href":"http:\/\/www2.unifap.br\/arthrolab\/wp-json\/wp\/v2\/media?parent=110"}],"curies":[{"name":"wp","href":"https:\/\/api.w.org\/{rel}","templated":true}]}}

Atividades de Extensão

<p><b>Projetos:</b></p>
<p><b>Contribuição quanto a identificação taxonômica de espécies de insetos vetores de malária, arboviroses e doença de Chagas</b></p>
<p>Este projeto visa realizar cooperação técnica e científica com o Setor de Entomologia Médica da Secretaria de Estado da Saúde, no que tange a estudos taxonômicos e bioecológicos de espécies de Culicidae vetores de malária e arboviroses e de espécies de Triatominae, vetores de doença de Chagas.</p>
<p><a href="http://www2.unifap.br/arthrolab/files/2015/03/DSC07809.jpg"><img decoding="async" class=" wp-image-565 alignnone" alt="DSC07809" src="http://www2.unifap.br/arthrolab/files/2015/03/DSC07809-1024x768.jpg" width="185" height="185" /></a> <a href="http://www2.unifap.br/arthrolab/files/2015/03/DSC07821.jpg"><img decoding="async" class=" wp-image-566 alignnone" alt="DSC07821" src="http://www2.unifap.br/arthrolab/files/2015/03/DSC07821-1024x768.jpg" width="185" height="185" /></a></p>
<p><b>Socialização do acervo da coleção didática de Arthropoda junto as escolas de ensino fundamental e médio para fins de realização de aulas pratica.</b></p>
<p>Este projeto oportuniza a capacitação de professores e alunos do ensino fundamental e médio de escolas publicas e privadas, no que concerne ao conhecimento morfológico e de taxonomia de animais do Filo Arthropoda, com enfase aos de importância biológica, ecológica, econômica e medica.</p>
<p><a href="http://www2.unifap.br/arthrolab/files/2015/03/Imagem-do-mata-fome-284.jpg"><img decoding="async" class=" wp-image-558 alignnone" alt="Imagem do mata fome 284" src="http://www2.unifap.br/arthrolab/files/2015/03/Imagem-do-mata-fome-284-1024x768.jpg" width="185" height="185" /></a> <a href="http://www2.unifap.br/arthrolab/files/2015/03/Imagem-do-mata-fome-289.jpg"><img loading="lazy" decoding="async" class=" wp-image-559 alignnone" alt="Imagem do mata fome 289" src="http://www2.unifap.br/arthrolab/files/2015/03/Imagem-do-mata-fome-289-1024x768.jpg" width="185" height="185" /></a> <a href="http://www2.unifap.br/arthrolab/files/2015/03/Imagem-do-mata-fome-293.jpg"><img loading="lazy" decoding="async" class=" wp-image-561 alignnone" alt="Imagem do mata fome 293" src="http://www2.unifap.br/arthrolab/files/2015/03/Imagem-do-mata-fome-293-1024x768.jpg" width="185" height="185" /></a> <a href="http://www2.unifap.br/arthrolab/files/2015/03/Imagem-do-mata-fome-297.jpg"><img loading="lazy" decoding="async" class=" wp-image-562 alignnone" alt="Imagem do mata fome 297" src="http://www2.unifap.br/arthrolab/files/2015/03/Imagem-do-mata-fome-297-1024x768.jpg" width="185" height="185" /></a></p>
<p><b>Prevenção de doenças parasitárias junto à comunidades quilombolas da região da Pedreira, Macapá, Amapá.</b></p>
<p>Este projeto visa promover ações de extensão em educação e saúde junto aos moradores de comunidades quilombolas da região da Pedreira, Macapá, Amapá.</p>
<p>&nbsp;</p>

<p>Projetos: Contribuição quanto a identificação taxonômica de espécies de insetos vetores de malária, arboviroses e doença de Chagas Este projeto visa realizar cooperação técnica e científica com o Setor de Entomologia Médica da Secretaria de Estado da Saúde, no que&hellip; </p>
<p><a href="http://www2.unifap.br/arthrolab/atividades-de-extensao/" class="readmore-button">Continue Reading</a></p>
