{"id":219,"date":"2015-03-27T14:09:38","date_gmt":"2015-03-27T14:09:38","guid":{"rendered":"http:\/\/www2.unifap.br\/arthrolab\/?page_id=219"},"modified":"2015-04-09T21:39:23","modified_gmt":"2015-04-09T21:39:23","slug":"colecoes","status":"publish","type":"page","link":"http:\/\/www2.unifap.br\/arthrolab\/colecoes\/","title":{"rendered":"Cole\u00e7\u00f5es Biol\u00f3gicas"},"content":{"rendered":"<p><strong>Cole\u00e7\u00f5es Biol\u00f3gicas do Laborat\u00f3rio de Arthropoda<\/strong><\/p>\n<p>As cole\u00e7\u00f5es biol\u00f3gicas did\u00e1tica e cientifica de Arthropoda\u00a0deram-se inicio em junho de 2006\u00a0e albergam taxa coletados em projetos de inicia\u00e7\u00e3o cientifica, de trabalho de conclus\u00e3o de curso, disserta\u00e7\u00e3o de mestrado, teses de doutorado e de projetos desenvolvidos por professores vinculados ao ARTHROLAB.<\/p>\n<p><strong>Curadores: <\/strong><\/p>\n<p><strong>Prof. Dr. Raimundo Nonato P. Souto<\/strong><\/p>\n<p><strong>Profa. MsC: Beatriz S\u00e1<\/strong><\/p>\n<p><strong>Profa. MsC. Ledayane Mayana C. Barbosa<\/strong><\/p>\n<p><strong>Prof. MsC. Ricardo Marcelo dos A. Fereira<\/strong><\/p>\n<p><b>COLE\u00c7\u00c3O DID\u00c1TICA<\/b><\/p>\n<p>As cole\u00e7\u00f5es did\u00e1ticas promovem apoio as aulas pr\u00e1ticas das disciplinas dos cursos de gradua\u00e7\u00e3o e de p\u00f3s-gradu\u00e7\u00e3o e como material did\u00e1tico auxiliar para os est\u00e1gios supervisionados do Curso de Licenciatura em Ci\u00eancias Biol\u00f3gicas. Estas cole\u00e7\u00f5es s\u00e3o tamb\u00e9m disponibilizadas para professores das escolas de ensino fundamental e ensino m\u00e9dio, promovendo um permanente interc\u00e2mbio da universidade com professores e escolas da rede p\u00fablica de ensino e particulares.<\/p>\n<p><strong>\u00a0COLE\u00c7\u00c3O CIENT\u00cdFICA<\/strong><\/p>\n<p>O acervo da cole\u00e7\u00e3o cient\u00edfica esta constitu\u00eddo de taxa amostrados nos projetos vinculados ao ARTHROLAB, desenvolvidos no \u00e2mbito da Gradua\u00e7\u00e3o e da P\u00f3s-gradua\u00e7\u00e3o, bem como, os executados em rede com institui\u00e7\u00f5es\u00a0brasileiras de pesquisa cient\u00edfica.<\/p>\n<p><strong>\u00a0INFORMATIZA\u00c7\u00c3O DAS COLE\u00c7\u00d5ES<\/strong><\/p>\n<p>O acervo das cole\u00e7\u00f5es est\u00e1 sendo informatizado para posterior disponibiliza\u00e7\u00e3o on line para consulta.<\/p>\n<p><a href=\"http:\/\/www2.unifap.br\/arthrolab\/files\/2015\/03\/bancodados.jpg\"><img decoding=\"async\" class=\" wp-image-430 alignnone\" alt=\"bancodados\" src=\"http:\/\/www2.unifap.br\/arthrolab\/files\/2015\/03\/bancodados-1024x575.jpg\" width=\"185\" height=\"185\" \/><\/a><\/p>\n<p><strong>IMAGENS DOS TAXA DA COLE\u00c7\u00c3O DID\u00c1TICA<\/strong><\/p>\n<p><strong>Subfilo Chelicerata<\/strong><\/p>\n<p><strong>Ordem Aranae<\/strong><\/p>\n<p>&nbsp;<\/p>\n<p>&nbsp;<\/p>\n<p><strong>Cole\u00e7\u00e3o de Invertebrados do Campus Binacional<\/strong><\/p>\n<p><strong>Curador: Prof. Dr. Emerson Monteiro dos Santos<\/strong><\/p>\n","protected":false},"excerpt":{"rendered":"<p>Cole\u00e7\u00f5es Biol\u00f3gicas do Laborat\u00f3rio de Arthropoda As cole\u00e7\u00f5es biol\u00f3gicas did\u00e1tica e cientifica de Arthropoda\u00a0deram-se inicio em junho de 2006\u00a0e albergam taxa coletados em projetos de inicia\u00e7\u00e3o cientifica, de trabalho de conclus\u00e3o de curso, disserta\u00e7\u00e3o de mestrado, teses de doutorado e&hellip; <\/p>\n<p><a href=\"http:\/\/www2.unifap.br\/arthrolab\/colecoes\/\" class=\"readmore-button\">Continue Reading<\/a><\/p>\n","protected":false},"author":84,"featured_media":0,"parent":0,"menu_order":0,"comment_status":"open","ping_status":"open","template":"","meta":{"inline_featured_image":false,"ngg_post_thumbnail":0,"footnotes":""},"class_list":["post-219","page","type-page","status-publish","hentry"],"_links":{"self":[{"href":"http:\/\/www2.unifap.br\/arthrolab\/wp-json\/wp\/v2\/pages\/219","targetHints":{"allow":["GET"]}}],"collection":[{"href":"http:\/\/www2.unifap.br\/arthrolab\/wp-json\/wp\/v2\/pages"}],"about":[{"href":"http:\/\/www2.unifap.br\/arthrolab\/wp-json\/wp\/v2\/types\/page"}],"author":[{"embeddable":true,"href":"http:\/\/www2.unifap.br\/arthrolab\/wp-json\/wp\/v2\/users\/84"}],"replies":[{"embeddable":true,"href":"http:\/\/www2.unifap.br\/arthrolab\/wp-json\/wp\/v2\/comments?post=219"}],"version-history":[{"count":11,"href":"http:\/\/www2.unifap.br\/arthrolab\/wp-json\/wp\/v2\/pages\/219\/revisions"}],"predecessor-version":[{"id":572,"href":"http:\/\/www2.unifap.br\/arthrolab\/wp-json\/wp\/v2\/pages\/219\/revisions\/572"}],"wp:attachment":[{"href":"http:\/\/www2.unifap.br\/arthrolab\/wp-json\/wp\/v2\/media?parent=219"}],"curies":[{"name":"wp","href":"https:\/\/api.w.org\/{rel}","templated":true}]}}