{"id":57,"date":"2015-03-05T17:38:53","date_gmt":"2015-03-05T17:38:53","guid":{"rendered":"http:\/\/www2.unifap.br\/arthrolab\/?page_id=57"},"modified":"2015-04-19T22:49:00","modified_gmt":"2015-04-19T22:49:00","slug":"projetos","status":"publish","type":"page","link":"http:\/\/www2.unifap.br\/arthrolab\/projetos\/","title":{"rendered":"Projetos"},"content":{"rendered":"<p><strong>PROJETOS EXECUTADOS<\/strong><\/p>\n<p><b>MONITORAMENTO DE ESP\u00c9CIES DE INSETOS DE IMPORT\u00c2NCIA\u00a0 VETORIAL NA \u00c1REA DO PROJETO MMX, PEDRA BRANCA DO AMAPARI, AMAP\u00c1, BRASIL.<\/b><\/p>\n<p><strong>Coordenador: Prof. Dr. Raimundo Nonato P. Souto<\/strong><\/p>\n<p><a href=\"http:\/\/www2.unifap.br\/arthrolab\/files\/2015\/03\/100_2357.jpg\"><img decoding=\"async\" class=\" wp-image-467 alignnone\" alt=\"100_2357\" src=\"http:\/\/www2.unifap.br\/arthrolab\/files\/2015\/03\/100_2357-1024x768.jpg\" width=\"185\" height=\"185\" \/><\/a> <a href=\"http:\/\/www2.unifap.br\/arthrolab\/files\/2015\/03\/100_2347.jpg\"><img decoding=\"async\" class=\" wp-image-468 alignnone\" alt=\"100_2347\" src=\"http:\/\/www2.unifap.br\/arthrolab\/files\/2015\/03\/100_2347-1024x768.jpg\" width=\"185\" height=\"185\" \/><\/a><a href=\"http:\/\/www2.unifap.br\/arthrolab\/files\/2015\/03\/100_24051.jpg\"><img decoding=\"async\" class=\" wp-image-470 alignnone\" alt=\"100_2405\" src=\"http:\/\/www2.unifap.br\/arthrolab\/files\/2015\/03\/100_24051-1024x768.jpg\" width=\"185\" height=\"185\" \/><\/a> <a href=\"http:\/\/www2.unifap.br\/arthrolab\/files\/2015\/03\/100_24141.jpg\"><img loading=\"lazy\" decoding=\"async\" class=\" wp-image-471 alignnone\" alt=\"100_2414\" src=\"http:\/\/www2.unifap.br\/arthrolab\/files\/2015\/03\/100_24141-1024x768.jpg\" width=\"185\" height=\"185\" \/><\/a><\/p>\n<p><strong>Composi\u00e7\u00e3o de Insecta em \u00e1reas de a\u00e7aizais nativos na Amaz\u00f4nia <\/strong><b>oriental.<\/b><\/p>\n<p><strong>Coordenador: Prof. Dr. Raimundo Nonato P. Souto<\/strong><\/p>\n<p><a href=\"http:\/\/www2.unifap.br\/arthrolab\/files\/2015\/03\/100_1621.jpg\"><img loading=\"lazy\" decoding=\"async\" class=\" wp-image-475 alignnone\" alt=\"100_1621\" src=\"http:\/\/www2.unifap.br\/arthrolab\/files\/2015\/03\/100_1621-1024x768.jpg\" width=\"185\" height=\"185\" \/><\/a>\u00a0<a href=\"http:\/\/www2.unifap.br\/arthrolab\/files\/2015\/03\/Caligo-sp-MWC.jpg\"><img loading=\"lazy\" decoding=\"async\" class=\" wp-image-464 alignnone\" alt=\"Caligo-sp-MWC\" src=\"http:\/\/www2.unifap.br\/arthrolab\/files\/2015\/03\/Caligo-sp-MWC.jpg\" width=\"185\" height=\"185\" \/><\/a><a href=\"http:\/\/www2.unifap.br\/arthrolab\/files\/2015\/03\/Fotos.out_.08-067.jpg\"><img loading=\"lazy\" decoding=\"async\" class=\" wp-image-410 alignnone\" alt=\"Fotos.out.08 067\" src=\"http:\/\/www2.unifap.br\/arthrolab\/files\/2015\/03\/Fotos.out_.08-067-1024x768.jpg\" width=\"185\" height=\"185\" \/><\/a><a href=\"http:\/\/www2.unifap.br\/arthrolab\/files\/2015\/03\/100_1632.jpg\"><img loading=\"lazy\" decoding=\"async\" class=\" wp-image-476 alignnone\" alt=\"100_1632\" src=\"http:\/\/www2.unifap.br\/arthrolab\/files\/2015\/03\/100_1632-1024x768.jpg\" width=\"185\" height=\"185\" \/><\/a><\/p>\n<p><strong>INFLUENCIA DE VARI\u00c1VEIS METEOROL\u00d3GICAS NA ABUNDANCIA E RIQUEZA DE <em>Anopheles<\/em> spp EM UMA COMUNIDADE RURAL DA AMAZ\u00d4NIA<\/strong><\/p>\n<p><strong>Coordenador: Prof. Msc Ricardo Marcelo dos A. Ferreira<\/strong><\/p>\n<p><a href=\"http:\/\/www2.unifap.br\/arthrolab\/files\/2015\/03\/Imagem-do-mata-fome-060.jpg\"><img loading=\"lazy\" decoding=\"async\" class=\" wp-image-550 alignnone\" alt=\"Imagem do mata fome 060\" src=\"http:\/\/www2.unifap.br\/arthrolab\/files\/2015\/03\/Imagem-do-mata-fome-060-1024x768.jpg\" width=\"185\" height=\"185\" \/><\/a> <a href=\"http:\/\/www2.unifap.br\/arthrolab\/files\/2015\/03\/Imagem-do-mata-fome-152.jpg\"><img loading=\"lazy\" decoding=\"async\" class=\" wp-image-552 alignnone\" alt=\"Imagem do mata fome 152\" src=\"http:\/\/www2.unifap.br\/arthrolab\/files\/2015\/03\/Imagem-do-mata-fome-152-1024x768.jpg\" width=\"185\" height=\"185\" \/><\/a> <a href=\"http:\/\/www2.unifap.br\/arthrolab\/files\/2015\/03\/Imagem-do-mata-fome-163.jpg\"><img loading=\"lazy\" decoding=\"async\" class=\" wp-image-553 alignnone\" alt=\"Imagem do mata fome 163\" src=\"http:\/\/www2.unifap.br\/arthrolab\/files\/2015\/03\/Imagem-do-mata-fome-163-1024x768.jpg\" width=\"185\" height=\"185\" \/><\/a> <a href=\"http:\/\/www2.unifap.br\/arthrolab\/files\/2015\/03\/Imagem-do-mata-fome-183.jpg\"><img loading=\"lazy\" decoding=\"async\" class=\" wp-image-554 alignnone\" alt=\"Imagem do mata fome 183\" src=\"http:\/\/www2.unifap.br\/arthrolab\/files\/2015\/03\/Imagem-do-mata-fome-183-1024x768.jpg\" width=\"185\" height=\"185\" \/><\/a> <a href=\"http:\/\/www2.unifap.br\/arthrolab\/files\/2015\/03\/Imagem-do-mata-fome-193.jpg\"><img loading=\"lazy\" decoding=\"async\" class=\" wp-image-555 alignnone\" alt=\"Imagem do mata fome 193\" src=\"http:\/\/www2.unifap.br\/arthrolab\/files\/2015\/03\/Imagem-do-mata-fome-193-768x1024.jpg\" width=\"185\" height=\"185\" \/><\/a> <a href=\"http:\/\/www2.unifap.br\/arthrolab\/files\/2015\/03\/Imagem-do-mata-fome-203.jpg\"><img loading=\"lazy\" decoding=\"async\" class=\" wp-image-556 alignnone\" alt=\"Imagem do mata fome 203\" src=\"http:\/\/www2.unifap.br\/arthrolab\/files\/2015\/03\/Imagem-do-mata-fome-203-1024x768.jpg\" width=\"185\" height=\"185\" \/><\/a><\/p>\n<p><b>SUCESS\u00c3O DA ENTOMOFAUNA DE IMPORT\u00c2NCIA FORENSE EM CARCA\u00c7AS DE <i>Sus<\/i><i> scrofa <\/i>(Linnaeus, 1758), NO CAMPUS MARCO ZERO DA UNIFAP.<\/b><\/p>\n<p><strong>Coordenador: Prof. Dr. Raimundo Nonato P. Souto<\/strong><\/p>\n<p><strong>COMPOSI\u00c7\u00c3O DA ENTOMOFAUNA DE IMPORT\u00c2NCIA FORENSE EM AMBIENTE V\u00c1RZEA NA AMAZ\u00d4NIA ORIENTAL<\/strong><\/p>\n<p><a href=\"http:\/\/www2.unifap.br\/arthrolab\/files\/2015\/03\/DSC08165.jpg\"><img loading=\"lazy\" decoding=\"async\" class=\" wp-image-481 alignnone\" alt=\"DSC08165\" src=\"http:\/\/www2.unifap.br\/arthrolab\/files\/2015\/03\/DSC08165-1024x768.jpg\" width=\"185\" height=\"185\" \/><\/a> <a href=\"http:\/\/www2.unifap.br\/arthrolab\/files\/2015\/03\/DSC08168.jpg\"><img loading=\"lazy\" decoding=\"async\" class=\" wp-image-482 alignnone\" alt=\"DSC08168\" src=\"http:\/\/www2.unifap.br\/arthrolab\/files\/2015\/03\/DSC08168-1024x768.jpg\" width=\"185\" height=\"185\" \/><\/a> <a href=\"http:\/\/www2.unifap.br\/arthrolab\/files\/2015\/03\/DSC08236.jpg\"><img loading=\"lazy\" decoding=\"async\" class=\" wp-image-486 alignnone\" alt=\"DSC08236\" src=\"http:\/\/www2.unifap.br\/arthrolab\/files\/2015\/03\/DSC08236-1024x768.jpg\" width=\"185\" height=\"185\" \/><\/a> <a href=\"http:\/\/www2.unifap.br\/arthrolab\/files\/2015\/03\/IJML.jpg\"><img loading=\"lazy\" decoding=\"async\" class=\" wp-image-487 alignnone\" alt=\"IJML,\" src=\"http:\/\/www2.unifap.br\/arthrolab\/files\/2015\/03\/IJML.jpg\" width=\"185\" height=\"185\" \/><\/a><\/p>\n<p><strong>ESCORPIOFAUNA DE MATA DE GALERIA NA AMAZ\u00d4NIA ORIENTAL<\/strong><\/p>\n<p>&nbsp;<\/p>\n<p><strong>PROJETOS EM ANDAMENTO<\/strong><\/p>\n<ul>\n<li><b><b>Compos<\/b><\/b><b>i\u00e7\u00e3o e Bioecologia de\u00a0<i>Anopheles\u00a0<\/i>spp (Diptera: Nematocera) em \u00e1rea de transmiss\u00e3o de mal\u00e1ria no estado Amap\u00e1, Brasil.<\/b><\/li>\n<\/ul>\n<p>&nbsp;<\/p>\n<p>&nbsp;<\/p>\n<ul>\n<li><b>Composi\u00e7\u00e3o e Ecologia de culicideos (Diptera: Culicidae) vetores de arboviroses no estado do Amap\u00e1.<\/b><\/li>\n<\/ul>\n<p><a href=\"http:\/\/www2.unifap.br\/arthrolab\/files\/2015\/03\/Fotos.out_.08-053.jpg\"><img loading=\"lazy\" decoding=\"async\" class=\" wp-image-413 alignnone\" alt=\"Fotos.out.08 053\" src=\"http:\/\/www2.unifap.br\/arthrolab\/files\/2015\/03\/Fotos.out_.08-053-1024x768.jpg\" width=\"185\" height=\"185\" \/><\/a> <a href=\"http:\/\/www2.unifap.br\/arthrolab\/files\/2015\/03\/Fotos.out_.08-054.jpg\"><img loading=\"lazy\" decoding=\"async\" class=\" wp-image-414 alignnone\" alt=\"Fotos.out.08 054\" src=\"http:\/\/www2.unifap.br\/arthrolab\/files\/2015\/03\/Fotos.out_.08-054-1024x768.jpg\" width=\"185\" height=\"185\" \/><\/a> <a href=\"http:\/\/www2.unifap.br\/arthrolab\/files\/2015\/03\/Fotos.out_.08-060.jpg\"><img loading=\"lazy\" decoding=\"async\" class=\" wp-image-415 alignnone\" alt=\"Fotos.out.08 060\" src=\"http:\/\/www2.unifap.br\/arthrolab\/files\/2015\/03\/Fotos.out_.08-060-1024x768.jpg\" width=\"185\" height=\"185\" \/><\/a><\/p>\n<ul>\n<li><b>Composi\u00e7\u00e3o e ecologia de esp\u00e9cies de escorpi\u00e3o (Aracnida: Scorpiones) no estado do Amap\u00e1.<\/b><\/li>\n<li><b>Borboletas frug\u00edveras de uma \u00e1rea de Cerrado amaz\u00f4nico<\/b><\/li>\n<\/ul>\n<p><a href=\"http:\/\/www2.unifap.br\/arthrolab\/files\/2015\/03\/\u00c1rea-de-Estudo-1.jpg\"><img loading=\"lazy\" decoding=\"async\" class=\" wp-image-490 alignnone\" alt=\"\u00c1rea de Estudo 1\" src=\"http:\/\/www2.unifap.br\/arthrolab\/files\/2015\/03\/\u00c1rea-de-Estudo-1-1024x768.jpg\" width=\"185\" height=\"185\" \/><\/a> <a href=\"http:\/\/www2.unifap.br\/arthrolab\/files\/2015\/03\/Armadilha-com-iscas-atrativas.jpg\"><img loading=\"lazy\" decoding=\"async\" class=\" wp-image-491 alignnone\" alt=\"Armadilha com iscas atrativas\" src=\"http:\/\/www2.unifap.br\/arthrolab\/files\/2015\/03\/Armadilha-com-iscas-atrativas-768x1024.jpg\" width=\"185\" height=\"185\" \/><\/a> <a href=\"http:\/\/www2.unifap.br\/arthrolab\/files\/2015\/03\/Retirada-dos-esp\u00e9cimes-da-armadilha-1.jpg\"><img loading=\"lazy\" decoding=\"async\" class=\" wp-image-492 alignnone\" alt=\"Retirada dos esp\u00e9cimes da armadilha 1\" src=\"http:\/\/www2.unifap.br\/arthrolab\/files\/2015\/03\/Retirada-dos-esp\u00e9cimes-da-armadilha-1-1024x768.jpg\" width=\"185\" height=\"185\" \/><\/a><\/p>\n<ul>\n<li><b>Faun\u00edstica e Bioecologia de Culicideos (Diptera: Culicidae) no Estado do Amap\u00e1, Brasil.<\/b><\/li>\n<li><b>Din\u00e2mica de transmiss\u00e3o da mal\u00e1ria no Estado do Amap\u00e1, Brasil.<\/b><\/li>\n<li><b>Coloniza\u00e7\u00e3o de esp\u00e9cies de Culicidae (Diptera: Nematocera) de import\u00e2ncia m\u00e9dica, em laborat\u00f3rio.<\/b><\/li>\n<li><b>Levantamento da Artropodofauna do estado do Amap\u00e1, Brasil.<\/b><\/li>\n<\/ul>\n<ul>\n<li><strong>Estudo da atividade larvicida, adulticida e repelente de extratos vegetais, \u00f3leos essenciais e nano emuls\u00f5es em mosquitos vetores de mal\u00e1ria, dengue e filariose.<\/strong><\/li>\n<\/ul>\n<p>&nbsp;<\/p>\n<p><strong><a href=\"http:\/\/www2.unifap.br\/arthrolab\/files\/2015\/03\/Bioensaio.Repelente.jpg\"><img loading=\"lazy\" decoding=\"async\" class=\"wp-image-402 alignnone\" alt=\"Bioensaio.Repelente\" src=\"http:\/\/www2.unifap.br\/arthrolab\/files\/2015\/03\/Bioensaio.Repelente.jpg\" width=\"185\" height=\"185\" \/><\/a> <a href=\"http:\/\/www2.unifap.br\/arthrolab\/files\/2015\/03\/P1030002.jpg\"><img loading=\"lazy\" decoding=\"async\" class=\"wp-image-404 alignnone\" alt=\"OLYMPUS DIGITAL CAMERA\" src=\"http:\/\/www2.unifap.br\/arthrolab\/files\/2015\/03\/P1030002-1024x768.jpg\" width=\"185\" height=\"185\" \/><\/a><\/strong><a href=\"http:\/\/www2.unifap.br\/arthrolab\/files\/2015\/03\/DSC_0009.jpg\"><img loading=\"lazy\" decoding=\"async\" class=\" wp-image-606 alignnone\" alt=\"DSC_0009\" src=\"http:\/\/www2.unifap.br\/arthrolab\/files\/2015\/03\/DSC_0009-1024x680.jpg\" width=\"185\" height=\"185\" \/><\/a><a href=\"http:\/\/www2.unifap.br\/arthrolab\/files\/2015\/03\/DSC_0008.jpg\"><img loading=\"lazy\" decoding=\"async\" class=\" wp-image-608 alignnone\" alt=\"DSC_0008\" src=\"http:\/\/www2.unifap.br\/arthrolab\/files\/2015\/03\/DSC_0008-1024x680.jpg\" width=\"185\" height=\"185\" \/><\/a><\/p>\n<p><a href=\"http:\/\/www2.unifap.br\/arthrolab\/files\/2015\/03\/DSC03244.jpg\"><img loading=\"lazy\" decoding=\"async\" class=\"wp-image-369 alignnone\" alt=\"DSC03244\" src=\"http:\/\/www2.unifap.br\/arthrolab\/files\/2015\/03\/DSC03244-1024x768.jpg\" width=\"185\" height=\"185\" \/><\/a> <a href=\"http:\/\/www2.unifap.br\/arthrolab\/files\/2015\/03\/DSC03246.jpg\"><img loading=\"lazy\" decoding=\"async\" class=\"wp-image-371 alignnone\" alt=\"DSC03246\" src=\"http:\/\/www2.unifap.br\/arthrolab\/files\/2015\/03\/DSC03246-1024x768.jpg\" width=\"185\" height=\"185\" \/><\/a><\/p>\n<p><a href=\"http:\/\/www2.unifap.br\/arthrolab\/files\/2015\/03\/DSC03256.jpg\"><img loading=\"lazy\" decoding=\"async\" class=\"wp-image-375 alignnone\" alt=\"DSC03256\" src=\"http:\/\/www2.unifap.br\/arthrolab\/files\/2015\/03\/DSC03256-1024x768.jpg\" width=\"185\" height=\"185\" \/><\/a><\/p>\n","protected":false},"excerpt":{"rendered":"<p>PROJETOS EXECUTADOS MONITORAMENTO DE ESP\u00c9CIES DE INSETOS DE IMPORT\u00c2NCIA\u00a0 VETORIAL NA \u00c1REA DO PROJETO MMX, PEDRA BRANCA DO AMAPARI, AMAP\u00c1, BRASIL. Coordenador: Prof. Dr. Raimundo Nonato P. Souto Composi\u00e7\u00e3o de Insecta em \u00e1reas de a\u00e7aizais nativos na Amaz\u00f4nia oriental. Coordenador:&hellip; <\/p>\n<p><a href=\"http:\/\/www2.unifap.br\/arthrolab\/projetos\/\" class=\"readmore-button\">Continue Reading<\/a><\/p>\n","protected":false},"author":84,"featured_media":73,"parent":0,"menu_order":0,"comment_status":"open","ping_status":"open","template":"","meta":{"inline_featured_image":false,"ngg_post_thumbnail":0,"footnotes":""},"class_list":["post-57","page","type-page","status-publish","has-post-thumbnail","hentry"],"_links":{"self":[{"href":"http:\/\/www2.unifap.br\/arthrolab\/wp-json\/wp\/v2\/pages\/57","targetHints":{"allow":["GET"]}}],"collection":[{"href":"http:\/\/www2.unifap.br\/arthrolab\/wp-json\/wp\/v2\/pages"}],"about":[{"href":"http:\/\/www2.unifap.br\/arthrolab\/wp-json\/wp\/v2\/types\/page"}],"author":[{"embeddable":true,"href":"http:\/\/www2.unifap.br\/arthrolab\/wp-json\/wp\/v2\/users\/84"}],"replies":[{"embeddable":true,"href":"http:\/\/www2.unifap.br\/arthrolab\/wp-json\/wp\/v2\/comments?post=57"}],"version-history":[{"count":29,"href":"http:\/\/www2.unifap.br\/arthrolab\/wp-json\/wp\/v2\/pages\/57\/revisions"}],"predecessor-version":[{"id":609,"href":"http:\/\/www2.unifap.br\/arthrolab\/wp-json\/wp\/v2\/pages\/57\/revisions\/609"}],"wp:featuredmedia":[{"embeddable":true,"href":"http:\/\/www2.unifap.br\/arthrolab\/wp-json\/wp\/v2\/media\/73"}],"wp:attachment":[{"href":"http:\/\/www2.unifap.br\/arthrolab\/wp-json\/wp\/v2\/media?parent=57"}],"curies":[{"name":"wp","href":"https:\/\/api.w.org\/{rel}","templated":true}]}}