{"id":59,"date":"2015-03-05T17:40:11","date_gmt":"2015-03-05T17:40:11","guid":{"rendered":"http:\/\/www2.unifap.br\/arthrolab\/?page_id=59"},"modified":"2015-03-31T00:31:34","modified_gmt":"2015-03-31T00:31:34","slug":"infraestrutura-2","status":"publish","type":"page","link":"http:\/\/www2.unifap.br\/arthrolab\/infraestrutura-2\/","title":{"rendered":"Infraestrutura"},"content":{"rendered":"<p><b>O Arthrolab possu\u00ed os seguintes espa\u00e7os f\u00edsicos.<\/b><\/p>\n<ul>\n<li><b>Sala para aulas pr\u00e1ticas<\/b><\/li>\n<\/ul>\n\n\t\t<style type=\"text\/css\">\n\t\t\t#gallery-1 {\n\t\t\t\tmargin: auto;\n\t\t\t}\n\t\t\t#gallery-1 .gallery-item {\n\t\t\t\tfloat: left;\n\t\t\t\tmargin-top: 10px;\n\t\t\t\ttext-align: center;\n\t\t\t\twidth: 33%;\n\t\t\t}\n\t\t\t#gallery-1 img {\n\t\t\t\tborder: 2px solid #cfcfcf;\n\t\t\t}\n\t\t\t#gallery-1 .gallery-caption {\n\t\t\t\tmargin-left: 0;\n\t\t\t}\n\t\t\t\/* see gallery_shortcode() in wp-includes\/media.php *\/\n\t\t<\/style>\n\t\t<div id='gallery-1' class='gallery galleryid-59 gallery-columns-3 gallery-size-thumbnail'><dl class='gallery-item'>\n\t\t\t<dt class='gallery-icon landscape'>\n\t\t\t\t<a href='http:\/\/www2.unifap.br\/arthrolab\/infraestrutura-2\/20141203_104056\/#main'><img decoding=\"async\" width=\"150\" height=\"150\" src=\"http:\/\/www2.unifap.br\/arthrolab\/files\/2015\/03\/20141203_104056-150x150.jpg\" class=\"attachment-thumbnail size-thumbnail\" alt=\"\" \/><\/a>\n\t\t\t<\/dt><\/dl><dl class='gallery-item'>\n\t\t\t<dt class='gallery-icon landscape'>\n\t\t\t\t<a href='http:\/\/www2.unifap.br\/arthrolab\/infraestrutura-2\/20141203_104052\/#main'><img decoding=\"async\" width=\"150\" height=\"150\" src=\"http:\/\/www2.unifap.br\/arthrolab\/files\/2015\/03\/20141203_104052-150x150.jpg\" class=\"attachment-thumbnail size-thumbnail\" alt=\"\" \/><\/a>\n\t\t\t<\/dt><\/dl><dl class='gallery-item'>\n\t\t\t<dt class='gallery-icon landscape'>\n\t\t\t\t<a href='http:\/\/www2.unifap.br\/arthrolab\/infraestrutura-2\/20141205_122116\/#main'><img decoding=\"async\" width=\"150\" height=\"150\" src=\"http:\/\/www2.unifap.br\/arthrolab\/files\/2015\/03\/20141205_122116-150x150.jpg\" class=\"attachment-thumbnail size-thumbnail\" alt=\"\" \/><\/a>\n\t\t\t<\/dt><\/dl><br style=\"clear: both\" \/>\n\t\t<\/div>\n\n<p>&nbsp;<\/p>\n<ul>\n<li><b>Sala de Pesquisa:\u00a0<\/b><\/li>\n<\/ul>\n<p>&nbsp;<\/p>\n<ul>\n<li><b>Sala de Cria\u00e7\u00e3o de insetos (Inset\u00e1rio):<\/b><\/li>\n<\/ul>\n<p style=\"text-align: center\"><span style=\"color: red;text-decoration: line-through\"><a href=\"http:\/\/www2.unifap.br\/arthrolab\/files\/2015\/03\/DSC03941.jpg\"><img loading=\"lazy\" decoding=\"async\" class=\"aligncenter  wp-image-79\" alt=\"DSC03941\" src=\"http:\/\/www2.unifap.br\/arthrolab\/files\/2015\/03\/DSC03941-1024x572.jpg\" width=\"717\" height=\"400\" \/><\/a><\/span><\/p>\n<ul>\n<li><b>Cole\u00e7\u00f5es Biol\u00f3gicas de Arthropoda: Did\u00e1tica e Cientifica:<\/b><\/li>\n<\/ul>\n<p>&nbsp;<\/p>\n<p>&nbsp;<\/p>\n<ul>\n<li><strong>Sala de cria\u00e7\u00e3o de insetos de import\u00e2ncia forense<\/strong><\/li>\n<\/ul>\n<p>&nbsp;<\/p>\n<p>&nbsp;<\/p>\n","protected":false},"excerpt":{"rendered":"<p>O Arthrolab possu\u00ed os seguintes espa\u00e7os f\u00edsicos. Sala para aulas pr\u00e1ticas &nbsp; Sala de Pesquisa:\u00a0 &nbsp; Sala de Cria\u00e7\u00e3o de insetos (Inset\u00e1rio): Cole\u00e7\u00f5es Biol\u00f3gicas de Arthropoda: Did\u00e1tica e Cientifica: &nbsp; &nbsp; Sala de cria\u00e7\u00e3o de insetos de import\u00e2ncia forense &nbsp;&hellip; <\/p>\n<p><a href=\"http:\/\/www2.unifap.br\/arthrolab\/infraestrutura-2\/\" class=\"readmore-button\">Continue Reading<\/a><\/p>\n","protected":false},"author":84,"featured_media":0,"parent":0,"menu_order":0,"comment_status":"open","ping_status":"open","template":"","meta":{"inline_featured_image":false,"ngg_post_thumbnail":0,"footnotes":""},"class_list":["post-59","page","type-page","status-publish","hentry"],"_links":{"self":[{"href":"http:\/\/www2.unifap.br\/arthrolab\/wp-json\/wp\/v2\/pages\/59","targetHints":{"allow":["GET"]}}],"collection":[{"href":"http:\/\/www2.unifap.br\/arthrolab\/wp-json\/wp\/v2\/pages"}],"about":[{"href":"http:\/\/www2.unifap.br\/arthrolab\/wp-json\/wp\/v2\/types\/page"}],"author":[{"embeddable":true,"href":"http:\/\/www2.unifap.br\/arthrolab\/wp-json\/wp\/v2\/users\/84"}],"replies":[{"embeddable":true,"href":"http:\/\/www2.unifap.br\/arthrolab\/wp-json\/wp\/v2\/comments?post=59"}],"version-history":[{"count":5,"href":"http:\/\/www2.unifap.br\/arthrolab\/wp-json\/wp\/v2\/pages\/59\/revisions"}],"predecessor-version":[{"id":268,"href":"http:\/\/www2.unifap.br\/arthrolab\/wp-json\/wp\/v2\/pages\/59\/revisions\/268"}],"wp:attachment":[{"href":"http:\/\/www2.unifap.br\/arthrolab\/wp-json\/wp\/v2\/media?parent=59"}],"curies":[{"name":"wp","href":"https:\/\/api.w.org\/{rel}","templated":true}]}}