{"id":179,"date":"2019-07-19T22:57:32","date_gmt":"2019-07-19T22:57:32","guid":{"rendered":"http:\/\/www2.unifap.br\/atau\/?page_id=179"},"modified":"2020-07-15T14:59:13","modified_gmt":"2020-07-15T14:59:13","slug":"etapa-1-aplicacao-de-questionarios","status":"publish","type":"page","link":"http:\/\/www2.unifap.br\/atau\/sobre-2\/fase-mestre-oscar\/etapa-1-aplicacao-de-questionarios\/","title":{"rendered":"Etapa 1 &#8211; Aplica\u00e7\u00e3o de question\u00e1rios"},"content":{"rendered":"<p>Na primeira etapa de desenvolvimento dos trabalhos do ATAU, foram aplicados os question\u00e1rios junto aos moradores do Conjunto Mestre Oscar entre os meses de fevereiro a abril de 2017, sendo o \u00faltimo dia de plant\u00e3o para as fam\u00edlias que n\u00e3o foram encontradas em sua resid\u00eancia. O question\u00e1rio possu\u00eda quest\u00f5es voltadas a fatores socioecon\u00f4micos das fam\u00edlias, quest\u00f5es acerca das unidades residenciais, e ainda, quest\u00f5es referentes \u00e0 infraestrutura do bairro.<\/p>\n<p>Al\u00e9m de tra\u00e7ar um perfil socioecon\u00f4mico dos moradores, o objetivo principal do question\u00e1rio foi permitir o estabelecimento de crit\u00e9rios de sele\u00e7\u00e3o dos casos a serem assistidos pelo Projeto. Foram selecionadas 10 resid\u00eancias de acordo com 6 crit\u00e9rios:&nbsp;<\/p>\n<ul>\n<li>mulher chefe de fam\u00edlia<\/li>\n<li>idoso na fam\u00edlia<\/li>\n<li>pessoa com defici\u00eancia na fam\u00edlia&nbsp;<\/li>\n<li>v\u00edtima do inc\u00eandio do Perp\u00e9tuo Socorro<\/li>\n<li>adensamento excessivo<\/li>\n<li>exist\u00eancia de atividade remunerada na resid\u00eancia<\/li>\n<\/ul>\n<p>A compila\u00e7\u00e3o dos dados da Etapa 1 pode ser conferida no ebook publicado em 2019:<\/p>\n<p><a href=\"http:\/\/www2.unifap.br\/editora\/files\/2019\/07\/dados-socioeconomicos-e-aspectos-da-moradia.pdf\" target=\"_blank\" rel=\"noopener noreferrer\">MATSUNAGA, Melissa Kikumi (coord.).&nbsp;<strong>Dados socioecon\u00f4micos e aspectos da moradia e infraestrutura do Conjunto Habitacional Mestre Oscar Santos em Macap\u00e1 \u2013 ano 2017<\/strong>. Macap\u00e1: UNIFAP, 2019.<\/a><\/p>\n<p>&nbsp;<\/p>\n","protected":false},"excerpt":{"rendered":"<p>Na primeira etapa de desenvolvimento dos trabalhos do ATAU, foram aplicados os question\u00e1rios junto aos moradores do Conjunto Mestre Oscar entre os meses de fevereiro a abril de 2017, sendo o \u00faltimo dia de plant\u00e3o para as fam\u00edlias que n\u00e3o foram encontradas em sua resid\u00eancia. O question\u00e1rio possu\u00eda quest\u00f5es voltadas a fatores socioecon\u00f4micos das fam\u00edlias,&#8230;<\/p>\n","protected":false},"author":1333,"featured_media":0,"parent":198,"menu_order":0,"comment_status":"closed","ping_status":"closed","template":"","meta":{"inline_featured_image":false,"ngg_post_thumbnail":0,"footnotes":""},"class_list":["post-179","page","type-page","status-publish","hentry","entry"],"_links":{"self":[{"href":"http:\/\/www2.unifap.br\/atau\/wp-json\/wp\/v2\/pages\/179","targetHints":{"allow":["GET"]}}],"collection":[{"href":"http:\/\/www2.unifap.br\/atau\/wp-json\/wp\/v2\/pages"}],"about":[{"href":"http:\/\/www2.unifap.br\/atau\/wp-json\/wp\/v2\/types\/page"}],"author":[{"embeddable":true,"href":"http:\/\/www2.unifap.br\/atau\/wp-json\/wp\/v2\/users\/1333"}],"replies":[{"embeddable":true,"href":"http:\/\/www2.unifap.br\/atau\/wp-json\/wp\/v2\/comments?post=179"}],"version-history":[{"count":5,"href":"http:\/\/www2.unifap.br\/atau\/wp-json\/wp\/v2\/pages\/179\/revisions"}],"predecessor-version":[{"id":346,"href":"http:\/\/www2.unifap.br\/atau\/wp-json\/wp\/v2\/pages\/179\/revisions\/346"}],"up":[{"embeddable":true,"href":"http:\/\/www2.unifap.br\/atau\/wp-json\/wp\/v2\/pages\/198"}],"wp:attachment":[{"href":"http:\/\/www2.unifap.br\/atau\/wp-json\/wp\/v2\/media?parent=179"}],"curies":[{"name":"wp","href":"https:\/\/api.w.org\/{rel}","templated":true}]}}