{"id":263,"date":"2020-07-13T20:35:05","date_gmt":"2020-07-13T20:35:05","guid":{"rendered":"http:\/\/www2.unifap.br\/atau\/?page_id=263"},"modified":"2020-07-15T14:52:34","modified_gmt":"2020-07-15T14:52:34","slug":"lavatoriosnaponte","status":"publish","type":"page","link":"http:\/\/www2.unifap.br\/atau\/lavatoriosnaponte\/","title":{"rendered":"#Lavatoriosnaponte"},"content":{"rendered":"<h3>PROPOSTA DE CAR\u00c1TER EMERGENCIAL PARA MELHORIA DAS CONDI\u00c7\u00d5ES DE HIGIENE NAS \u00c1REAS DE PONTE NO CONTEXTO DA COVID-19&nbsp;<\/h3>\n<p>Sabe-se que a informalidade das condi\u00e7\u00f5es trabalhistas vem acompanhada de outras priva\u00e7\u00f5es de direitos que impactam diretamente na sa\u00fade da popula\u00e7\u00e3o trabalhadora. O direito \u00e0 \u00e1gua de qualidade \u00e9 imprescind\u00edvel \u00e0 vida e sabe-se que as condi\u00e7\u00f5es de abastecimento de \u00e1gua nas \u00e1reas de ressaca de nosso munic\u00edpio, Macap\u00e1, s\u00e3o muito prec\u00e1rias. Soma-se ao abastecimento prec\u00e1rio de \u00e1gua, a condi\u00e7\u00e3o da unidade residencial que muitas vezes apresenta escassez de pontos de acesso \u00e0 \u00e1gua para a adequada higieniza\u00e7\u00e3o. Em cadastro realizado pelo Centro de Atividades Sociais da Periferia (CASP) em abril de 2020, para distribui\u00e7\u00e3o de alimentos e produtos de higiene aos moradores da 10\u00aa avenida, verificou-se que muitas casas apresentam apenas a pia da cozinha e chuveiro como pontos de acesso \u00e0 \u00e1gua e outros n\u00e3o disp\u00f5em de rede interna, apenas uma caixa d\u00b4\u00e1gua de onde \u00e9 retirada a \u00e1gua com baldes, seja para preparo das refei\u00e7\u00f5es, seja para higiene pessoal ou lavagem de roupas.<br \/>\nPara que a popula\u00e7\u00e3o residente em tais \u00e1reas adote as medidas de preven\u00e7\u00e3o recomendadas pela OMS, &#8211; como o simples ato de lavar as m\u00e3os, al\u00e9m das outras recomenda\u00e7\u00f5es de higiene pessoal e domiciliar &#8211; \u00e9 importante que o acesso \u00e0 \u00e1gua de qualidade seja garantido. Submetemos hoje (08 de abril de 2020) uma proposta emergencial ao nosso Conselho profissional, CAU-AP &#8211; que disp\u00f5e de verba para a\u00e7\u00f5es destinadas \u00e0 ATHIS. Trata-se de uma PROPOSTA DE CAR\u00c1TER EMERGENCIAL PARA MELHORIA DAS CONDI\u00c7\u00d5ES DE HIGIENE NAS \u00c1REAS DE PONTE DO CONG\u00d3S NO CONTEXTO DA COVID-19&nbsp;#lavatoriosnaponte. O objetivo \u00e9 instalar pontos coletivos de acesso \u00e0 \u00e1gua e melhorias das condi\u00e7\u00f5es das casas para higieniza\u00e7\u00e3o. Al\u00e9m disso, a proposta compreende o trabalho de moradores da \u00e1rea, gerando renda e fortalecendo o v\u00ednculo de confian\u00e7a nas a\u00e7\u00f5es empreendidas entre as institui\u00e7\u00f5es envolvidas.<br \/>\nAcreditamos que o acesso \u00e0 moradia digna compreende o acesso \u00e0 \u00e1gua, bem essencial \u00e0 vida e base de todas as atividades humanas.<\/p>\n<p>&nbsp;<\/p>\n<p><strong>Video divulgado em 08 de abril de 2020.<\/strong><\/p>\n<div style=\"width: 1024px;\" class=\"wp-video\"><!--[if lt IE 9]><script>document.createElement('video');<\/script><![endif]-->\n<video class=\"wp-video-shortcode\" id=\"video-263-1\" width=\"1024\" height=\"768\" preload=\"metadata\" controls=\"controls\"><source type=\"video\/mp4\" src=\"http:\/\/www2.unifap.br\/atau\/files\/2020\/07\/lavatoriosnaponte.mp4?_=1\" \/><a href=\"http:\/\/www2.unifap.br\/atau\/files\/2020\/07\/lavatoriosnaponte.mp4\">http:\/\/www2.unifap.br\/atau\/files\/2020\/07\/lavatoriosnaponte.mp4<\/a><\/video><\/div>\n<p>&nbsp;<\/p>\n<p><strong>Reportagem da TV Amap\u00e1 sobre a #lavatoriosnaponte do dia 14 de abril de 2020.<\/strong><\/p>\n<p><a href=\"https:\/\/g1.globo.com\/ap\/amapa\/edicao\/2020\/04\/14\/videos-bom-dia-amazonia-ap-de-terca-feira-14-de-abril-de-\">https:\/\/g1.globo.com\/ap\/amapa\/edicao\/2020\/04\/14\/videos-bom-dia-amazonia-ap-de-terca-feira-14-de-abril-de-<\/a><\/p>\n<p>&nbsp;<\/p>\n<p><strong>LIVE de Apresenta\u00e7\u00e3o da Proposta #lavatoriosnaponte realizada em 01 de junho de 2020.<\/strong><\/p>\n<div class=\"oceanwp-oembed-wrap clr\">\n<div id=\"fb-root\"><\/div>\n<p><script async=\"1\" defer=\"1\" crossorigin=\"anonymous\" src=\"https:\/\/connect.facebook.net\/pt_BR\/sdk.js#xfbml=1&amp;version=v7.0\" nonce=\"fXNVE2hL\"><\/script><\/p>\n<div class=\"fb-video\" data-href=\"https:\/\/www.facebook.com\/atau.unifap\/videos\/2913780938657358\/\" data-width=\"1200\">\n<blockquote cite=\"https:\/\/www.facebook.com\/atau.unifap\/videos\/2913780938657358\/\" class=\"fb-xfbml-parse-ignore\"><p><a href=\"https:\/\/www.facebook.com\/atau.unifap\/videos\/2913780938657358\/\">Live #lavatoriosnaponte<\/a><\/p>\n<p>Proposta de car\u00e1ter emergencial para melhoria das condi\u00e7\u00f5es de higiene dos moradores de \u00e1rea de ponte do Cong\u00f3s, Macap\u00e1, estado do Amap\u00e1 no contexto da COVID-19. Realizada pelo Projeto de Extens\u00e3o Universit\u00e1ria Assist\u00eancia T\u00e9cnica em Arquitetura e Urbanismo (ATAU) da UNIFAP e Centro de Atividades Sociais da Periferia (CASP) no contexto da pandemia de coronav\u00edrus.<\/p>\n<p>Publicado por <a href=\"https:\/\/www.facebook.com\/atau.unifap\/\">Assist\u00eancia T\u00e9cnica em Arquitetura e Urbanismo &#8211; Unifap<\/a> em Segunda-feira, 1 de junho de 2020<\/p><\/blockquote>\n<\/div>\n<\/div>\n<p>Original em:&nbsp;<a href=\"https:\/\/www.facebook.com\/atau.unifap\/videos\/2913780938657358\/\" target=\"_blank\" rel=\"noopener noreferrer\">https:\/\/www.facebook.com\/atau.unifap\/videos\/2913780938657358\/<\/a><\/p>\n<p>&nbsp;<\/p>\n<p>&nbsp;<\/p>\n","protected":false},"excerpt":{"rendered":"<p>PROPOSTA DE CAR\u00c1TER EMERGENCIAL PARA MELHORIA DAS CONDI\u00c7\u00d5ES DE HIGIENE NAS \u00c1REAS DE PONTE NO CONTEXTO DA COVID-19&nbsp; Sabe-se que a informalidade das condi\u00e7\u00f5es trabalhistas vem acompanhada de outras priva\u00e7\u00f5es de direitos que impactam diretamente na sa\u00fade da popula\u00e7\u00e3o trabalhadora. O direito \u00e0 \u00e1gua de qualidade \u00e9 imprescind\u00edvel \u00e0 vida e sabe-se que as condi\u00e7\u00f5es&#8230;<\/p>\n","protected":false},"author":1333,"featured_media":0,"parent":0,"menu_order":0,"comment_status":"closed","ping_status":"closed","template":"","meta":{"inline_featured_image":false,"ngg_post_thumbnail":0,"footnotes":""},"class_list":["post-263","page","type-page","status-publish","hentry","entry"],"_links":{"self":[{"href":"http:\/\/www2.unifap.br\/atau\/wp-json\/wp\/v2\/pages\/263","targetHints":{"allow":["GET"]}}],"collection":[{"href":"http:\/\/www2.unifap.br\/atau\/wp-json\/wp\/v2\/pages"}],"about":[{"href":"http:\/\/www2.unifap.br\/atau\/wp-json\/wp\/v2\/types\/page"}],"author":[{"embeddable":true,"href":"http:\/\/www2.unifap.br\/atau\/wp-json\/wp\/v2\/users\/1333"}],"replies":[{"embeddable":true,"href":"http:\/\/www2.unifap.br\/atau\/wp-json\/wp\/v2\/comments?post=263"}],"version-history":[{"count":27,"href":"http:\/\/www2.unifap.br\/atau\/wp-json\/wp\/v2\/pages\/263\/revisions"}],"predecessor-version":[{"id":345,"href":"http:\/\/www2.unifap.br\/atau\/wp-json\/wp\/v2\/pages\/263\/revisions\/345"}],"wp:attachment":[{"href":"http:\/\/www2.unifap.br\/atau\/wp-json\/wp\/v2\/media?parent=263"}],"curies":[{"name":"wp","href":"https:\/\/api.w.org\/{rel}","templated":true}]}}