{"id":2253,"date":"2021-09-15T22:38:58","date_gmt":"2021-09-16T01:38:58","guid":{"rendered":"http:\/\/www2.unifap.br\/biblioteca\/?page_id=2253"},"modified":"2021-09-17T22:59:01","modified_gmt":"2021-09-18T01:59:01","slug":"acervo-digital","status":"publish","type":"page","link":"http:\/\/www2.unifap.br\/biblioteca\/servicos\/acervo-digital\/","title":{"rendered":"ACERVO DIGITAL"},"content":{"rendered":"<p>A Biblioteca Central em parceria com o N\u00facleo de Tecnologia da UNIFAP &#8211; NTI, desenvolveram uma plataforma onde a comunidade acad\u00eamica pode acessar de qualquer local v\u00e1rias fontes de informa\u00e7\u00e3o cient\u00edfica confi\u00e1veis que podem ser utilizadas nos estudos e pesquisas.&nbsp;<\/p>\n<p>O objetivo \u00e9 reunir plataformas digitais de artigos cient\u00edficos de acesso aberto como o Portal CAPES, Microsoft Academic e E-books como os da Dot.Lib. Assim como tamb\u00e9m divulgar o material digital que \u00e9 produzido na universidade como os Peri\u00f3dicos da UNIFAP e o Reposit\u00f3rio Institucional &#8211; RIUNIFAP.&nbsp;<\/p>\n<p>Para acessar a plataforma basta entrar na p\u00e1gina <a href=\"http:\/\/acervodigital.unifap.br\">acervodigital.unifap.br<\/a> depois entrar com suas credenciais do SIGAA de Usu\u00e1rio e Senha. Qualquer d\u00favida entrar em contato via bibliotecacentral@unifap.br ou acesse nossas redes sociais:&nbsp;<\/p>\n<p><a href=\"https:\/\/www.facebook.com\/bibliotecacentraldaunifap\"><img decoding=\"async\" class=\"wp-image-2257 alignleft\" src=\"http:\/\/www2.unifap.br\/biblioteca\/files\/2021\/09\/fb_icon_325x325.png\" alt=\"\" width=\"60\" height=\"60\" srcset=\"http:\/\/www2.unifap.br\/biblioteca\/files\/2021\/09\/fb_icon_325x325.png 325w, http:\/\/www2.unifap.br\/biblioteca\/files\/2021\/09\/fb_icon_325x325-300x300.png 300w, http:\/\/www2.unifap.br\/biblioteca\/files\/2021\/09\/fb_icon_325x325-150x150.png 150w\" sizes=\"(max-width: 60px) 100vw, 60px\" \/><\/a><a href=\"https:\/\/www.instagram.com\/bcunifap\/\"><img decoding=\"async\" class=\"wp-image-2254 alignleft\" src=\"http:\/\/www2.unifap.br\/biblioteca\/files\/2021\/09\/insta.jpeg\" alt=\"\" width=\"66\" height=\"66\" srcset=\"http:\/\/www2.unifap.br\/biblioteca\/files\/2021\/09\/insta.jpeg 400w, http:\/\/www2.unifap.br\/biblioteca\/files\/2021\/09\/insta-300x300.jpeg 300w, http:\/\/www2.unifap.br\/biblioteca\/files\/2021\/09\/insta-150x150.jpeg 150w\" sizes=\"(max-width: 66px) 100vw, 66px\" \/><\/a><\/p>\n<p>&nbsp;<\/p>\n<p>&nbsp;<\/p>\n<p>Primeiro passo: acessar o endere\u00e7o eletr\u00f4nico <a href=\"http:\/\/acervodigital.unifap.br\">acervodigital.unifap.br<\/a><\/p>\n<p><a href=\"http:\/\/www2.unifap.br\/biblioteca\/files\/2021\/09\/acervo1.png\"><img fetchpriority=\"high\" decoding=\"async\" class=\"aligncenter size-full wp-image-2258\" src=\"http:\/\/www2.unifap.br\/biblioteca\/files\/2021\/09\/acervo1.png\" alt=\"\" width=\"1134\" height=\"689\" srcset=\"http:\/\/www2.unifap.br\/biblioteca\/files\/2021\/09\/acervo1.png 1134w, http:\/\/www2.unifap.br\/biblioteca\/files\/2021\/09\/acervo1-300x182.png 300w, http:\/\/www2.unifap.br\/biblioteca\/files\/2021\/09\/acervo1-1024x622.png 1024w, http:\/\/www2.unifap.br\/biblioteca\/files\/2021\/09\/acervo1-768x467.png 768w\" sizes=\"(max-width: 1134px) 100vw, 1134px\" \/><\/a><\/p>\n<p>&nbsp;<\/p>\n<p>&nbsp;<\/p>\n<p>Segundo passo: entrar com as credenciais do SIGAA, Usu\u00e1rio e Senha.&nbsp;<\/p>\n<p><a href=\"http:\/\/www2.unifap.br\/biblioteca\/files\/2021\/09\/acervo2.png\"><img loading=\"lazy\" decoding=\"async\" class=\"aligncenter size-full wp-image-2259\" src=\"http:\/\/www2.unifap.br\/biblioteca\/files\/2021\/09\/acervo2.png\" alt=\"\" width=\"1266\" height=\"685\" srcset=\"http:\/\/www2.unifap.br\/biblioteca\/files\/2021\/09\/acervo2.png 1266w, http:\/\/www2.unifap.br\/biblioteca\/files\/2021\/09\/acervo2-300x162.png 300w, http:\/\/www2.unifap.br\/biblioteca\/files\/2021\/09\/acervo2-1024x554.png 1024w, http:\/\/www2.unifap.br\/biblioteca\/files\/2021\/09\/acervo2-768x416.png 768w\" sizes=\"(max-width: 1266px) 100vw, 1266px\" \/><\/a><\/p>\n<p style=\"text-align: left\">&nbsp;<\/p>\n","protected":false},"excerpt":{"rendered":"<p>A Biblioteca Central em parceria com o N\u00facleo de Tecnologia da UNIFAP &#8211; NTI, desenvolveram uma plataforma onde a comunidade acad\u00eamica pode acessar de qualquer local v\u00e1rias fontes de informa\u00e7\u00e3o cient\u00edfica confi\u00e1veis que podem ser utilizadas nos estudos e pesquisas.&nbsp; O objetivo \u00e9 reunir plataformas digitais de artigos cient\u00edficos de acesso aberto como o Portal&#8230;<\/p>\n","protected":false},"author":595,"featured_media":0,"parent":2122,"menu_order":0,"comment_status":"closed","ping_status":"closed","template":"","meta":{"inline_featured_image":false,"ngg_post_thumbnail":0,"footnotes":""},"class_list":["post-2253","page","type-page","status-publish","hentry","entry"],"_links":{"self":[{"href":"http:\/\/www2.unifap.br\/biblioteca\/wp-json\/wp\/v2\/pages\/2253","targetHints":{"allow":["GET"]}}],"collection":[{"href":"http:\/\/www2.unifap.br\/biblioteca\/wp-json\/wp\/v2\/pages"}],"about":[{"href":"http:\/\/www2.unifap.br\/biblioteca\/wp-json\/wp\/v2\/types\/page"}],"author":[{"embeddable":true,"href":"http:\/\/www2.unifap.br\/biblioteca\/wp-json\/wp\/v2\/users\/595"}],"replies":[{"embeddable":true,"href":"http:\/\/www2.unifap.br\/biblioteca\/wp-json\/wp\/v2\/comments?post=2253"}],"version-history":[{"count":3,"href":"http:\/\/www2.unifap.br\/biblioteca\/wp-json\/wp\/v2\/pages\/2253\/revisions"}],"predecessor-version":[{"id":2262,"href":"http:\/\/www2.unifap.br\/biblioteca\/wp-json\/wp\/v2\/pages\/2253\/revisions\/2262"}],"up":[{"embeddable":true,"href":"http:\/\/www2.unifap.br\/biblioteca\/wp-json\/wp\/v2\/pages\/2122"}],"wp:attachment":[{"href":"http:\/\/www2.unifap.br\/biblioteca\/wp-json\/wp\/v2\/media?parent=2253"}],"curies":[{"name":"wp","href":"https:\/\/api.w.org\/{rel}","templated":true}]}}