{"id":417,"date":"2014-03-26T18:30:38","date_gmt":"2014-03-26T21:30:38","guid":{"rendered":"http:\/\/www2.unifap.br\/biblioteca\/?page_id=417"},"modified":"2026-02-24T19:29:59","modified_gmt":"2026-02-24T22:29:59","slug":"diau","status":"publish","type":"page","link":"http:\/\/www2.unifap.br\/biblioteca\/institucional\/equipe\/diau\/","title":{"rendered":"DIAU"},"content":{"rendered":"\t\t<div data-elementor-type=\"wp-page\" data-elementor-id=\"417\" class=\"elementor elementor-417\">\n\t\t\t\t\t\t<section class=\"elementor-section elementor-top-section elementor-element elementor-element-2488813e elementor-section-boxed elementor-section-height-default elementor-section-height-default\" data-id=\"2488813e\" data-element_type=\"section\" data-e-type=\"section\">\n\t\t\t\t\t\t<div class=\"elementor-container elementor-column-gap-default\">\n\t\t\t\t\t<div class=\"elementor-column elementor-col-100 elementor-top-column elementor-element elementor-element-3ef9a7db\" data-id=\"3ef9a7db\" data-element_type=\"column\" data-e-type=\"column\">\n\t\t\t<div class=\"elementor-widget-wrap elementor-element-populated\">\n\t\t\t\t\t\t\t<\/div>\n\t\t<\/div>\n\t\t\t\t\t<\/div>\n\t\t<\/section>\n\t\t\t\t<section class=\"elementor-section elementor-top-section elementor-element elementor-element-b85829d elementor-section-boxed elementor-section-height-default elementor-section-height-default\" data-id=\"b85829d\" data-element_type=\"section\" data-e-type=\"section\">\n\t\t\t\t\t\t<div class=\"elementor-container elementor-column-gap-default\">\n\t\t\t\t\t<div class=\"elementor-column elementor-col-100 elementor-top-column elementor-element elementor-element-3c15fb6\" data-id=\"3c15fb6\" data-element_type=\"column\" data-e-type=\"column\">\n\t\t\t<div class=\"elementor-widget-wrap elementor-element-populated\">\n\t\t\t\t\t\t<div class=\"elementor-element elementor-element-af413f4 elementor-widget elementor-widget-text-editor\" data-id=\"af413f4\" data-element_type=\"widget\" data-e-type=\"widget\" data-widget_type=\"text-editor.default\">\n\t\t\t\t<div class=\"elementor-widget-container\">\n\t\t\t\t\t\t\t\t\t<p><b>DIVIS\u00c3O DE INFORMA\u00c7\u00c3O E AUX\u00cdLIO AO USU\u00c1RIO \u2013 DIAU &#8211; Contato: diau@unifap.br<\/b><br><b>Chefe<\/b>: Welliton Brasil.<br><b>Turno da manh\u00e3 (8h \u00e0s 14h)<\/b><br> Ana C\u00e9lia de Oliveira; Cristina Fernandes; Muller Monteiro; Welliton Brasil.<br><b>Turno da tarde (14h \u00e0s 20h)<\/b><br>Brendell Russo; Paulo Jorge de Jesus; Welliton Brasil.<br><b>Bolsistas: <\/b>Deyziane Matias; Paola de Moraes; Joane Correa; Raiol de Souza; Karla Raiol; Maily Costa.<\/p>\t\t\t\t\t\t\t\t<\/div>\n\t\t\t\t<\/div>\n\t\t\t\t\t<\/div>\n\t\t<\/div>\n\t\t\t\t\t<\/div>\n\t\t<\/section>\n\t\t\t\t<\/div>\n\t\t","protected":false},"excerpt":{"rendered":"<p>DIVIS\u00c3O DE INFORMA\u00c7\u00c3O E AUX\u00cdLIO AO USU\u00c1RIO \u2013 DIAU &#8211; Contato: diau@unifap.brChefe: Welliton Brasil.Turno da manh\u00e3 (8h \u00e0s 14h) Ana C\u00e9lia de Oliveira; Cristina Fernandes; Muller Monteiro; Welliton Brasil.Turno da tarde (14h \u00e0s 20h)Brendell Russo; Paulo Jorge de Jesus; Welliton Brasil.Bolsistas: Deyziane Matias; Paola de Moraes; Joane Correa; Raiol de Souza; Karla Raiol; Maily Costa.<\/p>\n","protected":false},"author":25,"featured_media":0,"parent":158,"menu_order":4,"comment_status":"closed","ping_status":"closed","template":"","meta":{"inline_featured_image":false,"ngg_post_thumbnail":0,"footnotes":""},"class_list":["post-417","page","type-page","status-publish","hentry","entry"],"_links":{"self":[{"href":"http:\/\/www2.unifap.br\/biblioteca\/wp-json\/wp\/v2\/pages\/417","targetHints":{"allow":["GET"]}}],"collection":[{"href":"http:\/\/www2.unifap.br\/biblioteca\/wp-json\/wp\/v2\/pages"}],"about":[{"href":"http:\/\/www2.unifap.br\/biblioteca\/wp-json\/wp\/v2\/types\/page"}],"author":[{"embeddable":true,"href":"http:\/\/www2.unifap.br\/biblioteca\/wp-json\/wp\/v2\/users\/25"}],"replies":[{"embeddable":true,"href":"http:\/\/www2.unifap.br\/biblioteca\/wp-json\/wp\/v2\/comments?post=417"}],"version-history":[{"count":74,"href":"http:\/\/www2.unifap.br\/biblioteca\/wp-json\/wp\/v2\/pages\/417\/revisions"}],"predecessor-version":[{"id":3220,"href":"http:\/\/www2.unifap.br\/biblioteca\/wp-json\/wp\/v2\/pages\/417\/revisions\/3220"}],"up":[{"embeddable":true,"href":"http:\/\/www2.unifap.br\/biblioteca\/wp-json\/wp\/v2\/pages\/158"}],"wp:attachment":[{"href":"http:\/\/www2.unifap.br\/biblioteca\/wp-json\/wp\/v2\/media?parent=417"}],"curies":[{"name":"wp","href":"https:\/\/api.w.org\/{rel}","templated":true}]}}