{"id":1104,"date":"2014-08-11T19:59:31","date_gmt":"2014-08-11T19:59:31","guid":{"rendered":"http:\/\/www2.unifap.br\/cambientais\/?page_id=1104"},"modified":"2014-08-11T20:05:18","modified_gmt":"2014-08-11T20:05:18","slug":"tcc-turma-2010","status":"publish","type":"page","link":"http:\/\/www2.unifap.br\/cambientais\/biblioteca-de-dissertacoes-e-teses\/tcc\/tcc-turma-2010\/","title":{"rendered":"TCC &#8211; Turma 2010"},"content":{"rendered":"<blockquote><p><span style=\"text-decoration: underline;color: #ff0000\"><em>Para visualizar ou fazer o download do trabalho, clique no t\u00edtulo.<\/em><\/span><\/p><\/blockquote>\n<p>DIONE SANTANA DE ALMEIDA e ISAIAS TAVARES DA COSTA:<em><span style=\"color: #3366ff\">\u00a0<a href=\"http:\/\/www2.unifap.br\/cambientais\/files\/2014\/08\/A-DRENAGEM-URBANA-DAS-\u00c1GUAS-PLUVIAS-E-SUA-RELA\u00c7\u00c3O-COM-O-MEIO-AMBIENTE-E-A-SA\u00daDE-P\u00daBLICA-NO-MUNIC\u00cdPIO-DE-SANTANA.pdf\"><span style=\"color: #3366ff\">A DRENAGEM URBANA DAS \u00c1GUAS PLUVIAS E SUA RELA\u00c7\u00c3O COM O MEIO AMBIENTE E A SA\u00daDE P\u00daBLICA NO MUNIC\u00cdPIO DE SANTANA<\/span><\/a><\/span><\/em><\/p>\n<p>MARIC\u00c9LIA MOREIRA DOS SANTOS:\u00a0<em><span style=\"color: #3366ff\"><a href=\"http:\/\/www2.unifap.br\/cambientais\/files\/2014\/08\/A-ESTABILIDADE-DAS-POL\u00cdTICAS-AMBIENTAIS-URBANAS-NO-AMAP\u00c1-\u2013-PER\u00cdODO-1995-2012-.pdf\"><span style=\"color: #3366ff\">A ESTABILIDADE DAS POL\u00cdTICAS AMBIENTAIS URBANAS NO AMAP\u00c1 \u2013 PER\u00cdODO 1995 &#8211; 2012<\/span><\/a><\/span><\/em><\/p>\n<p>LAIS DA ROCHA FERNANDES:\u00a0<em><span style=\"color: #3366ff\"><a href=\"http:\/\/www2.unifap.br\/cambientais\/files\/2014\/08\/A-FLORESTA-NACIONAL-DO-AMAP\u00c1-E-REGI\u00c3O-DO-ALTO-E-M\u00c9DIO-RIO-ARAGUARI-DO-CONFLITO-SOBRE-O-ACESSO-AOS-RECURSOS-NATURAIS-\u00c0-BUSCA-POR-UMA-ESTRAT\u00c9GIA-CONCILIADORA.pdf\"><span style=\"color: #3366ff\">A FLORESTA NACIONAL DO AMAP\u00c1 E REGI\u00c3O DO ALTO E M\u00c9DIO RIO ARAGUARI- DO CONFLITO SOBRE O ACESSO AOS RECURSOS NATURAIS \u00c0 BUSCA POR UMA ESTRAT\u00c9GIA CONCILIADORA<\/span><\/a><\/span><\/em><\/p>\n<p>ERICK MURILO SANTOS RIBEIRO e\u00a0ISRAEL DA SILVA DE SOUZA:\u00a0<em><span style=\"color: #3366ff\"><a href=\"http:\/\/www2.unifap.br\/cambientais\/files\/2014\/08\/A-HERPETOFAUNA-DA-REGI\u00c3O-SUDOESTE-DO-ESTADO-DO-AMAP\u00c1-PAR\u00c1-COMPOSI\u00c7\u00c3O-RIQUEZA-E-ESPECIALIDADES.pdf\"><span style=\"color: #3366ff\">A HERPETOFAUNA DA REGI\u00c3O SUDOESTE DO ESTADO DO AMAP\u00c1-PAR\u00c1- COMPOSI\u00c7\u00c3O, RIQUEZA E ESPECIALIDADES<\/span><\/a><\/span><\/em><\/p>\n<p>IVANIZE MARIA BARROS DOS SANTOS e\u00a0MARIA NILDA NUNES MONTES:\u00a0<em><span style=\"color: #3366ff\"><a href=\"http:\/\/www2.unifap.br\/cambientais\/files\/2014\/08\/AN\u00c1LISE-DA-DIN\u00c2MICA-DE-OCUPA\u00c7\u00c3O-NA-\u00c1REA-DE-PROTE\u00c7\u00c3O-AMBIENTAL-DA-FAZENDINHA-E-ENTORNO-ENTRE-OS-ANOS-DE-2003-E-2009-.pdf\"><span style=\"color: #3366ff\">AN\u00c1LISE DA DIN\u00c2MICA DE OCUPA\u00c7\u00c3O NA \u00c1REA DE PROTE\u00c7\u00c3O AMBIENTAL DA FAZENDINHA E ENTORNO ENTRE OS ANOS DE 2003 E 2009<\/span><\/a><\/span><\/em><\/p>\n<p>MIRLANE DO NASCIMENTO CARDOSO e LUCAS DE SOUSA LOPES:<em><span style=\"color: #3366ff\">\u00a0<a href=\"http:\/\/www2.unifap.br\/cambientais\/files\/2014\/08\/AN\u00c1LISE-DA-EFICI\u00caNCIA-EFIC\u00c1CIA-E-EFETIVIDADE-DA-ATUA\u00c7\u00c3O-DO-BATALH\u00c3O-AMBIENTAL-NO-SISTEMA-DE-FISCALIZA\u00c7\u00c3O-AMBIENTAL-DO-ESTADO-DO-AMAP\u00c1.pdf\"><span style=\"color: #3366ff\">AN\u00c1LISE DA EFICI\u00caNCIA, EFIC\u00c1CIA E EFETIVIDADE DA ATUA\u00c7\u00c3O DO BATALH\u00c3O AMBIENTAL NO SISTEMA DE FISCALIZA\u00c7\u00c3O AMBIENTAL DO ESTADO DO AMAP\u00c1<\/span><\/a><\/span><\/em><\/p>\n<p>AILTON DA SILVA RODRIGUES DA CUNHA e CHAILSON BASSINI SILVA DE LIMA: <em><span style=\"color: #3366ff\"><a href=\"http:\/\/www2.unifap.br\/cambientais\/files\/2014\/08\/AN\u00c1LISE-DA-FUN\u00c7\u00c3O-SOCIAL-DA-PROPRIEDADE-RURAL-NO-POLO-HORTIFRUTIGRANJEIRO-DA-FAZENDINHA.pdf\"><span style=\"color: #3366ff\">AN\u00c1LISE DA FUN\u00c7\u00c3O SOCIAL DA PROPRIEDADE RURAL NO POLO HORTIFRUTIGRANJEIRO DA FAZENDINHA<\/span><\/a><\/span><\/em><\/p>\n<p>JHONATA DA SILVA DA SILVEIRA:\u00a0<em><span style=\"color: #3366ff\"><a href=\"http:\/\/www2.unifap.br\/cambientais\/files\/2014\/08\/ASPECTOS-HIDROCLIMATOL\u00d3GICOS-DA-BACIA-DO-RIO-JARI-NO-PERIODO-DE-1968-A-2012.pdf\"><span style=\"color: #3366ff\">ASPECTOS HIDROCLIMATOL\u00d3GICOS DA BACIA DO RIO JARI NO PERIODO DE 1968 A 2012<\/span><\/a><\/span><\/em><\/p>\n<p>DANIELLE RODRIGUES MORAES e PAULA MOURA DOS SANTOS:\u00a0<em><span style=\"color: #3366ff\"><a href=\"http:\/\/www2.unifap.br\/cambientais\/files\/2014\/08\/AVALIA\u00c7\u00c3O-DO-GERENCIAMENTO-DOS-RES\u00cdDUOS-S\u00d3LIDOS-URBANOS-DO-MUNIC\u00cdPIO-DE-SANTANA-AP-E-IDENTIFICA\u00c7\u00c3O-DE-IMPACTOS-SOCIOAMBIENTAIS.pdf\"><span style=\"color: #3366ff\">AVALIA\u00c7\u00c3O DO GERENCIAMENTO DOS RES\u00cdDUOS S\u00d3LIDOS URBANOS DO MUNIC\u00cdPIO DE SANTANA-AP E IDENTIFICA\u00c7\u00c3O DE IMPACTOS SOCIOAMBIENTAIS<\/span><\/a><\/span><\/em><\/p>\n<p>IASMIN MISNA ROCHA DE SOUSA MARINHO e ISA GAMA DO NASCIMENTO:\u00a0<span style=\"color: #3366ff\"><em><a href=\"http:\/\/www2.unifap.br\/cambientais\/files\/2014\/08\/AVALIA\u00c7\u00c3O-DO-SANEAMENTO-URBANO-DE-MACAP\u00c1-ATRAV\u00c9S-DO-\u00cdNDICE-DE-QUALIDADE-DO-SANEAMENTO-AMBIENTAL.pdf\"><span style=\"color: #3366ff\">AVALIA\u00c7\u00c3O DO SANEAMENTO URBANO DE MACAP\u00c1 ATRAV\u00c9S DO \u00cdNDICE DE QUALIDADE DO SANEAMENTO AMBIENTAL<\/span><\/a> <a href=\"http:\/\/www2.unifap.br\/cambientais\/files\/2014\/08\/Anexos-TCC.pdf\"><span style=\"color: #3366ff\">Anexos TCC<\/span><\/a><\/em><\/span><\/p>\n<p>CRISTINETE MIRA NASCIMENTO DA SILVA:\u00a0<em><span style=\"color: #3366ff\"><a href=\"http:\/\/www2.unifap.br\/cambientais\/files\/2014\/08\/CONSUMO-DE-PROTE\u00cdNA-DE-ORIGEM-ANIMAL-EM-COMUNIDADES-DA-RESERVA-BIOL\u00d3GICA-DO-LAGO-PIRATUBA-\u2013-AMAP\u00c1-BRASIL-.pdf\"><span style=\"color: #3366ff\">CONSUMO DE PROTE\u00cdNA DE ORIGEM ANIMAL EM COMUNIDADES DA RESERVA BIOL\u00d3GICA DO LAGO PIRATUBA \u2013 AMAP\u00c1 &#8211; BRASIL<\/span><\/a><\/span><\/em><\/p>\n<p>GLEISE MARREIROS DE CARVALHO:<em><span style=\"color: #3366ff\">\u00a0<a href=\"http:\/\/www2.unifap.br\/cambientais\/files\/2014\/08\/CRESCIMENTO-URBANO-E-PERDA-DE-\u00c1REAS-VERDES-EM-MACAP\u00c1-RISCOS-E-POSSIBILIDADES-DE-PROTE\u00c7\u00c3O.pdf\"><span style=\"color: #3366ff\">CRESCIMENTO URBANO E PERDA DE \u00c1REAS VERDES EM MACAP\u00c1- RISCOS E POSSIBILIDADES DE PROTE\u00c7\u00c3O<\/span><\/a><\/span><\/em><\/p>\n<p>ARTHUR CARDOSO SILVA:\u00a0<em><span style=\"color: #3366ff\"><a href=\"http:\/\/www2.unifap.br\/cambientais\/files\/2014\/08\/MINERA\u00c7\u00c3O-E-UNIDADES-DE-CONSERVA\u00c7\u00c3O-NO-AMAP\u00c1-POSSIBILIDADES-E-RISCOS.pdf\"><span style=\"color: #3366ff\">MINERA\u00c7\u00c3O E UNIDADES DE CONSERVA\u00c7\u00c3O NO AMAP\u00c1 &#8211; POSSIBILIDADES E RISCOS<\/span><\/a><\/span><\/em><\/p>\n<p>SIMONE DO SOCORRO DE SOUZA CARVALHO: <em><span style=\"color: #3366ff\"><a href=\"http:\/\/www2.unifap.br\/cambientais\/files\/2014\/08\/OCORR\u00caNCIAS-E-IMPACTOS-SOCIOAMBIENTAIS-DO-CARAMUJO-AFRICANO-Achatina-fulica-Bowdich-1822-EM-\u00c1REA-URBANA-DE-MACAP\u00c1-ESTUDO-DE-CASO-DO-LOTEAMENTO-A\u00c7A\u00cd.pdf\"><span style=\"color: #3366ff\">OCORR\u00caNCIAS E IMPACTOS SOCIOAMBIENTAIS DO CARAMUJO AFRICANO -Achatina fulica Bowdich, 1822- EM \u00c1REA URBANA DE MACAP\u00c1- ESTUDO DE CASO DO LOTEAMENTO A\u00c7A\u00cd<\/span><\/a><\/span><\/em><\/p>\n<p>ANNE CAROLINE ALVES DA SILVA e LEILIANE PENAFORT DA SILVA:<em><span style=\"color: #3366ff\">\u00a0<a href=\"http:\/\/www2.unifap.br\/cambientais\/files\/2014\/08\/PARTICIPA\u00c7\u00c3O-POPULAR-NO-LICENCIAMENTO-AMBIENTAL-AS-AUDI\u00caNCIAS-P\u00daBLICAS-DO-APROVEITAMENTO-HIDREL\u00c9TRICO-FERREIRA-GOMES-\u2013-AP.pdf\"><span style=\"color: #3366ff\">PARTICIPA\u00c7\u00c3O POPULAR NO LICENCIAMENTO AMBIENTAL- AS AUDI\u00caNCIAS P\u00daBLICAS DO APROVEITAMENTO HIDREL\u00c9TRICO FERREIRA GOMES \u2013 AP<\/span><\/a><\/span><\/em><\/p>\n<p>JEAN RYCARTH GON\u00c7ALVES AMORIM:\u00a0<em><span style=\"color: #3366ff\"><a href=\"http:\/\/www2.unifap.br\/cambientais\/files\/2014\/08\/RELA\u00c7\u00c3O-ENTRE-VARI\u00c1VEIS-METEOROL\u00d3GICAS-E-DOEN\u00c7AS-RESPIRAT\u00d3RIAS-ASMA-E-BRONQUITE-EM-CRIAN\u00c7AS-NA-CIDADE-MACAP\u00c1-AP.pdf\"><span style=\"color: #3366ff\">RELA\u00c7\u00c3O ENTRE VARI\u00c1VEIS METEOROL\u00d3GICAS E DOEN\u00c7AS RESPIRAT\u00d3RIAS -ASMA E BRONQUITE- EM CRIAN\u00c7AS NA CIDADE MACAP\u00c1-AP<\/span><\/a><\/span><\/em><\/p>\n<p>FERNANDA GL\u00c1UCIA RAMOS TAVARES e HELOANY SUELEN PICAN\u00c7O TAVARES:\u00a0<em><span style=\"color: #3366ff\"><a href=\"http:\/\/www2.unifap.br\/cambientais\/files\/2014\/08\/RES\u00cdDUOS-S\u00d3LIDOS-DOMICILIARES-E-SEUS-IMPACTOS-SOCIOAMBIENTAIS-NA-\u00c1REA-URBANA-DE-MACAP\u00c1-AP-.pdf\"><span style=\"color: #3366ff\">RES\u00cdDUOS S\u00d3LIDOS DOMICILIARES E SEUS IMPACTOS SOCIOAMBIENTAIS NA \u00c1REA URBANA DE MACAP\u00c1-AP<\/span><\/a><\/span><\/em><\/p>\n<p>NAT\u00c1LIA DOS SANTOS DE OLIVEIRA:<span style=\"color: #3366ff\"><a href=\"http:\/\/www2.unifap.br\/cambientais\/files\/2014\/08\/SANEAMENTO-AMBIENTAL-NO-ESTADO-DO-AMAP\u00c1-E-A-OCORR\u00caNCIA-DE-DOEN\u00c7AS-parte-I.pdf\"><span style=\"color: #3366ff\">SANEAMENTO AMBIENTAL NO ESTADO DO AMAP\u00c1 E A OCORR\u00caNCIA DE DOEN\u00c7AS &#8211; parte I<\/span><\/a>\u00a0<a href=\"http:\/\/www2.unifap.br\/cambientais\/files\/2014\/08\/SANEAMENTO-AMBIENTAL-NO-ESTADO-DO-AMAP\u00c1-E-A-OCORR\u00caNCIA-DE-DOEN\u00c7AS-parte-II.pdf\"><span style=\"color: #3366ff\">parte II<\/span><\/a><\/span><\/p>\n<p>JACKLINNE MATTA CORR\u00caA e\u00a0SIMONE DIAS FERREIRA:\u00a0<em><span style=\"color: #3366ff\"><a href=\"http:\/\/www2.unifap.br\/cambientais\/files\/2014\/08\/VALORA\u00c7\u00c3O-AMBIENTAL-PROPOSI\u00c7\u00c3O-DO-M\u00c9TODO-DE-VALORA\u00c7\u00c3O.pdf\"><span style=\"color: #3366ff\">VALORA\u00c7\u00c3O AMBIENTAL- PROPOSI\u00c7\u00c3O DO M\u00c9TODO DE VALORA\u00c7\u00c3O<\/span><\/a><\/span><\/em><\/p>\n","protected":false},"excerpt":{"rendered":"<p>Para visualizar ou fazer o download do trabalho, clique no t\u00edtulo. DIONE SANTANA DE ALMEIDA e ISAIAS TAVARES DA COSTA:\u00a0A DRENAGEM URBANA DAS \u00c1GUAS PLUVIAS E SUA RELA\u00c7\u00c3O COM O MEIO AMBIENTE E A SA\u00daDE P\u00daBLICA NO MUNIC\u00cdPIO DE SANTANA MARIC\u00c9LIA MOREIRA DOS SANTOS:\u00a0A ESTABILIDADE DAS POL\u00cdTICAS AMBIENTAIS URBANAS NO \u2026 <a class=\"continue-reading-link\" href=\"http:\/\/www2.unifap.br\/cambientais\/biblioteca-de-dissertacoes-e-teses\/tcc\/tcc-turma-2010\/\"> Continue Lendo <span class=\"meta-nav\">&rarr; <\/span><\/a><\/p>\n","protected":false},"author":309,"featured_media":0,"parent":503,"menu_order":0,"comment_status":"open","ping_status":"closed","template":"","meta":{"inline_featured_image":false,"ngg_post_thumbnail":0,"footnotes":""},"class_list":["post-1104","page","type-page","status-publish","hentry"],"_links":{"self":[{"href":"http:\/\/www2.unifap.br\/cambientais\/wp-json\/wp\/v2\/pages\/1104","targetHints":{"allow":["GET"]}}],"collection":[{"href":"http:\/\/www2.unifap.br\/cambientais\/wp-json\/wp\/v2\/pages"}],"about":[{"href":"http:\/\/www2.unifap.br\/cambientais\/wp-json\/wp\/v2\/types\/page"}],"author":[{"embeddable":true,"href":"http:\/\/www2.unifap.br\/cambientais\/wp-json\/wp\/v2\/users\/309"}],"replies":[{"embeddable":true,"href":"http:\/\/www2.unifap.br\/cambientais\/wp-json\/wp\/v2\/comments?post=1104"}],"version-history":[{"count":5,"href":"http:\/\/www2.unifap.br\/cambientais\/wp-json\/wp\/v2\/pages\/1104\/revisions"}],"predecessor-version":[{"id":1131,"href":"http:\/\/www2.unifap.br\/cambientais\/wp-json\/wp\/v2\/pages\/1104\/revisions\/1131"}],"up":[{"embeddable":true,"href":"http:\/\/www2.unifap.br\/cambientais\/wp-json\/wp\/v2\/pages\/503"}],"wp:attachment":[{"href":"http:\/\/www2.unifap.br\/cambientais\/wp-json\/wp\/v2\/media?parent=1104"}],"curies":[{"name":"wp","href":"https:\/\/api.w.org\/{rel}","templated":true}]}}