{"id":3003,"date":"2023-03-29T02:34:53","date_gmt":"2023-03-29T02:34:53","guid":{"rendered":"https:\/\/www2.unifap.br\/cambientais\/?page_id=3003"},"modified":"2023-03-29T02:37:01","modified_gmt":"2023-03-29T02:37:01","slug":"projetos","status":"publish","type":"page","link":"http:\/\/www2.unifap.br\/cambientais\/projetos\/","title":{"rendered":"Projetos"},"content":{"rendered":"\t\t<div data-elementor-type=\"wp-page\" data-elementor-id=\"3003\" class=\"elementor elementor-3003\">\n\t\t\t\t\t\t<section class=\"elementor-section elementor-top-section elementor-element elementor-element-1b851a4 elementor-section-boxed elementor-section-height-default elementor-section-height-default\" data-id=\"1b851a4\" data-element_type=\"section\" data-e-type=\"section\">\n\t\t\t\t\t\t<div class=\"elementor-container elementor-column-gap-default\">\n\t\t\t\t\t<div class=\"elementor-column elementor-col-100 elementor-top-column elementor-element elementor-element-5afbb70\" data-id=\"5afbb70\" data-element_type=\"column\" data-e-type=\"column\">\n\t\t\t<div class=\"elementor-widget-wrap elementor-element-populated\">\n\t\t\t\t\t\t<div class=\"elementor-element elementor-element-b9f1f01 elementor-widget elementor-widget-text-editor\" data-id=\"b9f1f01\" data-element_type=\"widget\" data-e-type=\"widget\" data-widget_type=\"text-editor.default\">\n\t\t\t\t<div class=\"elementor-widget-container\">\n\t\t\t\t\t\t\t\t\t<p><span style=\"color: #000000\">O curso de Bacharelado em Ci\u00eancias Ambientais entende que as pol\u00edticas de pesquisa dentro da UNIFAP t\u00eam por finalidade a consolida\u00e7\u00e3o de uma cultura de pesquisa na institui\u00e7\u00e3o, buscando a sua integraliza\u00e7\u00e3o por meio:<\/span><\/p><ol><li><span style=\"color: #000000\">Do incentivo e apoio \u00e0 cria\u00e7\u00e3o ou fortalecimento de grupos, n\u00facleos, laborat\u00f3rios e centros de pesquisa;<\/span><\/li><li><span style=\"color: #000000\">Do est\u00edmulo \u00e0 amplia\u00e7\u00e3o de atividades de inicia\u00e7\u00e3o cient\u00edfica junto aos alunos de gradua\u00e7\u00e3o;<\/span><\/li><li><span style=\"color: #000000\">Da valoriza\u00e7\u00e3o dos projetos transversais, visando \u00e0 forma\u00e7\u00e3o interdisciplinar dos alunos do curso de Bacharelado em Ci\u00eancias Ambientais.<\/span><\/li><li><span style=\"color: #000000\">Da orienta\u00e7\u00e3o e desenvolvimento dos Trabalhos de Conclus\u00e3o de Curso (TCC);<\/span><\/li><li><span style=\"color: #000000\">Do incentivo \u00e0 divulga\u00e7\u00e3o cient\u00edfica por meio da apresenta\u00e7\u00e3o de trabalhos cient\u00edficos em eventos nacionais e internacionais, divulga\u00e7\u00e3o de relat\u00f3rios de pesquisas desenvolvidas e pela publica\u00e7\u00e3o em revistas cient\u00edficas de alto impacto;<\/span><\/li><li><span style=\"color: #000000\">Da constante busca pela indissociabilidade da tr\u00edada Ensino-Pesquisa-Extens\u00e3o.<\/span><\/li><\/ol><p><span style=\"color: #000000\">No link abaixo \u00e9 poss\u00edvel consultar os projetos de pesquisas coordenados e\/ou em colabora\u00e7\u00e3o por\u00a0docentes vinculados (as) ao curso de Ci\u00eancias Ambientais:<\/span><\/p><p><span style=\"color: #0000ff\"><strong><a style=\"color: #0000ff\" href=\"https:\/\/sigaa.unifap.br\/sigaa\/public\/pesquisa\/consulta_projetos.jsf?aba=p-pesquisa\">https:\/\/sigaa.unifap.br\/sigaa\/public\/pesquisa\/consulta_projetos.jsf?aba=p-pesquisa<\/a><\/strong><\/span><\/p>\t\t\t\t\t\t\t\t<\/div>\n\t\t\t\t<\/div>\n\t\t\t\t\t<\/div>\n\t\t<\/div>\n\t\t\t\t\t<\/div>\n\t\t<\/section>\n\t\t\t\t<section class=\"elementor-section elementor-top-section elementor-element elementor-element-2496a40 elementor-section-boxed elementor-section-height-default elementor-section-height-default\" data-id=\"2496a40\" data-element_type=\"section\" data-e-type=\"section\">\n\t\t\t\t\t\t<div class=\"elementor-container elementor-column-gap-default\">\n\t\t\t\t\t<div class=\"elementor-column elementor-col-100 elementor-top-column elementor-element elementor-element-d79c080\" data-id=\"d79c080\" data-element_type=\"column\" data-e-type=\"column\">\n\t\t\t<div class=\"elementor-widget-wrap elementor-element-populated\">\n\t\t\t\t\t\t<div class=\"elementor-element elementor-element-1a46ebe elementor-widget-divider--view-line elementor-widget elementor-widget-divider\" data-id=\"1a46ebe\" data-element_type=\"widget\" data-e-type=\"widget\" data-widget_type=\"divider.default\">\n\t\t\t\t<div class=\"elementor-widget-container\">\n\t\t\t\t\t\t\t<div class=\"elementor-divider\">\n\t\t\t<span class=\"elementor-divider-separator\">\n\t\t\t\t\t\t<\/span>\n\t\t<\/div>\n\t\t\t\t\t\t<\/div>\n\t\t\t\t<\/div>\n\t\t\t\t\t<\/div>\n\t\t<\/div>\n\t\t\t\t\t<\/div>\n\t\t<\/section>\n\t\t\t\t<section class=\"elementor-section elementor-top-section elementor-element elementor-element-bd8ac3c elementor-section-boxed elementor-section-height-default elementor-section-height-default\" data-id=\"bd8ac3c\" data-element_type=\"section\" data-e-type=\"section\">\n\t\t\t\t\t\t<div class=\"elementor-container elementor-column-gap-default\">\n\t\t\t\t\t<div class=\"elementor-column elementor-col-100 elementor-top-column elementor-element elementor-element-31c51b2\" data-id=\"31c51b2\" data-element_type=\"column\" data-e-type=\"column\">\n\t\t\t<div class=\"elementor-widget-wrap elementor-element-populated\">\n\t\t\t\t\t\t<div class=\"elementor-element elementor-element-116efcd elementor-button-info elementor-widget elementor-widget-button\" data-id=\"116efcd\" data-element_type=\"widget\" data-e-type=\"widget\" data-widget_type=\"button.default\">\n\t\t\t\t<div class=\"elementor-widget-container\">\n\t\t\t\t\t\t\t\t\t<div class=\"elementor-button-wrapper\">\n\t\t\t\t\t<a class=\"elementor-button elementor-button-link elementor-size-sm\" href=\"https:\/\/www2.unifap.br\/cambientais\/\">\n\t\t\t\t\t\t<span class=\"elementor-button-content-wrapper\">\n\t\t\t\t\t\t<span class=\"elementor-button-icon\">\n\t\t\t\t<i aria-hidden=\"true\" class=\"fas fa-home\"><\/i>\t\t\t<\/span>\n\t\t\t\t\t\t\t\t\t<span class=\"elementor-button-text\">In\u00edcio<\/span>\n\t\t\t\t\t<\/span>\n\t\t\t\t\t<\/a>\n\t\t\t\t<\/div>\n\t\t\t\t\t\t\t\t<\/div>\n\t\t\t\t<\/div>\n\t\t\t\t\t<\/div>\n\t\t<\/div>\n\t\t\t\t\t<\/div>\n\t\t<\/section>\n\t\t\t\t<\/div>\n\t\t","protected":false},"excerpt":{"rendered":"<p>O curso de Bacharelado em Ci\u00eancias Ambientais entende que as pol\u00edticas de pesquisa dentro da UNIFAP t\u00eam por finalidade a consolida\u00e7\u00e3o de uma cultura de pesquisa na institui\u00e7\u00e3o, buscando a sua integraliza\u00e7\u00e3o por meio: Do incentivo e apoio \u00e0 cria\u00e7\u00e3o ou fortalecimento de grupos, n\u00facleos, laborat\u00f3rios e centros de pesquisa; \u2026 <a class=\"continue-reading-link\" href=\"http:\/\/www2.unifap.br\/cambientais\/projetos\/\"> Continue Lendo <span class=\"meta-nav\">&rarr; <\/span><\/a><\/p>\n","protected":false},"author":3976,"featured_media":0,"parent":0,"menu_order":0,"comment_status":"closed","ping_status":"closed","template":"","meta":{"inline_featured_image":false,"ngg_post_thumbnail":0,"footnotes":""},"class_list":["post-3003","page","type-page","status-publish","hentry"],"_links":{"self":[{"href":"http:\/\/www2.unifap.br\/cambientais\/wp-json\/wp\/v2\/pages\/3003","targetHints":{"allow":["GET"]}}],"collection":[{"href":"http:\/\/www2.unifap.br\/cambientais\/wp-json\/wp\/v2\/pages"}],"about":[{"href":"http:\/\/www2.unifap.br\/cambientais\/wp-json\/wp\/v2\/types\/page"}],"author":[{"embeddable":true,"href":"http:\/\/www2.unifap.br\/cambientais\/wp-json\/wp\/v2\/users\/3976"}],"replies":[{"embeddable":true,"href":"http:\/\/www2.unifap.br\/cambientais\/wp-json\/wp\/v2\/comments?post=3003"}],"version-history":[{"count":5,"href":"http:\/\/www2.unifap.br\/cambientais\/wp-json\/wp\/v2\/pages\/3003\/revisions"}],"predecessor-version":[{"id":3008,"href":"http:\/\/www2.unifap.br\/cambientais\/wp-json\/wp\/v2\/pages\/3003\/revisions\/3008"}],"wp:attachment":[{"href":"http:\/\/www2.unifap.br\/cambientais\/wp-json\/wp\/v2\/media?parent=3003"}],"curies":[{"name":"wp","href":"https:\/\/api.w.org\/{rel}","templated":true}]}}