{"id":24,"date":"2013-11-22T01:36:54","date_gmt":"2013-11-22T01:36:54","guid":{"rendered":"http:\/\/www2.unifap.br\/ccomputacao\/?page_id=24"},"modified":"2022-11-07T17:09:15","modified_gmt":"2022-11-07T17:09:15","slug":"nucleo-docente-estruturante","status":"publish","type":"page","link":"http:\/\/www2.unifap.br\/ccomputacao\/organizacao-do-curso\/nucleo-docente-estruturante\/","title":{"rendered":"N\u00facleo Docente Estruturante"},"content":{"rendered":"<h1>N\u00facleo Docente Estruturante<\/h1>\n<p>O N\u00facleo Docente Estruturante \u2013 NDE de um curso de gradua\u00e7\u00e3o constitui-se de um grupo de docentes, com atribui\u00e7\u00f5es acad\u00eamicas de acompanhamento, atuante no processo de concep\u00e7\u00e3o, consolida\u00e7\u00e3o e cont\u00ednua atualiza\u00e7\u00e3o do projeto pedag\u00f3gico do curso. S\u00e3o atribui\u00e7\u00f5es do N\u00facleo Docente Estruturante, entre outras:<\/p>\n<ol>\n<li>Contribuir para a consolida\u00e7\u00e3o do perfil profissional do egresso do curso;<\/li>\n<li>Zelar pela integra\u00e7\u00e3o curricular interdisciplinar entre as diferentes atividades de ensino constantes no curr\u00edculo;<\/li>\n<li>Indicar formas de incentivo ao desenvolvimento de linhas de pesquisa e extens\u00e3o, oriundas de necessidades da gradua\u00e7\u00e3o, de exig\u00eancias do mercado de trabalho e afinadas com as pol\u00edticas p\u00fablicas relativas \u00e0 \u00e1rea de conhecimento do curso;<\/li>\n<li>Zelar pelo cumprimento das Diretrizes Curriculares Nacionais para os cursos de Gradua\u00e7\u00e3o.<\/li>\n<\/ol>\n<p>Membros do N\u00facleo Docente Estruturante &#8211; NDE do curso de Ci\u00eancia da Computa\u00e7\u00e3o (Portaria N\u00ba 0053\/2022):<\/p>\n<ul>\n<li>Prof. Me. Marco Antonio Leal da Silva<\/li>\n<li>Prof. Dr. Jos\u00e9 Walter C\u00e1rdenas S\u00f3til<\/li>\n<li>Prof. Dr. Julio Cezar Costa Furtado<\/li>\n<li>Prof. Me. Cl\u00e1udio Rog\u00e9rio Gomes da Silva<\/li>\n<li>Prof\u00aa. Dr\u00aa. Patr\u00edcia Araujo de Oliveira<\/li>\n<\/ul>\n<hr>\n<p><a href=\"https:\/\/www2.unifap.br\/ccomputacao\/files\/2022\/11\/protaria-NDE-computacao.pdf\">Portaria<\/a><\/p>\n<p><a href=\"https:\/\/www2.unifap.br\/ccomputacao\/files\/2017\/09\/Resolu\u00e7\u00e3odoNDE.pdf\" target=\"_blank\" rel=\"noopener noreferrer\">Clique aqui para baixar a resolu\u00e7\u00e3o do NDE<\/a><\/p>\n<p><a title=\"NDE\" href=\"https:\/\/www2.unifap.br\/ccomputacao\/organizacao-do-curso\/atas\/nde\/\">Atas de reuni\u00e3o do NDE<\/a><\/p>\n","protected":false},"excerpt":{"rendered":"<p>N\u00facleo Docente Estruturante O N\u00facleo Docente Estruturante \u2013 NDE de um curso de gradua\u00e7\u00e3o constitui-se de um grupo de docentes, com atribui\u00e7\u00f5es acad\u00eamicas de acompanhamento, atuante no processo de concep\u00e7\u00e3o, consolida\u00e7\u00e3o e cont\u00ednua atualiza\u00e7\u00e3o do projeto pedag\u00f3gico do curso. S\u00e3o atribui\u00e7\u00f5es do N\u00facleo Docente Estruturante, entre outras: Contribuir para a consolida\u00e7\u00e3o do perfil profissional do&#8230;<\/p>\n","protected":false},"author":352,"featured_media":0,"parent":7,"menu_order":0,"comment_status":"closed","ping_status":"closed","template":"","meta":{"inline_featured_image":false,"ngg_post_thumbnail":0,"footnotes":""},"class_list":["post-24","page","type-page","status-publish","hentry","entry"],"_links":{"self":[{"href":"http:\/\/www2.unifap.br\/ccomputacao\/wp-json\/wp\/v2\/pages\/24","targetHints":{"allow":["GET"]}}],"collection":[{"href":"http:\/\/www2.unifap.br\/ccomputacao\/wp-json\/wp\/v2\/pages"}],"about":[{"href":"http:\/\/www2.unifap.br\/ccomputacao\/wp-json\/wp\/v2\/types\/page"}],"author":[{"embeddable":true,"href":"http:\/\/www2.unifap.br\/ccomputacao\/wp-json\/wp\/v2\/users\/352"}],"replies":[{"embeddable":true,"href":"http:\/\/www2.unifap.br\/ccomputacao\/wp-json\/wp\/v2\/comments?post=24"}],"version-history":[{"count":28,"href":"http:\/\/www2.unifap.br\/ccomputacao\/wp-json\/wp\/v2\/pages\/24\/revisions"}],"predecessor-version":[{"id":3600,"href":"http:\/\/www2.unifap.br\/ccomputacao\/wp-json\/wp\/v2\/pages\/24\/revisions\/3600"}],"up":[{"embeddable":true,"href":"http:\/\/www2.unifap.br\/ccomputacao\/wp-json\/wp\/v2\/pages\/7"}],"wp:attachment":[{"href":"http:\/\/www2.unifap.br\/ccomputacao\/wp-json\/wp\/v2\/media?parent=24"}],"curies":[{"name":"wp","href":"https:\/\/api.w.org\/{rel}","templated":true}]}}