{"id":26,"date":"2013-11-22T01:37:33","date_gmt":"2013-11-22T01:37:33","guid":{"rendered":"http:\/\/www2.unifap.br\/ccomputacao\/?page_id=26"},"modified":"2020-02-11T15:41:05","modified_gmt":"2020-02-11T15:41:05","slug":"concepcao-do-curso","status":"publish","type":"page","link":"http:\/\/www2.unifap.br\/ccomputacao\/apresentacao-do-curso-2\/concepcao-do-curso\/","title":{"rendered":"Concep\u00e7\u00e3o do Curso"},"content":{"rendered":"<h1>Concep\u00e7\u00e3o do Curso<\/h1>\n<p>O Curso de Ci\u00eancia da Computa\u00e7\u00e3o da Universidade Federal do Amap\u00e1 nasce com a inten\u00e7\u00e3o de diminuir uma demanda social inerente ao estado que \u00e9 a de sanar uma lacuna tecnol\u00f3gica existente. Atualmente, o estado do Amap\u00e1 \u00e9 o \u00fanico estado brasileiro que n\u00e3o oferece em seu cat\u00e1logo de universidades p\u00fablicas nenhum curso na \u00e1rea de tecnologia da informa\u00e7\u00e3o e comunica\u00e7\u00e3o (TIC). Al\u00e9m disso, a necessidade de profissionais nesta \u00e1rea \u00e9 uma realidade que cresce a cada dia, demonstrada pelos planos de metas que envolvem o estado do Amap\u00e1 para os pr\u00f3ximos anos.<\/p>\n<p>V\u00e1rias faculdades particulares locais tentam sanar a necessidade de profissionais em inform\u00e1tica formando a cada ano profissionais em cursos como Bacharelado em Sistemas de Informa\u00e7\u00e3o; Tecnologia em Redes de Computadores; e Tecnologia de Sistemas para Internet, e grande parte desses profissionais s\u00e3o automaticamente absorvidos pelo mercado de trabalho amapaense. Apesar disso, a forma\u00e7\u00e3o dos egressos \u00e9 limitada e n\u00e3o oferece ao Amap\u00e1 a possibiliade de atender as demandas de especializa\u00e7\u00e3o t\u00e9cnica para o crescimento tecnol\u00f3gico de um estado em pleno desenvolvimento.<\/p>\n<p>O governo federal em seu plano de metas e desenvolvimento coloca o estado do Amap\u00e1 como um receptor de grandes mudan\u00e7as em rela\u00e7\u00e3o \u00e0s novas tecnologias. Nos pr\u00f3ximos o Amap\u00e1 receber\u00e1 uma conex\u00e3o de fibra-\u00f3tica que cruzar\u00e1 o estado fruto de negocia\u00e7\u00f5es entre empresas privadas do munic\u00edpio de Macap\u00e1 e o territ\u00f3rio franc\u00eas; al\u00e9m disso, nos pr\u00f3ximos cinco anos, \u00e9 esperado que, com a liga\u00e7\u00e3o do linh\u00e3o de alta tens\u00e3o entre Tucuru\u00ed e Macap\u00e1 o setor produtivo do estado consiga alavancar um grande n\u00famero de neg\u00f3cios, pois al\u00e9m do aumento da capacidade produtiva de energia el\u00e9trica com a constru\u00e7\u00e3o das duas novas hidroel\u00e9tricas no estado o Amap\u00e1 poder\u00e1 passar a exportar energia el\u00e9trica ao resto do Brasil.<\/p>\n<p>\u00c9 nesse cen\u00e1rio motivador para o desenvolvimento da \u00e1rea de inform\u00e1tica que o curso de ci\u00eancia da computa\u00e7\u00e3o da UNIFAP d\u00e1 seus primeiros passos. Entre projetos locais do governo do estado como: nota fiscal eletr\u00f4nica, o portal transpar\u00eancia p\u00fablica, a vinda do linh\u00e3o de alta tens\u00e3o com a interliga\u00e7\u00e3o atrav\u00e9s de fibra-\u00f3tica com o restante do pa\u00eds e a implanta\u00e7\u00e3o maci\u00e7a de empresas de telecomunica\u00e7\u00e3o, al\u00e9m do com\u00e9rcio local e empresas de grande porte que exercem projetos no estado do Amap\u00e1. \u00c9 neste novo momento de investimentos p\u00fablicos e privados que a necessidade de novos profissionais na \u00e1rea de computa\u00e7\u00e3o que a UNIFAP procura oferecer ao estado o curso de ci\u00eancia da computa\u00e7\u00e3o<\/p>\n<p>&nbsp;<\/p>\n","protected":false},"excerpt":{"rendered":"<p>Concep\u00e7\u00e3o do Curso O Curso de Ci\u00eancia da Computa\u00e7\u00e3o da Universidade Federal do Amap\u00e1 nasce com a inten\u00e7\u00e3o de diminuir uma demanda social inerente ao estado que \u00e9 a de sanar uma lacuna tecnol\u00f3gica existente. Atualmente, o estado do Amap\u00e1 \u00e9 o \u00fanico estado brasileiro que n\u00e3o oferece em seu cat\u00e1logo de universidades p\u00fablicas nenhum&#8230;<\/p>\n","protected":false},"author":352,"featured_media":0,"parent":512,"menu_order":1,"comment_status":"closed","ping_status":"closed","template":"","meta":{"inline_featured_image":false,"ngg_post_thumbnail":0,"footnotes":""},"class_list":["post-26","page","type-page","status-publish","hentry","entry"],"_links":{"self":[{"href":"http:\/\/www2.unifap.br\/ccomputacao\/wp-json\/wp\/v2\/pages\/26","targetHints":{"allow":["GET"]}}],"collection":[{"href":"http:\/\/www2.unifap.br\/ccomputacao\/wp-json\/wp\/v2\/pages"}],"about":[{"href":"http:\/\/www2.unifap.br\/ccomputacao\/wp-json\/wp\/v2\/types\/page"}],"author":[{"embeddable":true,"href":"http:\/\/www2.unifap.br\/ccomputacao\/wp-json\/wp\/v2\/users\/352"}],"replies":[{"embeddable":true,"href":"http:\/\/www2.unifap.br\/ccomputacao\/wp-json\/wp\/v2\/comments?post=26"}],"version-history":[{"count":6,"href":"http:\/\/www2.unifap.br\/ccomputacao\/wp-json\/wp\/v2\/pages\/26\/revisions"}],"predecessor-version":[{"id":2450,"href":"http:\/\/www2.unifap.br\/ccomputacao\/wp-json\/wp\/v2\/pages\/26\/revisions\/2450"}],"up":[{"embeddable":true,"href":"http:\/\/www2.unifap.br\/ccomputacao\/wp-json\/wp\/v2\/pages\/512"}],"wp:attachment":[{"href":"http:\/\/www2.unifap.br\/ccomputacao\/wp-json\/wp\/v2\/media?parent=26"}],"curies":[{"name":"wp","href":"https:\/\/api.w.org\/{rel}","templated":true}]}}