{"id":105,"date":"2015-05-22T13:19:09","date_gmt":"2015-05-22T13:19:09","guid":{"rendered":"http:\/\/www2.unifap.br\/ceua\/?page_id=105"},"modified":"2023-04-19T18:44:16","modified_gmt":"2023-04-19T18:44:16","slug":"atencao-aviso-importante","status":"publish","type":"page","link":"http:\/\/www2.unifap.br\/ceua\/atencao-aviso-importante\/","title":{"rendered":"Aten\u00e7\u00e3o: aviso importante"},"content":{"rendered":"<p>A CEUA-UNIFAP \u00a0alerta aos pesquisadores\/docentes que:<\/p>\n<p>** Obrigatoriedade da participa\u00e7\u00e3o de M\u00e9dico Veterin\u00e1rio no projeto de pesquisa e\/ou como supervisor das pr\u00e1ticas laboratoriais envolvendo experimenta\u00e7\u00e3o animal.<\/p>\n<p>a) Os protocolos (projetos) de pesquisa ou planos de aula dever\u00e3o ser submetidos \u00e0 CEUA-UNIFAP \u00a0com, pelo menos, 60 a 90 dias letivos antes do in\u00edcio previsto para sua execu\u00e7\u00e3o;<\/p>\n<p>b) Os pesquisadores\/docentes dever\u00e3o atentar para os modelos de formul\u00e1rios para encaminhamento dos protocolos (projetos) ou plano de aula;<\/p>\n<p>c) A CEUA-UNIFAP solicita a especial aten\u00e7\u00e3o para o preenchimento do formul\u00e1rio que dever\u00e1 conter todas\u00a0as informa\u00e7\u00f5es\u00a0devidamente descritas em seu corpo;<\/p>\n<p>d) Ao t\u00e9rmino da execu\u00e7\u00e3o do protocolo (projeto) de pesquisa ou aula, dever\u00e1 ser enviado \u00e0 CEUA-UNIFAP um relat\u00f3rio das atividades executadas no prazo de 30 dias. O nao envio acarretara o impedimento para avalia\u00e7\u00e3o de novos projetos do Coordenador.<\/p>\n<p>E importante salientar que a CEUA-UNIFAP presta conta a CONCEA de todas as suas atividades, principalmente as relacionadas aos protocolos de pesquisas avaliados e aprovados.<\/p>\n<p>&nbsp;<\/p>\n<p>&nbsp;<\/p>\n","protected":false},"excerpt":{"rendered":"<p>A CEUA-UNIFAP \u00a0alerta aos pesquisadores\/docentes que: ** Obrigatoriedade da participa\u00e7\u00e3o de M\u00e9dico Veterin\u00e1rio no projeto de pesquisa e\/ou como supervisor das pr\u00e1ticas laboratoriais envolvendo experimenta\u00e7\u00e3o animal. a) Os protocolos (projetos) de pesquisa ou planos de aula dever\u00e3o ser submetidos \u00e0&hellip; <\/p>\n<p><a href=\"http:\/\/www2.unifap.br\/ceua\/atencao-aviso-importante\/\" class=\"readmore-button\">Continue Reading<\/a><\/p>\n","protected":false},"author":112,"featured_media":0,"parent":0,"menu_order":0,"comment_status":"open","ping_status":"open","template":"","meta":{"inline_featured_image":false,"ngg_post_thumbnail":0,"footnotes":""},"class_list":["post-105","page","type-page","status-publish","hentry"],"_links":{"self":[{"href":"http:\/\/www2.unifap.br\/ceua\/wp-json\/wp\/v2\/pages\/105","targetHints":{"allow":["GET"]}}],"collection":[{"href":"http:\/\/www2.unifap.br\/ceua\/wp-json\/wp\/v2\/pages"}],"about":[{"href":"http:\/\/www2.unifap.br\/ceua\/wp-json\/wp\/v2\/types\/page"}],"author":[{"embeddable":true,"href":"http:\/\/www2.unifap.br\/ceua\/wp-json\/wp\/v2\/users\/112"}],"replies":[{"embeddable":true,"href":"http:\/\/www2.unifap.br\/ceua\/wp-json\/wp\/v2\/comments?post=105"}],"version-history":[{"count":3,"href":"http:\/\/www2.unifap.br\/ceua\/wp-json\/wp\/v2\/pages\/105\/revisions"}],"predecessor-version":[{"id":188,"href":"http:\/\/www2.unifap.br\/ceua\/wp-json\/wp\/v2\/pages\/105\/revisions\/188"}],"wp:attachment":[{"href":"http:\/\/www2.unifap.br\/ceua\/wp-json\/wp\/v2\/media?parent=105"}],"curies":[{"name":"wp","href":"https:\/\/api.w.org\/{rel}","templated":true}]}}