{"id":14,"date":"2014-12-10T14:52:57","date_gmt":"2014-12-10T14:52:57","guid":{"rendered":"http:\/\/www2.unifap.br\/ceua\/?page_id=14"},"modified":"2019-02-18T13:12:29","modified_gmt":"2019-02-18T13:12:29","slug":"membros-do-ceua-unifap","status":"publish","type":"page","link":"http:\/\/www2.unifap.br\/ceua\/membros-do-ceua-unifap\/","title":{"rendered":"Membros do CEUA-UNIFAP"},"content":{"rendered":"<p><b>Jos\u00e9 Carlos Tavares Carvalho \u2013 Farmac\u00eautico &#8211; Professor (Titular) &#8211; Coordenador<\/b><\/p>\n<p><a href=\"http:\/\/lattes.cnpq.br\/4251174810000113\">http:\/\/lattes.cnpq.br\/4251174810000113<\/a><\/p>\n<p><b style=\"line-height: 1.5em\">Clarissa Silva Lima Farmac\u00eautico &#8211; Farmac\u00eautica &#8211; Professora (Titular) \u2013 Vice-Coordenadora<\/b><\/p>\n<p><a href=\"http:\/\/lattes.cnpq.br\/9434674545991305\">http:\/\/lattes.cnpq.br\/9434674545991305<\/a><\/p>\n<p><strong>Adriana Maciel &#8211; Qu\u00edmica \u2013 T\u00e9cnica de Laborat\u00f3rio (Suplente)<\/strong><\/p>\n<p><a href=\"http:\/\/lattes.cnpq.br\/8721365536928474\">http:\/\/lattes.cnpq.br\/8721365536928474<\/a><\/p>\n<p><strong>Caio Pinho Fernandes &#8211; Farmac\u00eautico \u2013 Professor (Suplente)<\/strong><\/p>\n<p><a href=\"http:\/\/lattes.cnpq.br\/9887445768141512\">http:\/\/lattes.cnpq.br\/9887445768141512<\/a><\/p>\n<p><strong><span style=\"line-height: 1.5em\">Edmir Almeida dos Santos &#8211; Representante de Institui\u00e7\u00e3o Protetora de Animais<\/span><\/strong><\/p>\n<p><strong>F\u00e1bio Rodrigo Paix\u00e3o Mour\u00e3o &#8211; M\u00e9dico Veterin\u00e1rio (Suplente)<\/strong><\/p>\n<p><strong>Fred J\u00falio Costa Monteiro &#8211; M\u00e9dico Veterin\u00e1rio (Titular)<\/strong><\/p>\n<p><a href=\"http:\/\/lattes.cnpq.br\/1549704728019535\">http:\/\/lattes.cnpq.br\/1549704728019535<\/a><\/p>\n<p><strong><span style=\"line-height: 1.5em\">Rachel Barroso Monteiro &#8211; M\u00e9dica Veterin\u00e1ria (Titular)<\/span><\/strong><\/p>\n<p><strong>Raimundo Nonato Pican\u00e7o Souto &#8211; Bi\u00f3logo \u2013 Professor (Titular)<\/strong><\/p>\n<p><a href=\"http:\/\/lattes.cnpq.br\/1661932002902797\">http:\/\/lattes.cnpq.br\/1661932002902797<\/a><\/p>\n<p><strong>Roberto Messias Bezerra &#8211; Qu\u00edmico \u2013 Qu\u00edmico &#8211; Professor (Titular)<\/strong><\/p>\n<p><a href=\"http:\/\/lattes.cnpq.br\/1515642850517082\">http:\/\/lattes.cnpq.br\/1515642850517082<\/a><\/p>\n<p><strong>\u00a0<\/strong><\/p>\n","protected":false},"excerpt":{"rendered":"<p>Jos\u00e9 Carlos Tavares Carvalho \u2013 Farmac\u00eautico &#8211; Professor (Titular) &#8211; Coordenador http:\/\/lattes.cnpq.br\/4251174810000113 Clarissa Silva Lima Farmac\u00eautico &#8211; Farmac\u00eautica &#8211; Professora (Titular) \u2013 Vice-Coordenadora http:\/\/lattes.cnpq.br\/9434674545991305 Adriana Maciel &#8211; Qu\u00edmica \u2013 T\u00e9cnica de Laborat\u00f3rio (Suplente) http:\/\/lattes.cnpq.br\/8721365536928474 Caio Pinho Fernandes &#8211; Farmac\u00eautico \u2013&hellip; <\/p>\n<p><a href=\"http:\/\/www2.unifap.br\/ceua\/membros-do-ceua-unifap\/\" class=\"readmore-button\">Continue Reading<\/a><\/p>\n","protected":false},"author":112,"featured_media":0,"parent":0,"menu_order":0,"comment_status":"open","ping_status":"open","template":"","meta":{"inline_featured_image":false,"ngg_post_thumbnail":0,"footnotes":""},"class_list":["post-14","page","type-page","status-publish","hentry"],"_links":{"self":[{"href":"http:\/\/www2.unifap.br\/ceua\/wp-json\/wp\/v2\/pages\/14","targetHints":{"allow":["GET"]}}],"collection":[{"href":"http:\/\/www2.unifap.br\/ceua\/wp-json\/wp\/v2\/pages"}],"about":[{"href":"http:\/\/www2.unifap.br\/ceua\/wp-json\/wp\/v2\/types\/page"}],"author":[{"embeddable":true,"href":"http:\/\/www2.unifap.br\/ceua\/wp-json\/wp\/v2\/users\/112"}],"replies":[{"embeddable":true,"href":"http:\/\/www2.unifap.br\/ceua\/wp-json\/wp\/v2\/comments?post=14"}],"version-history":[{"count":7,"href":"http:\/\/www2.unifap.br\/ceua\/wp-json\/wp\/v2\/pages\/14\/revisions"}],"predecessor-version":[{"id":156,"href":"http:\/\/www2.unifap.br\/ceua\/wp-json\/wp\/v2\/pages\/14\/revisions\/156"}],"wp:attachment":[{"href":"http:\/\/www2.unifap.br\/ceua\/wp-json\/wp\/v2\/media?parent=14"}],"curies":[{"name":"wp","href":"https:\/\/api.w.org\/{rel}","templated":true}]}}