{"id":76,"date":"2014-12-17T19:57:55","date_gmt":"2014-12-17T19:57:55","guid":{"rendered":"http:\/\/www2.unifap.br\/ceua\/?page_id=76"},"modified":"2015-03-05T20:39:24","modified_gmt":"2015-03-05T20:39:24","slug":"horario-de-funcionamento","status":"publish","type":"page","link":"http:\/\/www2.unifap.br\/ceua\/horario-de-funcionamento\/","title":{"rendered":"Hor\u00e1rio de funcionamento"},"content":{"rendered":"<p><strong>A secretaria da CEUA-UNIFAP, estar\u00e1 atendendo para protocolo de projetos no hor\u00e1rio das 9:00 as 11:00 no pr\u00e9dio do Centro Integrado de Pesquisa, localizado em frente ao RU.<\/strong><\/p>\n<p><strong>Secret\u00e1rio: Amiraldo da Silva Guedes\u00a0<\/strong><\/p>\n","protected":false},"excerpt":{"rendered":"<p>A secretaria da CEUA-UNIFAP, estar\u00e1 atendendo para protocolo de projetos no hor\u00e1rio das 9:00 as 11:00 no pr\u00e9dio do Centro Integrado de Pesquisa, localizado em frente ao RU. Secret\u00e1rio: Amiraldo da Silva Guedes\u00a0<\/p>\n","protected":false},"author":112,"featured_media":0,"parent":0,"menu_order":0,"comment_status":"open","ping_status":"open","template":"","meta":{"inline_featured_image":false,"ngg_post_thumbnail":0,"footnotes":""},"class_list":["post-76","page","type-page","status-publish","hentry"],"_links":{"self":[{"href":"http:\/\/www2.unifap.br\/ceua\/wp-json\/wp\/v2\/pages\/76","targetHints":{"allow":["GET"]}}],"collection":[{"href":"http:\/\/www2.unifap.br\/ceua\/wp-json\/wp\/v2\/pages"}],"about":[{"href":"http:\/\/www2.unifap.br\/ceua\/wp-json\/wp\/v2\/types\/page"}],"author":[{"embeddable":true,"href":"http:\/\/www2.unifap.br\/ceua\/wp-json\/wp\/v2\/users\/112"}],"replies":[{"embeddable":true,"href":"http:\/\/www2.unifap.br\/ceua\/wp-json\/wp\/v2\/comments?post=76"}],"version-history":[{"count":4,"href":"http:\/\/www2.unifap.br\/ceua\/wp-json\/wp\/v2\/pages\/76\/revisions"}],"predecessor-version":[{"id":100,"href":"http:\/\/www2.unifap.br\/ceua\/wp-json\/wp\/v2\/pages\/76\/revisions\/100"}],"wp:attachment":[{"href":"http:\/\/www2.unifap.br\/ceua\/wp-json\/wp\/v2\/media?parent=76"}],"curies":[{"name":"wp","href":"https:\/\/api.w.org\/{rel}","templated":true}]}}