{"id":524,"date":"2016-10-07T20:47:17","date_gmt":"2016-10-07T20:47:17","guid":{"rendered":"http:\/\/www2.unifap.br\/claudiomarcio\/?page_id=524"},"modified":"2016-10-07T20:58:49","modified_gmt":"2016-10-07T20:58:49","slug":"progep-metodologia-cientifica","status":"publish","type":"page","link":"http:\/\/www2.unifap.br\/claudiomarcio\/progep-metodologia-cientifica\/","title":{"rendered":"PROGEP &#8211; Curso para Servidores &#8211; Metodologia Cientifica"},"content":{"rendered":"<p>Ol\u00e1 Pessoal,<\/p>\n<p>Abaixo segue material utilizado no curso:<\/p>\n<p>Slides:<\/p>\n<p><a href=\"http:\/\/www2.unifap.br\/claudiomarcio\/files\/2016\/10\/Curso-Metodologia-Cient\u00edfica.pdf\">Curso Metodologia Cient\u00edfica<\/a><\/p>\n<p>Complementares:<\/p>\n<p><a href=\"http:\/\/www2.unifap.br\/claudiomarcio\/files\/2015\/12\/Guia_Acad\u00eamico-Metodologia-da-Pesquisa.pdf\">Guia_Acad\u00eamico Metodologia da Pesquisa<\/a><\/p>\n<p><a href=\"http:\/\/www2.unifap.br\/claudiomarcio\/files\/2016\/10\/LIVRO-Metodologia-de-Estudo-e-Pesquisa-em-Administra\u00e7\u00e3o.pdf\">LIVRO Metodologia de Estudo e Pesquisa em Administra\u00e7\u00e3o<\/a><\/p>\n<p>Sites:<\/p>\n<p><a href=\"http:\/\/www.more.ufsc.br\">http:\/\/www.more.ufsc.br<\/a><\/p>\n<p><a href=\"https:\/\/sucupira.capes.gov.br\/sucupira\/public\/consultas\/coleta\/veiculoPublicacaoQualis\/listaConsultaGeralPeriodicos.jsf\">https:\/\/sucupira.capes.gov.br\/sucupira\/public\/consultas\/coleta\/veiculoPublicacaoQualis\/listaConsultaGeralPeriodicos.jsf<\/a><\/p>\n","protected":false},"excerpt":{"rendered":"<p>Ol\u00e1 Pessoal, Abaixo segue material utilizado no curso: Slides: Curso Metodologia Cient\u00edfica Complementares: Guia_Acad\u00eamico Metodologia da Pesquisa LIVRO Metodologia de Estudo e Pesquisa em Administra\u00e7\u00e3o Sites: http:\/\/www.more.ufsc.br https:\/\/sucupira.capes.gov.br\/sucupira\/public\/consultas\/coleta\/veiculoPublicacaoQualis\/listaConsultaGeralPeriodicos.jsf<\/p>\n","protected":false},"author":365,"featured_media":0,"parent":0,"menu_order":15,"comment_status":"open","ping_status":"open","template":"","meta":{"inline_featured_image":false,"ngg_post_thumbnail":0,"footnotes":""},"class_list":["post-524","page","type-page","status-publish","hentry"],"_links":{"self":[{"href":"http:\/\/www2.unifap.br\/claudiomarcio\/wp-json\/wp\/v2\/pages\/524","targetHints":{"allow":["GET"]}}],"collection":[{"href":"http:\/\/www2.unifap.br\/claudiomarcio\/wp-json\/wp\/v2\/pages"}],"about":[{"href":"http:\/\/www2.unifap.br\/claudiomarcio\/wp-json\/wp\/v2\/types\/page"}],"author":[{"embeddable":true,"href":"http:\/\/www2.unifap.br\/claudiomarcio\/wp-json\/wp\/v2\/users\/365"}],"replies":[{"embeddable":true,"href":"http:\/\/www2.unifap.br\/claudiomarcio\/wp-json\/wp\/v2\/comments?post=524"}],"version-history":[{"count":6,"href":"http:\/\/www2.unifap.br\/claudiomarcio\/wp-json\/wp\/v2\/pages\/524\/revisions"}],"predecessor-version":[{"id":532,"href":"http:\/\/www2.unifap.br\/claudiomarcio\/wp-json\/wp\/v2\/pages\/524\/revisions\/532"}],"wp:attachment":[{"href":"http:\/\/www2.unifap.br\/claudiomarcio\/wp-json\/wp\/v2\/media?parent=524"}],"curies":[{"name":"wp","href":"https:\/\/api.w.org\/{rel}","templated":true}]}}