{"id":127,"date":"2016-04-26T19:13:26","date_gmt":"2016-04-26T19:13:26","guid":{"rendered":"http:\/\/www2.unifap.br\/coap\/?page_id=127"},"modified":"2016-04-26T19:13:26","modified_gmt":"2016-04-26T19:13:26","slug":"apresentacao","status":"publish","type":"page","link":"http:\/\/www2.unifap.br\/coap\/diplan\/apresentacao\/","title":{"rendered":"Apresenta\u00e7\u00e3o"},"content":{"rendered":"<p>Art. 23\u00ba \u00c0 Divis\u00e3o de Planejamento (DIPLAN) compete:<\/p>\n<p>I. Orientar o planejamento dos subsistemas acad\u00eamico, econ\u00f4mico-financeiro e administrativo;<br \/>\nII. Promover e coordenar a realiza\u00e7\u00e3o do diagn\u00f3stico global do Campus Binacional;<br \/>\nIII. Elaborar, acompanhar e avaliar a execu\u00e7\u00e3o do plano global de gest\u00e3o e os respectivos planos anuais de a\u00e7\u00e3o do Campus Binacional;<br \/>\nIV. Assessorar a elabora\u00e7\u00e3o do or\u00e7amento anual e plurianual da UNIFAP;<br \/>\nV. Levantar, elaborar e processar dados estat\u00edsticos educacional e administrativo do Campus;<br \/>\nVI. Promover o desenvolvimento institucional do Campus; e<br \/>\nVII. Desenvolver outras atividades que lhe forem atribu\u00eddas.<\/p>\n","protected":false},"excerpt":{"rendered":"<p>Art. 23\u00ba \u00c0 Divis\u00e3o de Planejamento (DIPLAN) compete: I. Orientar o planejamento dos subsistemas acad\u00eamico, econ\u00f4mico-financeiro e administrativo; II. Promover e coordenar a realiza\u00e7\u00e3o do diagn\u00f3stico global do Campus Binacional; III. Elaborar, acompanhar e avaliar a execu\u00e7\u00e3o do plano global&hellip; <\/p>\n<p><a href=\"http:\/\/www2.unifap.br\/coap\/diplan\/apresentacao\/\" class=\"readmore-button\">Continue Reading<\/a><\/p>\n","protected":false},"author":886,"featured_media":0,"parent":69,"menu_order":0,"comment_status":"open","ping_status":"open","template":"","meta":{"inline_featured_image":false,"ngg_post_thumbnail":0,"footnotes":""},"class_list":["post-127","page","type-page","status-publish","hentry"],"_links":{"self":[{"href":"http:\/\/www2.unifap.br\/coap\/wp-json\/wp\/v2\/pages\/127","targetHints":{"allow":["GET"]}}],"collection":[{"href":"http:\/\/www2.unifap.br\/coap\/wp-json\/wp\/v2\/pages"}],"about":[{"href":"http:\/\/www2.unifap.br\/coap\/wp-json\/wp\/v2\/types\/page"}],"author":[{"embeddable":true,"href":"http:\/\/www2.unifap.br\/coap\/wp-json\/wp\/v2\/users\/886"}],"replies":[{"embeddable":true,"href":"http:\/\/www2.unifap.br\/coap\/wp-json\/wp\/v2\/comments?post=127"}],"version-history":[{"count":1,"href":"http:\/\/www2.unifap.br\/coap\/wp-json\/wp\/v2\/pages\/127\/revisions"}],"predecessor-version":[{"id":128,"href":"http:\/\/www2.unifap.br\/coap\/wp-json\/wp\/v2\/pages\/127\/revisions\/128"}],"up":[{"embeddable":true,"href":"http:\/\/www2.unifap.br\/coap\/wp-json\/wp\/v2\/pages\/69"}],"wp:attachment":[{"href":"http:\/\/www2.unifap.br\/coap\/wp-json\/wp\/v2\/media?parent=127"}],"curies":[{"name":"wp","href":"https:\/\/api.w.org\/{rel}","templated":true}]}}