{"id":3,"date":"2014-02-20T18:24:37","date_gmt":"2014-02-20T18:24:37","guid":{"rendered":"http:\/\/www2.unifap.br\/dcet\/?page_id=3"},"modified":"2021-07-23T13:48:59","modified_gmt":"2021-07-23T16:48:59","slug":"apresentacao","status":"publish","type":"page","link":"http:\/\/www2.unifap.br\/dcet\/dcet\/apresentacao\/","title":{"rendered":"Apresenta\u00e7\u00e3o"},"content":{"rendered":"<p style=\"text-align: justify\"><span style=\"color: #000000\">O Departamento Acad\u00eamico de Ci\u00eancias Exatas e Tecnol\u00f3gica \u00e9 \u00f3rg\u00e3o espec\u00edfico de desenvolvimento cient\u00edfico, tecnol\u00f3gico e de forma\u00e7\u00e3o profissional, correspondendo aos colegiados de Arquitetura, Ci\u00eancia da Computa\u00e7\u00e3o, Engenharia Civil, Engenharia El\u00e9trica, F\u00edsica, Matem\u00e1tica e Qu\u00edmica, e ainda os cursos de P\u00f3s gradua\u00e7\u00e3o desses colegiados.<\/span><\/p>\n<p style=\"text-align: justify\"><span style=\"color: #000000\">Com organiza\u00e7\u00e3o administrativa pr\u00f3pria, desenvolve atividades interdisciplinares de ensino, pesquisa e extens\u00e3o. \u00c9 dirigido por um diretor, sendo o seu substituto legal o vice-diretor, ambos com mandato de dois anos, escolhidos em escrut\u00ednio secreto pelos docentes, discentes e t\u00e9cnicos vinculados ao respectivo departamento, permitida a recondu\u00e7\u00e3o por um \u00fanico per\u00edodo subsequente, obedecendo a legisla\u00e7\u00e3o pertinente.<\/span><\/p>\n<p>&nbsp;<\/p>\n<p><span style=\"color: #000000\">O Departamento Acad\u00eamico:<\/span><\/p>\n<p><span style=\"color: #000000\">I &#8211; executivo, sob a responsabilidade do diretor de departamento;<\/span><\/p>\n<p><span style=\"color: #000000\">II &#8211; deliberativo e consultivo, sob a responsabilidade do Conselho Departamental;<\/span><\/p>\n<p><span style=\"color: #000000\">III &#8211; de coordena\u00e7\u00e3o de cada curso de gradua\u00e7\u00e3o, sob as responsabilidade das respectivas coordena\u00e7\u00f5es de curso.<\/span><\/p>\n<p>&nbsp;<\/p>\n<p><span style=\"color: #000000\">Ao Departamento Acad\u00eamicos compete:<\/span><\/p>\n<p><span style=\"color: #000000\">I &#8211; providenciar os registros dos atos do conselho departamental;<\/span><\/p>\n<p><span style=\"color: #000000\">II &#8211; superintender, consoante as delibera\u00e7\u00f5es do conselho departamental, as atividades de ensino, pesquisa e extens\u00e3o dos diversos cursos, programas e projetos;<\/span><\/p>\n<p><span style=\"color: #000000\">III &#8211; propor ao Conselho Departamental a suspens\u00e3o, extin\u00e7\u00e3o e cria\u00e7\u00e3o de cursos, programas e projetos na \u00e1rea de sua atua\u00e7\u00e3o;<\/span><\/p>\n<p><span style=\"color: #000000\">IV \u2013 encaminhar, aos \u00f3rg\u00e3os competentes da administra\u00e7\u00e3o superior da UNIFAP, o relat\u00f3rio anual de atividades do departamento;<\/span><\/p>\n<p><span style=\"color: #000000\">V &#8211; constituir comiss\u00f5es e grupos de trabalho para tarefas espec\u00edficas;<\/span><\/p>\n<p><span style=\"color: #000000\">VI \u2013 apresentar, ao Conselho Departamental, o plano anual de atividades, com o respectivo or\u00e7amento;<\/span><\/p>\n<p><span style=\"color: #000000\">VII \u2013 propor, ao Conselho Departamental, a celebra\u00e7\u00e3o de conv\u00eanios com outras institui\u00e7\u00f5es nacionais ou estrangeiras, para efeito de realiza\u00e7\u00e3o de est\u00e1gios curriculares, eventos, cursos, programas e projetos;<\/span><\/p>\n<p><span style=\"color: #000000\">VIII \u2013 supervisionar a pol\u00edtica de est\u00e1gio curricular dos cursos.<\/span><\/p>\n<p>&nbsp;<\/p>\n<p><span style=\"color: #000000\">Ao Conselho Departamental compete:<\/span><\/p>\n<p><span style=\"color: #000000\">I &#8211; normatizar as pol\u00edticas dos departamentos, observadas as diretrizes emanadas dos Conselhos Superiores;<\/span><\/p>\n<p><span style=\"color: #000000\">II \u2013 propor, \u00e0 administra\u00e7\u00e3o superior da UNIFAP, a reformula\u00e7\u00e3o, atualiza\u00e7\u00e3o e\/ou amplia\u00e7\u00e3o das pol\u00edticas de ensino, pesquisa e extens\u00e3o, na \u00e1rea de atua\u00e7\u00e3o do departamento;<\/span><\/p>\n<p><span style=\"color: #000000\">III &#8211;&nbsp; apreciar as propostas de suspens\u00e3o, extin\u00e7\u00e3o ou cria\u00e7\u00e3o de cursos e projetos na \u00e1rea de atua\u00e7\u00e3o do departamento, exarando parecer para subsidiar o CONSU no processo decis\u00f3rio;<\/span><\/p>\n<p><span style=\"color: #000000\">IV &#8211; deliberar sobre as propostas do plano anual de atividades do departamento e sua necessidade or\u00e7ament\u00e1ria, compatibilizada com o or\u00e7amento geral da UNIFAP;<\/span><\/p>\n<p><span style=\"color: #000000\">V &#8211; deliberar, em seu n\u00edvel, sobre os curr\u00edculos dos cursos de gradua\u00e7\u00e3o, sobre o calend\u00e1rio acad\u00eamico, sistema de matr\u00edcula, registro e controle acad\u00eamico, avalia\u00e7\u00e3o discente, guia acad\u00eamico e as normas de est\u00e1gio curricular e de monografias, submetendo suas decis\u00f5es \u00e0 homologa\u00e7\u00e3o do CONSU;<\/span><\/p>\n<p><span style=\"color: #000000\">VI &#8211; deliberar e acompanhar programas e projetos de pesquisa, extens\u00e3o e interioriza\u00e7\u00e3o origin\u00e1rios de \u00f3rg\u00e3os colegiados vinculados ao departamento;<\/span><\/p>\n<p><span style=\"color: #000000\">VII \u2013 homolgar a decis\u00e3o do respectivo Colegiado de Curso constante do inciso IV, Art. 91 do regimento geral da UNIFAP;<\/span><\/p>\n<p><span style=\"color: #000000\">VIII &#8211; julgar os recursos das decis\u00f5es relativas aos cursos e aos coordenadores de projetos;<\/span><\/p>\n<p><span style=\"color: #000000\">IX &#8211; deliberar sobre a celebra\u00e7\u00e3o de conv\u00eanios na sua \u00e1rea, com institui\u00e7\u00f5es locais, nacionais ou estrangeiras, para efeito de realiza\u00e7\u00e3o de cursos e projetos;<\/span><\/p>\n<p><span style=\"color: #000000\">X &#8211; deliberar, na sua \u00e1rea, sobre propostas de normas e crit\u00e9rios de ingresso de discentes de outras institui\u00e7\u00f5es de ensino, nacionais e estrangeiras, segundo a legisla\u00e7\u00e3o pertinente;<\/span><\/p>\n<p><span style=\"color: #000000\">XI &#8211; declarar vagos os cargos de diretor e vice-diretor de departamento;<\/span><\/p>\n<p><span style=\"color: #000000\">XII &#8211; propor comiss\u00f5es e grupos de trabalho para realiza\u00e7\u00e3o de tarefas espec\u00edficas;<\/span><\/p>\n<p><span style=\"color: #000000\">XIII &#8211; desenvolver outras atribui\u00e7\u00f5es que lhe couberem por for\u00e7a da legisla\u00e7\u00e3o vigente.<\/span><\/p>\n<p>&nbsp;<\/p>\n","protected":false},"excerpt":{"rendered":"<p>O Departamento Acad\u00eamico de Ci\u00eancias Exatas e Tecnol\u00f3gica \u00e9 \u00f3rg\u00e3o espec\u00edfico de desenvolvimento cient\u00edfico, tecnol\u00f3gico e de forma\u00e7\u00e3o profissional, correspondendo aos colegiados de Arquitetura, Ci\u00eancia da Computa\u00e7\u00e3o, Engenharia Civil, Engenharia El\u00e9trica, F\u00edsica, Matem\u00e1tica e Qu\u00edmica, e ainda os cursos de P\u00f3s gradua\u00e7\u00e3o desses colegiados. Com organiza\u00e7\u00e3o administrativa pr\u00f3pria, desenvolve atividades interdisciplinares de ensino, pesquisa e&#8230;<\/p>\n","protected":false},"author":66,"featured_media":0,"parent":635,"menu_order":0,"comment_status":"open","ping_status":"open","template":"","meta":{"inline_featured_image":false,"site-sidebar-layout":"default","site-content-layout":"","ast-site-content-layout":"default","site-content-style":"default","site-sidebar-style":"default","ast-global-header-display":"","ast-banner-title-visibility":"","ast-main-header-display":"","ast-hfb-above-header-display":"","ast-hfb-below-header-display":"","ast-hfb-mobile-header-display":"","site-post-title":"","ast-breadcrumbs-content":"","ast-featured-img":"","footer-sml-layout":"","theme-transparent-header-meta":"","adv-header-id-meta":"","stick-header-meta":"","header-above-stick-meta":"","header-main-stick-meta":"","header-below-stick-meta":"","astra-migrate-meta-layouts":"default","ast-page-background-enabled":"default","ast-page-background-meta":{"desktop":{"background-color":"var(--ast-global-color-4)","background-image":"","background-repeat":"repeat","background-position":"center center","background-size":"auto","background-attachment":"scroll","background-type":"","background-media":"","overlay-type":"","overlay-color":"","overlay-opacity":"","overlay-gradient":""},"tablet":{"background-color":"","background-image":"","background-repeat":"repeat","background-position":"center center","background-size":"auto","background-attachment":"scroll","background-type":"","background-media":"","overlay-type":"","overlay-color":"","overlay-opacity":"","overlay-gradient":""},"mobile":{"background-color":"","background-image":"","background-repeat":"repeat","background-position":"center center","background-size":"auto","background-attachment":"scroll","background-type":"","background-media":"","overlay-type":"","overlay-color":"","overlay-opacity":"","overlay-gradient":""}},"ast-content-background-meta":{"desktop":{"background-color":"var(--ast-global-color-5)","background-image":"","background-repeat":"repeat","background-position":"center center","background-size":"auto","background-attachment":"scroll","background-type":"","background-media":"","overlay-type":"","overlay-color":"","overlay-opacity":"","overlay-gradient":""},"tablet":{"background-color":"var(--ast-global-color-5)","background-image":"","background-repeat":"repeat","background-position":"center center","background-size":"auto","background-attachment":"scroll","background-type":"","background-media":"","overlay-type":"","overlay-color":"","overlay-opacity":"","overlay-gradient":""},"mobile":{"background-color":"var(--ast-global-color-5)","background-image":"","background-repeat":"repeat","background-position":"center center","background-size":"auto","background-attachment":"scroll","background-type":"","background-media":"","overlay-type":"","overlay-color":"","overlay-opacity":"","overlay-gradient":""}},"ngg_post_thumbnail":0,"footnotes":""},"class_list":["post-3","page","type-page","status-publish","hentry"],"_links":{"self":[{"href":"http:\/\/www2.unifap.br\/dcet\/wp-json\/wp\/v2\/pages\/3","targetHints":{"allow":["GET"]}}],"collection":[{"href":"http:\/\/www2.unifap.br\/dcet\/wp-json\/wp\/v2\/pages"}],"about":[{"href":"http:\/\/www2.unifap.br\/dcet\/wp-json\/wp\/v2\/types\/page"}],"author":[{"embeddable":true,"href":"http:\/\/www2.unifap.br\/dcet\/wp-json\/wp\/v2\/users\/66"}],"replies":[{"embeddable":true,"href":"http:\/\/www2.unifap.br\/dcet\/wp-json\/wp\/v2\/comments?post=3"}],"version-history":[{"count":16,"href":"http:\/\/www2.unifap.br\/dcet\/wp-json\/wp\/v2\/pages\/3\/revisions"}],"predecessor-version":[{"id":5350,"href":"http:\/\/www2.unifap.br\/dcet\/wp-json\/wp\/v2\/pages\/3\/revisions\/5350"}],"up":[{"embeddable":true,"href":"http:\/\/www2.unifap.br\/dcet\/wp-json\/wp\/v2\/pages\/635"}],"wp:attachment":[{"href":"http:\/\/www2.unifap.br\/dcet\/wp-json\/wp\/v2\/media?parent=3"}],"curies":[{"name":"wp","href":"https:\/\/api.w.org\/{rel}","templated":true}]}}