{"id":573,"date":"2025-02-25T01:29:50","date_gmt":"2025-02-25T01:29:50","guid":{"rendered":"https:\/\/www2.unifap.br\/dcp\/?page_id=573"},"modified":"2025-02-25T01:30:02","modified_gmt":"2025-02-25T01:30:02","slug":"atribuicoes-da-dcp","status":"publish","type":"page","link":"http:\/\/www2.unifap.br\/dcp\/atribuicoes-da-dcp\/","title":{"rendered":"ATRIBUI\u00c7\u00d5ES DA DCP"},"content":{"rendered":"<p><span style=\"color: #000080\"><strong>DIVIS\u00c3O DE CURR\u00cdCULOS E PROGRAMAS (DCP)<\/strong><\/span><\/p>\n<p>Unidade de servi\u00e7o da Coordenadoria de Ensino de Gradua\u00e7\u00e3o (COEG).<\/p>\n<p><span style=\"color: #000080\"><strong><em>Miss\u00e3o\u00a0<\/em><\/strong><\/span><br \/>\nAssessorar pedagogicamente e tecnicamente a COEG, em assuntos pertinentes a curr\u00edculos e programas dos cursos de gradua\u00e7\u00e3o.<\/p>\n<p><span style=\"color: #333399\"><strong><em>Atribui\u00e7\u00f5es<\/em><\/strong><\/span><\/p>\n<ul>\n<li style=\"text-align: left\">Emitir pareceres preliminares sobre: propostas de estruturas curriculares e adapta\u00e7\u00f5es curriculares.<\/li>\n<li style=\"text-align: left\">Prestar assist\u00eancia t\u00e9cnico-pedag\u00f3gica \u00e0s coordena\u00e7\u00f5es de cursos de gradua\u00e7\u00e3o e seus respectivos NDE&#8217;s, para atualiza\u00e7\u00e3o ou reestrutura\u00e7\u00e3o de seus curr\u00edculos e Projetos Pedag\u00f3gicos de Curso (PPC).<\/li>\n<li style=\"text-align: left\">Orientar as Comiss\u00f5es Portariadas na elabora\u00e7\u00e3o de PCCs para processos de cria\u00e7\u00e3o de cursos de gradua\u00e7\u00e3o, no tocante \u00e0 fixa\u00e7\u00e3o da estrutura curricular.<\/li>\n<li style=\"text-align: left\">Articular-se com a COEG e as coordena\u00e7\u00f5es de curso, com vistas \u00e0 identifica\u00e7\u00e3o de solu\u00e7\u00f5es de problemas que dizem respeito \u00e0 integraliza\u00e7\u00e3o curricular.<\/li>\n<li style=\"text-align: left\">Organizar e manter atualizado um acervo f\u00edsico e digital contendo os Projetos Pedag\u00f3gicos dos Cursos de Gradua\u00e7\u00e3o da UNIFAP;<\/li>\n<li style=\"text-align: left\">Organizar e manter atualizado o quadro de cursos de gradua\u00e7\u00e3o da UNIFAP.<\/li>\n<li style=\"text-align: left\">Zelar pelo cumprimento das disposi\u00e7\u00f5es legais no que concerne a curr\u00edculos e programas de cursos de gradua\u00e7\u00e3o;<\/li>\n<li style=\"text-align: left\">Despachar processos com aprecia\u00e7\u00f5es relativas a curr\u00edculos e programas.<\/li>\n<li style=\"text-align: left\">Colaborar com a assessoria t\u00e9cnica da COEG no sentido de agilizar e tornar mais eficiente esta Coordenadoria.<\/li>\n<\/ul>\n","protected":false},"excerpt":{"rendered":"<p>DIVIS\u00c3O DE CURR\u00cdCULOS E PROGRAMAS (DCP) Unidade de servi\u00e7o da Coordenadoria de Ensino de Gradua\u00e7\u00e3o (COEG). Miss\u00e3o\u00a0 Assessorar pedagogicamente e tecnicamente a COEG, em assuntos pertinentes a curr\u00edculos e programas dos cursos de gradua\u00e7\u00e3o. Atribui\u00e7\u00f5es Emitir pareceres preliminares sobre: propostas&hellip; <\/p>\n<p><a href=\"http:\/\/www2.unifap.br\/dcp\/atribuicoes-da-dcp\/\" class=\"readmore-button\">Continue Reading<\/a><\/p>\n","protected":false},"author":770,"featured_media":0,"parent":0,"menu_order":1,"comment_status":"closed","ping_status":"closed","template":"","meta":{"inline_featured_image":false,"ngg_post_thumbnail":0,"footnotes":""},"class_list":["post-573","page","type-page","status-publish","hentry"],"_links":{"self":[{"href":"http:\/\/www2.unifap.br\/dcp\/wp-json\/wp\/v2\/pages\/573","targetHints":{"allow":["GET"]}}],"collection":[{"href":"http:\/\/www2.unifap.br\/dcp\/wp-json\/wp\/v2\/pages"}],"about":[{"href":"http:\/\/www2.unifap.br\/dcp\/wp-json\/wp\/v2\/types\/page"}],"author":[{"embeddable":true,"href":"http:\/\/www2.unifap.br\/dcp\/wp-json\/wp\/v2\/users\/770"}],"replies":[{"embeddable":true,"href":"http:\/\/www2.unifap.br\/dcp\/wp-json\/wp\/v2\/comments?post=573"}],"version-history":[{"count":2,"href":"http:\/\/www2.unifap.br\/dcp\/wp-json\/wp\/v2\/pages\/573\/revisions"}],"predecessor-version":[{"id":575,"href":"http:\/\/www2.unifap.br\/dcp\/wp-json\/wp\/v2\/pages\/573\/revisions\/575"}],"wp:attachment":[{"href":"http:\/\/www2.unifap.br\/dcp\/wp-json\/wp\/v2\/media?parent=573"}],"curies":[{"name":"wp","href":"https:\/\/api.w.org\/{rel}","templated":true}]}}