{"id":62,"date":"2015-10-26T18:40:31","date_gmt":"2015-10-26T18:40:31","guid":{"rendered":"http:\/\/www2.unifap.br\/dcp\/?page_id=62"},"modified":"2018-04-06T14:08:49","modified_gmt":"2018-04-06T14:08:49","slug":"instrumento-de-avaliacao-4","status":"publish","type":"page","link":"http:\/\/www2.unifap.br\/dcp\/instrumento-de-avaliacao-4\/","title":{"rendered":"INSTRUMENTO DE AVALIA\u00c7\u00c3O"},"content":{"rendered":"<ul>\n<li><span style=\"color: #008000\"><strong><a href=\"http:\/\/www2.unifap.br\/dcp\/files\/2015\/10\/INSTRUMENTO-DE-AVALIA\u00c7\u00c3O-DE-CURSOS-DE-GRADUA\u00c7\u00c3O-PRESENCIAL-E-A-DIST\u00c2NCIA1.pdf\"><span style=\"color: #008000\">Instrumento de Avalia\u00e7\u00e3o de Cursos de Gradua\u00e7\u00e3o_Reconhecimento e Renova\u00e7\u00e3o de Reconhecimento &#8211; (Dez<span style=\"color: #008000\">embro de 2017<\/span><\/span><\/a><\/strong><strong>)<\/strong><\/span><\/li>\n<li><span style=\"color: #008000\"><strong><a href=\"http:\/\/www2.unifap.br\/dcp\/files\/2015\/10\/INSTRUMENTO-DE-AVALIA\u00c7\u00c3O-DE-CURSOS-DE-GRADUA\u00c7\u00c3O-PRESENCIAL-E-A-DIST\u00c2NCIA1.pdf\"><span style=\"color: #008000\"><a href=\"http:\/\/www2.unifap.br\/dcp\/files\/2015\/10\/Nota-T\u00e9cnica-16-2017-Instrumentos-de-Avalia\u00e7\u00e3o_Dezembro-de-2017.pdf\"><span style=\"color: #008000\">Nota-T\u00e9cnica-16-2017-Instrumentos de Avalia\u00e7\u00e3o_Dezembro de 2017<\/span><\/a><\/span><\/a><\/strong><\/span><\/li>\n<\/ul>\n","protected":false},"excerpt":{"rendered":"<p>Instrumento de Avalia\u00e7\u00e3o de Cursos de Gradua\u00e7\u00e3o_Reconhecimento e Renova\u00e7\u00e3o de Reconhecimento &#8211; (Dezembro de 2017) Nota-T\u00e9cnica-16-2017-Instrumentos de Avalia\u00e7\u00e3o_Dezembro de 2017<\/p>\n","protected":false},"author":770,"featured_media":0,"parent":0,"menu_order":4,"comment_status":"open","ping_status":"open","template":"","meta":{"inline_featured_image":false,"ngg_post_thumbnail":0,"footnotes":""},"class_list":["post-62","page","type-page","status-publish","hentry"],"_links":{"self":[{"href":"http:\/\/www2.unifap.br\/dcp\/wp-json\/wp\/v2\/pages\/62","targetHints":{"allow":["GET"]}}],"collection":[{"href":"http:\/\/www2.unifap.br\/dcp\/wp-json\/wp\/v2\/pages"}],"about":[{"href":"http:\/\/www2.unifap.br\/dcp\/wp-json\/wp\/v2\/types\/page"}],"author":[{"embeddable":true,"href":"http:\/\/www2.unifap.br\/dcp\/wp-json\/wp\/v2\/users\/770"}],"replies":[{"embeddable":true,"href":"http:\/\/www2.unifap.br\/dcp\/wp-json\/wp\/v2\/comments?post=62"}],"version-history":[{"count":21,"href":"http:\/\/www2.unifap.br\/dcp\/wp-json\/wp\/v2\/pages\/62\/revisions"}],"predecessor-version":[{"id":470,"href":"http:\/\/www2.unifap.br\/dcp\/wp-json\/wp\/v2\/pages\/62\/revisions\/470"}],"wp:attachment":[{"href":"http:\/\/www2.unifap.br\/dcp\/wp-json\/wp\/v2\/media?parent=62"}],"curies":[{"name":"wp","href":"https:\/\/api.w.org\/{rel}","templated":true}]}}