{"id":5,"date":"2017-07-07T10:00:23","date_gmt":"2017-07-07T10:00:23","guid":{"rendered":"http:\/\/www2.unifap.br\/defin\/divisoes\/"},"modified":"2019-07-11T19:47:39","modified_gmt":"2019-07-11T19:47:39","slug":"divisoes","status":"publish","type":"page","link":"http:\/\/www2.unifap.br\/defin\/divisoes\/","title":{"rendered":"Divis\u00e3o de Execu\u00e7\u00e3o Or\u00e7ament\u00e1ria"},"content":{"rendered":"<p><span style=\"color: #008000\"><strong>EQUIPE:<\/strong><\/span><\/p>\n<p><strong>Maria do Socorro Monteiro Teixeira:<\/strong>\u00a0Resp. da divis\u00e3o<\/p>\n<p><strong>Michelle Helba Oliveira Marques :<\/strong> Contadora &#8211; Substituto eventual.<\/p>\n","protected":false},"excerpt":{"rendered":"<p>EQUIPE: Maria do Socorro Monteiro Teixeira:\u00a0Resp. da divis\u00e3o Michelle Helba Oliveira Marques : Contadora &#8211; Substituto eventual.<\/p>\n","protected":false},"author":19,"featured_media":0,"parent":0,"menu_order":1,"comment_status":"open","ping_status":"open","template":"","meta":{"inline_featured_image":false,"ngg_post_thumbnail":0,"footnotes":""},"class_list":["post-5","page","type-page","status-publish","hentry"],"_links":{"self":[{"href":"http:\/\/www2.unifap.br\/defin\/wp-json\/wp\/v2\/pages\/5","targetHints":{"allow":["GET"]}}],"collection":[{"href":"http:\/\/www2.unifap.br\/defin\/wp-json\/wp\/v2\/pages"}],"about":[{"href":"http:\/\/www2.unifap.br\/defin\/wp-json\/wp\/v2\/types\/page"}],"author":[{"embeddable":true,"href":"http:\/\/www2.unifap.br\/defin\/wp-json\/wp\/v2\/users\/19"}],"replies":[{"embeddable":true,"href":"http:\/\/www2.unifap.br\/defin\/wp-json\/wp\/v2\/comments?post=5"}],"version-history":[{"count":7,"href":"http:\/\/www2.unifap.br\/defin\/wp-json\/wp\/v2\/pages\/5\/revisions"}],"predecessor-version":[{"id":256,"href":"http:\/\/www2.unifap.br\/defin\/wp-json\/wp\/v2\/pages\/5\/revisions\/256"}],"wp:attachment":[{"href":"http:\/\/www2.unifap.br\/defin\/wp-json\/wp\/v2\/media?parent=5"}],"curies":[{"name":"wp","href":"https:\/\/api.w.org\/{rel}","templated":true}]}}