{"id":1250,"date":"2020-03-12T11:06:02","date_gmt":"2020-03-12T14:06:02","guid":{"rendered":"http:\/\/www2.unifap.br\/depag\/?page_id=1250"},"modified":"2024-03-08T00:53:52","modified_gmt":"2024-03-08T03:53:52","slug":"plano-anual-de-contratacoes-pac","status":"publish","type":"page","link":"http:\/\/www2.unifap.br\/depag\/plano-anual-de-contratacoes-pac\/","title":{"rendered":"Plano Anual de Contrata\u00e7\u00f5es \u2013 PAC"},"content":{"rendered":"<p style=\"text-align: justify\">O Plano Anual de Contrata\u00e7\u00f5es (PAC) \u00e9 um documento que consolida todas as contrata\u00e7\u00f5es e aquisi\u00e7\u00f5es que a UNIFAP pretende realizar ou prorrogar no exerc\u00edcio, visando auxiliar a administra\u00e7\u00e3o na tomada de decis\u00e3o.<\/p>\n<p style=\"text-align: justify\">Acesse aqui a planilha com todos os itens constantes no PAC da UNIFAP (atualizado em XXXX), juntamente com as informa\u00e7\u00f5es complementares. A planilha pode ser baixada ou impressa, caso necess\u00e1rio.<\/p>\n<p style=\"text-align: justify\">Tamb\u00e9m \u00e9 poss\u00edvel acessar o PAC da UNIFAP pelo Painel de Compras do Governo Federal. Utilize o filtro \u201cC\u00f3digo\/nome da UASG\u201d, inserindo no campo de pesquisa o n\u00famero \u201c154215\u201d para filtrar apenas os itens inseridos pela UNIFAP.<\/p>\n","protected":false},"excerpt":{"rendered":"<p>O Plano Anual de Contrata\u00e7\u00f5es (PAC) \u00e9 um documento que consolida todas as contrata\u00e7\u00f5es e aquisi\u00e7\u00f5es que a UNIFAP pretende realizar ou prorrogar no exerc\u00edcio, visando auxiliar a administra\u00e7\u00e3o na tomada de decis\u00e3o. Acesse aqui a planilha com todos os itens constantes no PAC da UNIFAP (atualizado em XXXX), juntamente com as informa\u00e7\u00f5es complementares. A&#8230;<\/p>\n","protected":false},"author":422,"featured_media":0,"parent":0,"menu_order":16,"comment_status":"closed","ping_status":"closed","template":"","meta":{"inline_featured_image":false,"site-sidebar-layout":"default","site-content-layout":"","ast-site-content-layout":"default","site-content-style":"default","site-sidebar-style":"default","ast-global-header-display":"","ast-banner-title-visibility":"","ast-main-header-display":"","ast-hfb-above-header-display":"","ast-hfb-below-header-display":"","ast-hfb-mobile-header-display":"","site-post-title":"","ast-breadcrumbs-content":"","ast-featured-img":"","footer-sml-layout":"","theme-transparent-header-meta":"","adv-header-id-meta":"","stick-header-meta":"","header-above-stick-meta":"","header-main-stick-meta":"","header-below-stick-meta":"","astra-migrate-meta-layouts":"default","ast-page-background-enabled":"default","ast-page-background-meta":{"desktop":{"background-color":"var(--ast-global-color-4)","background-image":"","background-repeat":"repeat","background-position":"center center","background-size":"auto","background-attachment":"scroll","background-type":"","background-media":"","overlay-type":"","overlay-color":"","overlay-opacity":"","overlay-gradient":""},"tablet":{"background-color":"","background-image":"","background-repeat":"repeat","background-position":"center center","background-size":"auto","background-attachment":"scroll","background-type":"","background-media":"","overlay-type":"","overlay-color":"","overlay-opacity":"","overlay-gradient":""},"mobile":{"background-color":"","background-image":"","background-repeat":"repeat","background-position":"center center","background-size":"auto","background-attachment":"scroll","background-type":"","background-media":"","overlay-type":"","overlay-color":"","overlay-opacity":"","overlay-gradient":""}},"ast-content-background-meta":{"desktop":{"background-color":"var(--ast-global-color-5)","background-image":"","background-repeat":"repeat","background-position":"center center","background-size":"auto","background-attachment":"scroll","background-type":"","background-media":"","overlay-type":"","overlay-color":"","overlay-opacity":"","overlay-gradient":""},"tablet":{"background-color":"var(--ast-global-color-5)","background-image":"","background-repeat":"repeat","background-position":"center center","background-size":"auto","background-attachment":"scroll","background-type":"","background-media":"","overlay-type":"","overlay-color":"","overlay-opacity":"","overlay-gradient":""},"mobile":{"background-color":"var(--ast-global-color-5)","background-image":"","background-repeat":"repeat","background-position":"center center","background-size":"auto","background-attachment":"scroll","background-type":"","background-media":"","overlay-type":"","overlay-color":"","overlay-opacity":"","overlay-gradient":""}},"ngg_post_thumbnail":0,"footnotes":""},"class_list":["post-1250","page","type-page","status-publish","hentry"],"_links":{"self":[{"href":"http:\/\/www2.unifap.br\/depag\/wp-json\/wp\/v2\/pages\/1250","targetHints":{"allow":["GET"]}}],"collection":[{"href":"http:\/\/www2.unifap.br\/depag\/wp-json\/wp\/v2\/pages"}],"about":[{"href":"http:\/\/www2.unifap.br\/depag\/wp-json\/wp\/v2\/types\/page"}],"author":[{"embeddable":true,"href":"http:\/\/www2.unifap.br\/depag\/wp-json\/wp\/v2\/users\/422"}],"replies":[{"embeddable":true,"href":"http:\/\/www2.unifap.br\/depag\/wp-json\/wp\/v2\/comments?post=1250"}],"version-history":[{"count":3,"href":"http:\/\/www2.unifap.br\/depag\/wp-json\/wp\/v2\/pages\/1250\/revisions"}],"predecessor-version":[{"id":1256,"href":"http:\/\/www2.unifap.br\/depag\/wp-json\/wp\/v2\/pages\/1250\/revisions\/1256"}],"wp:attachment":[{"href":"http:\/\/www2.unifap.br\/depag\/wp-json\/wp\/v2\/media?parent=1250"}],"curies":[{"name":"wp","href":"https:\/\/api.w.org\/{rel}","templated":true}]}}