{"id":1489,"date":"2023-01-25T11:32:05","date_gmt":"2023-01-25T14:32:05","guid":{"rendered":"https:\/\/www2.unifap.br\/depag\/?page_id=1489"},"modified":"2024-03-08T00:59:09","modified_gmt":"2024-03-08T03:59:09","slug":"programa-de-gestao-depag","status":"publish","type":"page","link":"http:\/\/www2.unifap.br\/depag\/","title":{"rendered":"Programa de Gest\u00e3o &#8211; DEPAG"},"content":{"rendered":"<h3><strong>PROGRAMA DE GEST\u00c3O<\/strong><\/h3>\n<p>O Programa de Gest\u00e3o est\u00e1 institu\u00eddo na Unifap atrav\u00e9s da Portaria n\u00ba 0818\/2022-Unifap.&nbsp; O Departamento de Administra\u00e7\u00e3o Geral &#8211; DEPAG&nbsp;aderiu ao PGD atrav\u00e9s do Processo n\u00ba 23125.000340\/2023-24.<\/p>\n<p>26\/01\/2023 &#8211; EDITAL DO PROGRAMA DE GEST\u00c3O &#8211; DEPAG <strong>(<a href=\"http:\/\/www2.unifap.br\/depag\/files\/2023\/01\/EDITAL-DO-PROGRAMA-DE-GESTAO-No-5-2023-DEPAG.pdf\" target=\"_blank\" rel=\"noopener\">Clique aqui<\/a>)<\/strong><\/p>\n<p>31\/01\/2023 &#8211; EDITAL DO PROGRAMA DE GEST\u00c3O ATUALIZADO &#8211; DEPAG <strong>(<a href=\"http:\/\/www2.unifap.br\/depag\/files\/2023\/01\/EDITAL-DO-PROGRAMA-DE-GESTAO-No-7.2023-DEPAG.pdf\">Clique aqui<\/a>)<\/strong><\/p>\n<p>31\/01\/2023 &#8211; DISTRIBUI\u00c7\u00d5ES DE CARGA HOR\u00c1RIA: TELETRABALHO\/PRESENCIAL (DEPAG\/DIMAT\/DDPH\/CAP\/DICONT) <strong>(<a href=\"http:\/\/www2.unifap.br\/depag\/files\/2023\/02\/DISTRIBUICOES-DE-CARGA-HORARIA-TELETRAB-DEPAG.pdf\">Clique aqui<\/a>)<\/strong><\/p>\n<p>17\/02\/2023 &#8211; DECIS\u00c3O ADMINISTRATIVA (PROGRAMA DE GEST\u00c3O) N\u00ba 2-2023 &#8211; PROAD <strong>(<a href=\"http:\/\/www2.unifap.br\/depag\/files\/2023\/02\/DECISAO-ADMINISTRATIVA-PROGRAMA-DE-GESTAO-No-2-2023-PROAD.pdf\" target=\"_blank\" rel=\"noopener\">Clique aqui<\/a>)<\/strong><\/p>\n<h3><a href=\"http:\/\/www2.unifap.br\/depag\/files\/2023\/02\/DISTRIBUICOES-DE-CARGA-HORARIA-TELETRAB-DEPAG_page-0001-2.jpg\"><img fetchpriority=\"high\" decoding=\"async\" class=\"aligncenter size-full wp-image-1514\" src=\"http:\/\/www2.unifap.br\/depag\/files\/2023\/02\/DISTRIBUICOES-DE-CARGA-HORARIA-TELETRAB-DEPAG_page-0001-2.jpg\" alt=\"\" width=\"1690\" height=\"1002\"><\/a><\/h3>\n<h3><strong>LEGISLA\u00c7\u00c3O E NORMAS<\/strong><\/h3>\n<p><a href=\"http:\/\/www2.unifap.br\/audint\/files\/2023\/01\/PORTARIA-0818-2022-UNIFAP.pdf\" target=\"_blank\" rel=\"noopener\"><strong>Portaria n\u00ba 0818-2022-UNIFAP&nbsp;<\/strong><\/a>&#8211; Autoriza e estabelece crit\u00e9rios e procedimentos, no \u00e2mbito da Universidade Federal do Amap\u00e1 &#8211; UNIFAP, para a ades\u00e3o ao Programa de Gest\u00e3o.<\/p>\n<p><a href=\"http:\/\/www.planalto.gov.br\/ccivil_03\/_ato2019-2022\/2022\/decreto\/D11072.htm\" target=\"_blank\" rel=\"noopener\"><strong>Decreto n\u00ba 11.072, de 17 de maio de 2022<\/strong><\/a>&nbsp;\u2013 Disp\u00f5e sobre o Programa de Gest\u00e3o e Desempenho \u2013 PGD da administra\u00e7\u00e3o p\u00fablica federal direta, aut\u00e1rquica e fundacional.<\/p>\n","protected":false},"excerpt":{"rendered":"<p>PROGRAMA DE GEST\u00c3O O Programa de Gest\u00e3o est\u00e1 institu\u00eddo na Unifap atrav\u00e9s da Portaria n\u00ba 0818\/2022-Unifap.&nbsp; O Departamento de Administra\u00e7\u00e3o Geral &#8211; DEPAG&nbsp;aderiu ao PGD atrav\u00e9s do Processo n\u00ba 23125.000340\/2023-24. 26\/01\/2023 &#8211; EDITAL DO PROGRAMA DE GEST\u00c3O &#8211; DEPAG (Clique aqui) 31\/01\/2023 &#8211; EDITAL DO PROGRAMA DE GEST\u00c3O ATUALIZADO &#8211; DEPAG (Clique aqui) 31\/01\/2023 &#8211;&#8230;<\/p>\n","protected":false},"author":831,"featured_media":0,"parent":0,"menu_order":0,"comment_status":"closed","ping_status":"closed","template":"","meta":{"inline_featured_image":false,"site-sidebar-layout":"default","site-content-layout":"","ast-site-content-layout":"default","site-content-style":"default","site-sidebar-style":"default","ast-global-header-display":"","ast-banner-title-visibility":"","ast-main-header-display":"","ast-hfb-above-header-display":"","ast-hfb-below-header-display":"","ast-hfb-mobile-header-display":"","site-post-title":"","ast-breadcrumbs-content":"","ast-featured-img":"","footer-sml-layout":"","theme-transparent-header-meta":"","adv-header-id-meta":"","stick-header-meta":"","header-above-stick-meta":"","header-main-stick-meta":"","header-below-stick-meta":"","astra-migrate-meta-layouts":"default","ast-page-background-enabled":"default","ast-page-background-meta":{"desktop":{"background-color":"var(--ast-global-color-4)","background-image":"","background-repeat":"repeat","background-position":"center center","background-size":"auto","background-attachment":"scroll","background-type":"","background-media":"","overlay-type":"","overlay-color":"","overlay-opacity":"","overlay-gradient":""},"tablet":{"background-color":"","background-image":"","background-repeat":"repeat","background-position":"center center","background-size":"auto","background-attachment":"scroll","background-type":"","background-media":"","overlay-type":"","overlay-color":"","overlay-opacity":"","overlay-gradient":""},"mobile":{"background-color":"","background-image":"","background-repeat":"repeat","background-position":"center center","background-size":"auto","background-attachment":"scroll","background-type":"","background-media":"","overlay-type":"","overlay-color":"","overlay-opacity":"","overlay-gradient":""}},"ast-content-background-meta":{"desktop":{"background-color":"var(--ast-global-color-5)","background-image":"","background-repeat":"repeat","background-position":"center center","background-size":"auto","background-attachment":"scroll","background-type":"","background-media":"","overlay-type":"","overlay-color":"","overlay-opacity":"","overlay-gradient":""},"tablet":{"background-color":"var(--ast-global-color-5)","background-image":"","background-repeat":"repeat","background-position":"center center","background-size":"auto","background-attachment":"scroll","background-type":"","background-media":"","overlay-type":"","overlay-color":"","overlay-opacity":"","overlay-gradient":""},"mobile":{"background-color":"var(--ast-global-color-5)","background-image":"","background-repeat":"repeat","background-position":"center center","background-size":"auto","background-attachment":"scroll","background-type":"","background-media":"","overlay-type":"","overlay-color":"","overlay-opacity":"","overlay-gradient":""}},"ngg_post_thumbnail":0,"footnotes":""},"class_list":["post-1489","page","type-page","status-publish","hentry"],"_links":{"self":[{"href":"http:\/\/www2.unifap.br\/depag\/wp-json\/wp\/v2\/pages\/1489","targetHints":{"allow":["GET"]}}],"collection":[{"href":"http:\/\/www2.unifap.br\/depag\/wp-json\/wp\/v2\/pages"}],"about":[{"href":"http:\/\/www2.unifap.br\/depag\/wp-json\/wp\/v2\/types\/page"}],"author":[{"embeddable":true,"href":"http:\/\/www2.unifap.br\/depag\/wp-json\/wp\/v2\/users\/831"}],"replies":[{"embeddable":true,"href":"http:\/\/www2.unifap.br\/depag\/wp-json\/wp\/v2\/comments?post=1489"}],"version-history":[{"count":17,"href":"http:\/\/www2.unifap.br\/depag\/wp-json\/wp\/v2\/pages\/1489\/revisions"}],"predecessor-version":[{"id":1712,"href":"http:\/\/www2.unifap.br\/depag\/wp-json\/wp\/v2\/pages\/1489\/revisions\/1712"}],"wp:attachment":[{"href":"http:\/\/www2.unifap.br\/depag\/wp-json\/wp\/v2\/media?parent=1489"}],"curies":[{"name":"wp","href":"https:\/\/api.w.org\/{rel}","templated":true}]}}