{"id":1812,"date":"2024-07-01T12:09:52","date_gmt":"2024-07-01T15:09:52","guid":{"rendered":"https:\/\/www2.unifap.br\/depag\/?page_id=1812"},"modified":"2024-11-26T08:51:04","modified_gmt":"2024-11-26T11:51:04","slug":"servico-de-transportes-setrans","status":"publish","type":"page","link":"http:\/\/www2.unifap.br\/depag\/unidades\/servico-de-transportes-setrans\/","title":{"rendered":"Servi\u00e7o de Transportes (SETRANS)"},"content":{"rendered":"<h4><strong>SERVI\u00c7O DE TRANSPORTES (SETRANS)<\/strong><\/h4>\n<p>O Setor de Transporte est\u00e1 vinculado ao Departamento de Administra\u00e7\u00e3o Geral, sendo respons\u00e1vel pelo gerenciamento da frota de ve\u00edculos, a qual \u00e9 de suma import\u00e2ncia para que a universidade alcance seus objetivos, auxiliando nas atividades administrativas, tais como, circula\u00e7\u00e3o de materiais, de pessoas, documentos e informa\u00e7\u00f5es, atuando tamb\u00e9m nas atividades acad\u00eamicas, como, aulas de campo, a\u00e7\u00f5es de extens\u00e3o, projetos de pesquisas e outras demandas de interesse da Institui\u00e7\u00e3o. Al\u00e9m do Campus Marco Zero, h\u00e1 tamb\u00e9m as unidades administrativas dos demais Campi: Binacional que fica a 600 km da sede, Santana distante 30 km e Mazag\u00e3o a 70 km, todos em pleno funcionamento. O Setor de Transporte tamb\u00e9m atua no gerenciamento e manuten\u00e7\u00e3o da frota de ve\u00edculos.<\/p>\n<p>&nbsp;<\/p>\n<h4><strong>SERVIDORES&nbsp;<\/strong><\/h4>\n<ul>\n<li><strong>Valdinei de Lima Favacho<\/strong> \u2013&nbsp;Chefe do Setor de Transporte<\/li>\n<li><strong>Jos\u00e9 Augusto Pessoa de Souza<\/strong> &#8211; Economista&nbsp;<\/li>\n<li><strong>Elson Guedes dos Santos<\/strong> \u2013 Motorista<\/li>\n<li><strong>Alfredo da Silva Braga<\/strong> \u2013&nbsp;Motorista<\/li>\n<li><strong>Jo\u00e3o Batista da Silva Ramos<\/strong>&nbsp;\u2013&nbsp;Motorista<\/li>\n<\/ul>\n<h4>&nbsp;<\/h4>\n<h4><strong>HOR\u00c1RIO DE ATENDIMENTO<\/strong><\/h4>\n<ul>\n<li>Segunda a Sexta \u2013 08-12h \/ 14-18h<\/li>\n<li><strong>E-mail<\/strong>: valdinei.favacho@unifap.br&nbsp;&nbsp;\n<div class=\"dr\">\n<div>&nbsp;<\/div>\n<\/div>\n<\/li>\n<\/ul>\n<h4><strong>LEGISLA\u00c7\u00c3O QUE REGULA A CONSTITUI\u00c7\u00c3O E A FORMA DE UTILIZA\u00c7\u00c3O DA FROTA DE VE\u00cdCULOS<\/strong><\/h4>\n<p><span style=\"font-weight: 400\">O arcabou\u00e7o e a execu\u00e7\u00e3o da Legisla\u00e7\u00e3o que norteia a regula\u00e7\u00e3o e a utiliza\u00e7\u00e3o da Frota de ve\u00edculos da UNIFAP fundamenta-se na&nbsp; exist\u00eancia de normas e dispositivos t\u00e9cnico-jur\u00eddico que possibilitam viabilizar o processo de planejamento das a\u00e7\u00f5es t\u00e9cnico-institucional por parte do SETRANS, na programa\u00e7\u00e3o para atender \u00e0s necessidades de transportes e deslocamentos entre as sua Unidades Administrativas localizadas em Macap\u00e1, Santana, Mazag\u00e3o e Oiapoque, tais quais:<\/span><\/p>\n<ul>\n<li><span style=\"font-weight: 400\">Decreto N\u00b0 9.287\/2018:Versa sobre normas e dispositivos sobre a utiliza\u00e7\u00e3o de ve\u00edculos oficiais pela Administra\u00e7\u00e3o P\u00fablica Federal direta, Aut\u00e1rquica e Fundacional.<\/span><\/li>\n<li><span style=\"font-weight: 400\">Lei N\u00b0 9.327\/1996: Estrutura normas sobre a condu\u00e7\u00e3o de ve\u00edculos oficiais.<\/span><\/li>\n<li><span style=\"font-weight: 400\">Lei N\u00b0 9.503\/1997: Implementa o C\u00f3digo Nacional Tr\u00e2nsito Brasileiro.<\/span><\/li>\n<li><span style=\"font-weight: 400\">Instru\u00e7\u00e3o Normativa SLTI\/MP N\u00b003\/2008: Estabelece normas sobre classifica\u00e7\u00e3o, utiliza\u00e7\u00e3o, identifica\u00e7\u00e3o, aquisi\u00e7\u00e3o e aliena\u00e7\u00e3o de ve\u00edculos oficiais.<\/span><\/li>\n<li><span style=\"font-weight: 400\">Procedimento Operacional Padr\u00e3o (POP) n\u00b0 1102230604, que faz refer\u00eancia ao planejamento e gest\u00e3o de viagens na Universidade Federal do Amap\u00e1.<\/span><\/li>\n<\/ul>\n<p>&nbsp;<\/p>\n<h4><strong>DADOS ABERTOS &#8211; SETRANS <\/strong><\/h4>\n<p><strong>JULHO\/2024&nbsp;<\/strong><\/p>\n<ul>\n<li>Relat\u00f3rios de Ve\u00edculos Oficiais (<a href=\"http:\/\/www2.unifap.br\/depag\/files\/2024\/07\/Relatorio_Veiculos-SETRANS-UNIFAP.pdf\" target=\"_blank\" rel=\"noopener\">Clique Aqui<\/a>)<\/li>\n<li>Relat\u00f3rio Consumo x Unidade x Veiculo (<a href=\"http:\/\/www2.unifap.br\/depag\/files\/2024\/07\/RelatorioConsumoUnidadeVeiculo-20240701105643.pdf\" target=\"_blank\" rel=\"noopener\">Clique Aqui)<\/a><\/li>\n<\/ul>\n<h4>&nbsp;<\/h4>\n<h4>ORIENTA\u00c7\u00d5ES&nbsp; QUANTO A SOLICITA\u00c7\u00c3O DE DESLOCAMENTO<\/h4>\n<p><span style=\"font-weight: 400\">A Funda\u00e7\u00e3o Universidade Federal do Amap\u00e1 (UNIFAP) disponibiliza orienta\u00e7\u00f5es para solicita\u00e7\u00f5es de deslocamento e utiliza\u00e7\u00e3o de ve\u00edculos institucionais. Este documento visa garantir a efici\u00eancia, seguran\u00e7a e transpar\u00eancia na gest\u00e3o dos ve\u00edculos da institui\u00e7\u00e3o.<\/span><\/p>\n<p><strong>Acesse o documento<\/strong><\/p>\n<p><span style=\"font-weight: 400\"><a href=\"http:\/\/www2.unifap.br\/depag\/files\/2024\/11\/ORIENTACOES-PARA-SOLICITACAO-DE-DESLOCAMENTO.pdf\">Clique aqui<\/a> para acessar as Orienta\u00e7\u00f5es para Solicita\u00e7\u00f5es de Deslocamento e Utiliza\u00e7\u00e3o de Ve\u00edculo Institucional da UNIFAP. <\/span><\/p>\n<p><span style=\"font-weight: 400\">Arquivo: <\/span><a href=\"http:\/\/www2.unifap.br\/depag\/files\/2024\/11\/ORIENTACOES-PARA-SOLICITACAO-DE-DESLOCAMENTO.pdf\">ORIENTA\u00c7\u00d5ES PARA SOLICITA\u00c7\u00c3O DE DESLOCAMENTO<\/a><\/p>\n<p>&nbsp;<\/p>\n","protected":false},"excerpt":{"rendered":"<p>SERVI\u00c7O DE TRANSPORTES (SETRANS) O Setor de Transporte est\u00e1 vinculado ao Departamento de Administra\u00e7\u00e3o Geral, sendo respons\u00e1vel pelo gerenciamento da frota de ve\u00edculos, a qual \u00e9 de suma import\u00e2ncia para que a universidade alcance seus objetivos, auxiliando nas atividades administrativas, tais como, circula\u00e7\u00e3o de materiais, de pessoas, documentos e informa\u00e7\u00f5es, atuando tamb\u00e9m nas atividades acad\u00eamicas,&#8230;<\/p>\n","protected":false},"author":831,"featured_media":0,"parent":1775,"menu_order":0,"comment_status":"closed","ping_status":"closed","template":"","meta":{"inline_featured_image":false,"site-sidebar-layout":"default","site-content-layout":"","ast-site-content-layout":"default","site-content-style":"default","site-sidebar-style":"default","ast-global-header-display":"","ast-banner-title-visibility":"","ast-main-header-display":"","ast-hfb-above-header-display":"","ast-hfb-below-header-display":"","ast-hfb-mobile-header-display":"","site-post-title":"","ast-breadcrumbs-content":"","ast-featured-img":"","footer-sml-layout":"","theme-transparent-header-meta":"default","adv-header-id-meta":"","stick-header-meta":"","header-above-stick-meta":"","header-main-stick-meta":"","header-below-stick-meta":"","astra-migrate-meta-layouts":"set","ast-page-background-enabled":"default","ast-page-background-meta":{"desktop":{"background-color":"var(--ast-global-color-4)","background-image":"","background-repeat":"repeat","background-position":"center center","background-size":"auto","background-attachment":"scroll","background-type":"","background-media":"","overlay-type":"","overlay-color":"","overlay-opacity":"","overlay-gradient":""},"tablet":{"background-color":"","background-image":"","background-repeat":"repeat","background-position":"center center","background-size":"auto","background-attachment":"scroll","background-type":"","background-media":"","overlay-type":"","overlay-color":"","overlay-opacity":"","overlay-gradient":""},"mobile":{"background-color":"","background-image":"","background-repeat":"repeat","background-position":"center center","background-size":"auto","background-attachment":"scroll","background-type":"","background-media":"","overlay-type":"","overlay-color":"","overlay-opacity":"","overlay-gradient":""}},"ast-content-background-meta":{"desktop":{"background-color":"var(--ast-global-color-5)","background-image":"","background-repeat":"repeat","background-position":"center center","background-size":"auto","background-attachment":"scroll","background-type":"","background-media":"","overlay-type":"","overlay-color":"","overlay-opacity":"","overlay-gradient":""},"tablet":{"background-color":"var(--ast-global-color-5)","background-image":"","background-repeat":"repeat","background-position":"center center","background-size":"auto","background-attachment":"scroll","background-type":"","background-media":"","overlay-type":"","overlay-color":"","overlay-opacity":"","overlay-gradient":""},"mobile":{"background-color":"var(--ast-global-color-5)","background-image":"","background-repeat":"repeat","background-position":"center center","background-size":"auto","background-attachment":"scroll","background-type":"","background-media":"","overlay-type":"","overlay-color":"","overlay-opacity":"","overlay-gradient":""}},"ngg_post_thumbnail":0,"footnotes":""},"class_list":["post-1812","page","type-page","status-publish","hentry"],"_links":{"self":[{"href":"http:\/\/www2.unifap.br\/depag\/wp-json\/wp\/v2\/pages\/1812","targetHints":{"allow":["GET"]}}],"collection":[{"href":"http:\/\/www2.unifap.br\/depag\/wp-json\/wp\/v2\/pages"}],"about":[{"href":"http:\/\/www2.unifap.br\/depag\/wp-json\/wp\/v2\/types\/page"}],"author":[{"embeddable":true,"href":"http:\/\/www2.unifap.br\/depag\/wp-json\/wp\/v2\/users\/831"}],"replies":[{"embeddable":true,"href":"http:\/\/www2.unifap.br\/depag\/wp-json\/wp\/v2\/comments?post=1812"}],"version-history":[{"count":6,"href":"http:\/\/www2.unifap.br\/depag\/wp-json\/wp\/v2\/pages\/1812\/revisions"}],"predecessor-version":[{"id":1856,"href":"http:\/\/www2.unifap.br\/depag\/wp-json\/wp\/v2\/pages\/1812\/revisions\/1856"}],"up":[{"embeddable":true,"href":"http:\/\/www2.unifap.br\/depag\/wp-json\/wp\/v2\/pages\/1775"}],"wp:attachment":[{"href":"http:\/\/www2.unifap.br\/depag\/wp-json\/wp\/v2\/media?parent=1812"}],"curies":[{"name":"wp","href":"https:\/\/api.w.org\/{rel}","templated":true}]}}