{"id":1872,"date":"2025-01-18T00:22:02","date_gmt":"2025-01-18T03:22:02","guid":{"rendered":"https:\/\/www2.unifap.br\/depag\/?page_id=1872"},"modified":"2025-01-18T00:38:13","modified_gmt":"2025-01-18T03:38:13","slug":"agenda-do-diretor","status":"publish","type":"page","link":"http:\/\/www2.unifap.br\/depag\/equipe\/agenda-do-diretor\/","title":{"rendered":"Agenda do Diretor"},"content":{"rendered":"<p>Prezados, segue disponibilidade para agendamento de reuni\u00f5es junto ao Diretor do Departamento de Administra\u00e7\u00e3o Geral (DEPAG). Para facilitar e dinamizar as reuni\u00f5es, oferecemos op\u00e7\u00f5es presenciais e via Google Meet.<\/p>\n<p><strong>Instru\u00e7\u00f5es para agendamento: <\/strong><\/p>\n<p>1. Acesse: <strong>(<a href=\"https:\/\/calendar.google.com\/calendar\/u\/0\/appointments\/schedules\/AcZssZ0U3FurLWY24R79jgthWTnc5CVstxdJ9gs1IrYPNuUuvFdZJM1JeHwdmc__X8wt8yAfywGhE60w\">Agenda do Diretor<\/a>)<\/strong>&nbsp;<\/p>\n<p>2. Selecione o hor\u00e1rio desejado.<\/p>\n<p>3. Informe nome, cargo e assunto\/pauta da reuni\u00e3o.<\/p>\n<p>4. Confirme.<\/p>\n<p><strong>Reuni\u00f5es online (Google Meet): <\/strong><\/p>\n<ul>\n<li>O link ser\u00e1 gerado e enviado 10 minutos antes do hor\u00e1rio marcado.<\/li>\n<li>Certifique-se de ter uma conex\u00e3o est\u00e1vel e um navegador atualizado.<\/li>\n<\/ul>\n<p><strong>Para d\u00favidas ou problemas t\u00e9cnicos, contate&nbsp;<a href=\"mailto:depag@unifap.br\" target=\"_blank\" rel=\"noopener\">depag@unifap.br<\/a>&nbsp;<\/strong><\/p>\n<p>&nbsp;<\/p>\n<h5>&nbsp;<\/h5>\n<h5>&nbsp;<\/h5>\n","protected":false},"excerpt":{"rendered":"<p>Prezados, segue disponibilidade para agendamento de reuni\u00f5es junto ao Diretor do Departamento de Administra\u00e7\u00e3o Geral (DEPAG). Para facilitar e dinamizar as reuni\u00f5es, oferecemos op\u00e7\u00f5es presenciais e via Google Meet. Instru\u00e7\u00f5es para agendamento: 1. Acesse: (Agenda do Diretor)&nbsp; 2. Selecione o hor\u00e1rio desejado. 3. Informe nome, cargo e assunto\/pauta da reuni\u00e3o. 4. Confirme. Reuni\u00f5es online (Google&#8230;<\/p>\n","protected":false},"author":831,"featured_media":0,"parent":83,"menu_order":3,"comment_status":"closed","ping_status":"closed","template":"","meta":{"inline_featured_image":false,"site-sidebar-layout":"default","site-content-layout":"","ast-site-content-layout":"default","site-content-style":"default","site-sidebar-style":"default","ast-global-header-display":"","ast-banner-title-visibility":"","ast-main-header-display":"","ast-hfb-above-header-display":"","ast-hfb-below-header-display":"","ast-hfb-mobile-header-display":"","site-post-title":"","ast-breadcrumbs-content":"","ast-featured-img":"","footer-sml-layout":"","theme-transparent-header-meta":"default","adv-header-id-meta":"","stick-header-meta":"","header-above-stick-meta":"","header-main-stick-meta":"","header-below-stick-meta":"","astra-migrate-meta-layouts":"set","ast-page-background-enabled":"default","ast-page-background-meta":{"desktop":{"background-color":"var(--ast-global-color-4)","background-image":"","background-repeat":"repeat","background-position":"center center","background-size":"auto","background-attachment":"scroll","background-type":"","background-media":"","overlay-type":"","overlay-color":"","overlay-opacity":"","overlay-gradient":""},"tablet":{"background-color":"","background-image":"","background-repeat":"repeat","background-position":"center center","background-size":"auto","background-attachment":"scroll","background-type":"","background-media":"","overlay-type":"","overlay-color":"","overlay-opacity":"","overlay-gradient":""},"mobile":{"background-color":"","background-image":"","background-repeat":"repeat","background-position":"center center","background-size":"auto","background-attachment":"scroll","background-type":"","background-media":"","overlay-type":"","overlay-color":"","overlay-opacity":"","overlay-gradient":""}},"ast-content-background-meta":{"desktop":{"background-color":"var(--ast-global-color-5)","background-image":"","background-repeat":"repeat","background-position":"center center","background-size":"auto","background-attachment":"scroll","background-type":"","background-media":"","overlay-type":"","overlay-color":"","overlay-opacity":"","overlay-gradient":""},"tablet":{"background-color":"var(--ast-global-color-5)","background-image":"","background-repeat":"repeat","background-position":"center center","background-size":"auto","background-attachment":"scroll","background-type":"","background-media":"","overlay-type":"","overlay-color":"","overlay-opacity":"","overlay-gradient":""},"mobile":{"background-color":"var(--ast-global-color-5)","background-image":"","background-repeat":"repeat","background-position":"center center","background-size":"auto","background-attachment":"scroll","background-type":"","background-media":"","overlay-type":"","overlay-color":"","overlay-opacity":"","overlay-gradient":""}},"ngg_post_thumbnail":0,"footnotes":""},"class_list":["post-1872","page","type-page","status-publish","hentry"],"_links":{"self":[{"href":"http:\/\/www2.unifap.br\/depag\/wp-json\/wp\/v2\/pages\/1872","targetHints":{"allow":["GET"]}}],"collection":[{"href":"http:\/\/www2.unifap.br\/depag\/wp-json\/wp\/v2\/pages"}],"about":[{"href":"http:\/\/www2.unifap.br\/depag\/wp-json\/wp\/v2\/types\/page"}],"author":[{"embeddable":true,"href":"http:\/\/www2.unifap.br\/depag\/wp-json\/wp\/v2\/users\/831"}],"replies":[{"embeddable":true,"href":"http:\/\/www2.unifap.br\/depag\/wp-json\/wp\/v2\/comments?post=1872"}],"version-history":[{"count":10,"href":"http:\/\/www2.unifap.br\/depag\/wp-json\/wp\/v2\/pages\/1872\/revisions"}],"predecessor-version":[{"id":1884,"href":"http:\/\/www2.unifap.br\/depag\/wp-json\/wp\/v2\/pages\/1872\/revisions\/1884"}],"up":[{"embeddable":true,"href":"http:\/\/www2.unifap.br\/depag\/wp-json\/wp\/v2\/pages\/83"}],"wp:attachment":[{"href":"http:\/\/www2.unifap.br\/depag\/wp-json\/wp\/v2\/media?parent=1872"}],"curies":[{"name":"wp","href":"https:\/\/api.w.org\/{rel}","templated":true}]}}