{"id":8262,"date":"2014-12-05T12:45:45","date_gmt":"2014-12-05T12:45:45","guid":{"rendered":"http:\/\/www2.unifap.br\/dex\/?page_id=8262"},"modified":"2023-01-26T12:14:23","modified_gmt":"2023-01-26T12:14:23","slug":"certificados","status":"publish","type":"page","link":"http:\/\/www2.unifap.br\/dex\/certificados\/","title":{"rendered":"Certificados"},"content":{"rendered":"\t\t<div data-elementor-type=\"wp-page\" data-elementor-id=\"8262\" class=\"elementor elementor-8262\">\n\t\t\t\t\t\t<section class=\"elementor-section elementor-top-section elementor-element elementor-element-70a7bf71 elementor-section-boxed elementor-section-height-default elementor-section-height-default\" data-id=\"70a7bf71\" data-element_type=\"section\" data-e-type=\"section\">\n\t\t\t\t\t\t<div class=\"elementor-container elementor-column-gap-default\">\n\t\t\t\t\t<div class=\"elementor-column elementor-col-100 elementor-top-column elementor-element elementor-element-252d4acb\" data-id=\"252d4acb\" data-element_type=\"column\" data-e-type=\"column\">\n\t\t\t<div class=\"elementor-widget-wrap elementor-element-populated\">\n\t\t\t\t\t\t<div class=\"elementor-element elementor-element-1b5616e1 elementor-widget elementor-widget-text-editor\" data-id=\"1b5616e1\" data-element_type=\"widget\" data-e-type=\"widget\" data-widget_type=\"text-editor.default\">\n\t\t\t\t<div class=\"elementor-widget-container\">\n\t\t\t\t\t\t\t\t\t<h4><a href=\"http:\/\/www2.unifap.br\/dex\/regulamento-para-emissao-de-certificados-e-declaracoes\/\"><span style=\"color: #008080\"><strong>Regulamento para emiss\u00e3o de certificados e declara\u00e7\u00f5es<\/strong><\/span><\/a><\/h4><h4><strong>Formul\u00e1rio para emiss\u00e3o de certificados &#8211;\u00a0 <\/strong><a href=\"https:\/\/forms.gle\/TJKmHr1ASGHe9ZFW9\"><span style=\"color: #008080\"><strong>Clique aqui<\/strong><\/span><\/a><\/h4><h3><a href=\"http:\/\/www2.unifap.br\/dex\/certificados\/2018-2\/\">2018<\/a><\/h3><h3><a href=\"http:\/\/www2.unifap.br\/dex\/certificados\/2017-2\/\">2017<\/a><\/h3><h3><a href=\"http:\/\/www2.unifap.br\/dex\/certificados\/2016-2\/\">2016<\/a><\/h3><h3><a href=\"http:\/\/www2.unifap.br\/dex\/certificados\/2015-2\/\">2015<\/a><\/h3><h3><a href=\"http:\/\/www2.unifap.br\/dex\/certificados\/2014-2\/\">2014<\/a><\/h3>\t\t\t\t\t\t\t\t<\/div>\n\t\t\t\t<\/div>\n\t\t\t\t\t<\/div>\n\t\t<\/div>\n\t\t\t\t\t<\/div>\n\t\t<\/section>\n\t\t\t\t<\/div>\n\t\t","protected":false},"excerpt":{"rendered":"<p>Regulamento para emiss\u00e3o de certificados e declara\u00e7\u00f5es Formul\u00e1rio para emiss\u00e3o de certificados &#8211;\u00a0 Clique aqui 2018 2017 2016 2015 2014<\/p>\n","protected":false},"author":925,"featured_media":0,"parent":0,"menu_order":5,"comment_status":"closed","ping_status":"open","template":"","meta":{"inline_featured_image":false,"ngg_post_thumbnail":0,"footnotes":""},"class_list":["post-8262","page","type-page","status-publish","hentry","entry"],"_links":{"self":[{"href":"http:\/\/www2.unifap.br\/dex\/wp-json\/wp\/v2\/pages\/8262","targetHints":{"allow":["GET"]}}],"collection":[{"href":"http:\/\/www2.unifap.br\/dex\/wp-json\/wp\/v2\/pages"}],"about":[{"href":"http:\/\/www2.unifap.br\/dex\/wp-json\/wp\/v2\/types\/page"}],"author":[{"embeddable":true,"href":"http:\/\/www2.unifap.br\/dex\/wp-json\/wp\/v2\/users\/925"}],"replies":[{"embeddable":true,"href":"http:\/\/www2.unifap.br\/dex\/wp-json\/wp\/v2\/comments?post=8262"}],"version-history":[{"count":100,"href":"http:\/\/www2.unifap.br\/dex\/wp-json\/wp\/v2\/pages\/8262\/revisions"}],"predecessor-version":[{"id":14669,"href":"http:\/\/www2.unifap.br\/dex\/wp-json\/wp\/v2\/pages\/8262\/revisions\/14669"}],"wp:attachment":[{"href":"http:\/\/www2.unifap.br\/dex\/wp-json\/wp\/v2\/media?parent=8262"}],"curies":[{"name":"wp","href":"https:\/\/api.w.org\/{rel}","templated":true}]}}