{"id":35,"date":"2021-08-02T08:00:26","date_gmt":"2021-08-02T08:00:26","guid":{"rendered":"http:\/\/www2.unifap.br\/dfch\/?page_id=35"},"modified":"2025-12-01T20:04:02","modified_gmt":"2025-12-01T20:04:02","slug":"editais-andamento","status":"publish","type":"page","link":"http:\/\/www2.unifap.br\/dfch\/editais-andamento\/","title":{"rendered":"Editais em andamento"},"content":{"rendered":"\t\t<div data-elementor-type=\"wp-page\" data-elementor-id=\"35\" class=\"elementor elementor-35\">\n\t\t\t\t\t\t<section class=\"elementor-section elementor-top-section elementor-element elementor-element-2fcc496 elementor-section-height-min-height elementor-section-boxed elementor-section-height-default elementor-section-items-middle\" data-id=\"2fcc496\" data-element_type=\"section\" data-e-type=\"section\" data-settings=\"{&quot;background_background&quot;:&quot;classic&quot;}\">\n\t\t\t\t\t\t\t<div class=\"elementor-background-overlay\"><\/div>\n\t\t\t\t\t\t\t<div class=\"elementor-container elementor-column-gap-default\">\n\t\t\t\t\t<div class=\"elementor-column elementor-col-100 elementor-top-column elementor-element elementor-element-0543e43\" data-id=\"0543e43\" data-element_type=\"column\" data-e-type=\"column\">\n\t\t\t<div class=\"elementor-widget-wrap elementor-element-populated\">\n\t\t\t\t\t\t<div class=\"elementor-element elementor-element-07fe3e5 elementor-widget elementor-widget-heading\" data-id=\"07fe3e5\" data-element_type=\"widget\" data-e-type=\"widget\" data-widget_type=\"heading.default\">\n\t\t\t\t<div class=\"elementor-widget-container\">\n\t\t\t\t\t<h2 class=\"elementor-heading-title elementor-size-large\"><b>EDITAIS EM ANDAMENTO<\/b><\/h2>\t\t\t\t<\/div>\n\t\t\t\t<\/div>\n\t\t\t\t<div class=\"elementor-element elementor-element-293b6a5 elementor-widget-divider--view-line elementor-widget elementor-widget-divider\" data-id=\"293b6a5\" data-element_type=\"widget\" data-e-type=\"widget\" data-widget_type=\"divider.default\">\n\t\t\t\t<div class=\"elementor-widget-container\">\n\t\t\t\t\t\t\t<div class=\"elementor-divider\">\n\t\t\t<span class=\"elementor-divider-separator\">\n\t\t\t\t\t\t<\/span>\n\t\t<\/div>\n\t\t\t\t\t\t<\/div>\n\t\t\t\t<\/div>\n\t\t\t\t<div class=\"elementor-element elementor-element-0d2e004 elementor-widget elementor-widget-heading\" data-id=\"0d2e004\" data-element_type=\"widget\" data-e-type=\"widget\" data-widget_type=\"heading.default\">\n\t\t\t\t<div class=\"elementor-widget-container\">\n\t\t\t\t\t<p class=\"elementor-heading-title elementor-size-large\"><b>Se\u00e7\u00e3o dedicada \u00e0 informa\u00e7\u00f5es, sobre editais publicados pelo DFCH.<\/b><\/p>\t\t\t\t<\/div>\n\t\t\t\t<\/div>\n\t\t\t\t\t<\/div>\n\t\t<\/div>\n\t\t\t\t\t<\/div>\n\t\t<\/section>\n\t\t\t\t<section class=\"elementor-section elementor-top-section elementor-element elementor-element-6a58c29 elementor-section-boxed elementor-section-height-default elementor-section-height-default\" data-id=\"6a58c29\" data-element_type=\"section\" data-e-type=\"section\">\n\t\t\t\t\t\t<div class=\"elementor-container elementor-column-gap-default\">\n\t\t\t\t\t<div class=\"elementor-column elementor-col-50 elementor-top-column elementor-element elementor-element-bdfae1f\" data-id=\"bdfae1f\" data-element_type=\"column\" data-e-type=\"column\">\n\t\t\t<div class=\"elementor-widget-wrap elementor-element-populated\">\n\t\t\t\t\t\t<div class=\"elementor-element elementor-element-70e9a14 elementor-widget elementor-widget-spacer\" data-id=\"70e9a14\" data-element_type=\"widget\" data-e-type=\"widget\" data-widget_type=\"spacer.default\">\n\t\t\t\t<div class=\"elementor-widget-container\">\n\t\t\t\t\t\t\t<div class=\"elementor-spacer\">\n\t\t\t<div class=\"elementor-spacer-inner\"><\/div>\n\t\t<\/div>\n\t\t\t\t\t\t<\/div>\n\t\t\t\t<\/div>\n\t\t\t\t<div class=\"elementor-element elementor-element-8b92bc8 elementor-widget elementor-widget-spacer\" data-id=\"8b92bc8\" data-element_type=\"widget\" data-e-type=\"widget\" data-widget_type=\"spacer.default\">\n\t\t\t\t<div class=\"elementor-widget-container\">\n\t\t\t\t\t\t\t<div class=\"elementor-spacer\">\n\t\t\t<div class=\"elementor-spacer-inner\"><\/div>\n\t\t<\/div>\n\t\t\t\t\t\t<\/div>\n\t\t\t\t<\/div>\n\t\t\t\t\t<\/div>\n\t\t<\/div>\n\t\t\t\t<div class=\"elementor-column elementor-col-50 elementor-top-column elementor-element elementor-element-cd419a9\" data-id=\"cd419a9\" data-element_type=\"column\" data-e-type=\"column\">\n\t\t\t<div class=\"elementor-widget-wrap elementor-element-populated\">\n\t\t\t\t\t\t<div class=\"elementor-element elementor-element-b301e29 elementor-widget elementor-widget-spacer\" data-id=\"b301e29\" data-element_type=\"widget\" data-e-type=\"widget\" data-widget_type=\"spacer.default\">\n\t\t\t\t<div class=\"elementor-widget-container\">\n\t\t\t\t\t\t\t<div class=\"elementor-spacer\">\n\t\t\t<div class=\"elementor-spacer-inner\"><\/div>\n\t\t<\/div>\n\t\t\t\t\t\t<\/div>\n\t\t\t\t<\/div>\n\t\t\t\t<div class=\"elementor-element elementor-element-9e3bdbc elementor-widget elementor-widget-spacer\" data-id=\"9e3bdbc\" data-element_type=\"widget\" data-e-type=\"widget\" data-widget_type=\"spacer.default\">\n\t\t\t\t<div class=\"elementor-widget-container\">\n\t\t\t\t\t\t\t<div class=\"elementor-spacer\">\n\t\t\t<div class=\"elementor-spacer-inner\"><\/div>\n\t\t<\/div>\n\t\t\t\t\t\t<\/div>\n\t\t\t\t<\/div>\n\t\t\t\t\t<\/div>\n\t\t<\/div>\n\t\t\t\t\t<\/div>\n\t\t<\/section>\n\t\t\t\t<section class=\"elementor-section elementor-top-section elementor-element elementor-element-c812b19 elementor-section-boxed elementor-section-height-default elementor-section-height-default\" data-id=\"c812b19\" data-element_type=\"section\" data-e-type=\"section\">\n\t\t\t\t\t\t<div class=\"elementor-container elementor-column-gap-default\">\n\t\t\t\t\t<div class=\"elementor-column elementor-col-100 elementor-top-column elementor-element elementor-element-d7e9655\" data-id=\"d7e9655\" data-element_type=\"column\" data-e-type=\"column\">\n\t\t\t<div class=\"elementor-widget-wrap elementor-element-populated\">\n\t\t\t\t\t\t<div class=\"elementor-element elementor-element-ae00e96 elementor-widget elementor-widget-heading\" data-id=\"ae00e96\" data-element_type=\"widget\" data-e-type=\"widget\" data-widget_type=\"heading.default\">\n\t\t\t\t<div class=\"elementor-widget-container\">\n\t\t\t\t\t<h2 class=\"elementor-heading-title elementor-size-default\">EDITAIS EM ANDAMENTO <\/h2>\t\t\t\t<\/div>\n\t\t\t\t<\/div>\n\t\t\t\t\t<\/div>\n\t\t<\/div>\n\t\t\t\t\t<\/div>\n\t\t<\/section>\n\t\t\t\t<section class=\"elementor-section elementor-top-section elementor-element elementor-element-507ed51 elementor-section-boxed elementor-section-height-default elementor-section-height-default\" data-id=\"507ed51\" data-element_type=\"section\" data-e-type=\"section\">\n\t\t\t\t\t\t<div class=\"elementor-container elementor-column-gap-default\">\n\t\t\t\t\t<div class=\"elementor-column elementor-col-100 elementor-top-column elementor-element elementor-element-64a3588\" data-id=\"64a3588\" data-element_type=\"column\" data-e-type=\"column\">\n\t\t\t<div class=\"elementor-widget-wrap elementor-element-populated\">\n\t\t\t\t\t\t<div class=\"elementor-element elementor-element-71964a8 elementor-widget-divider--view-line elementor-widget elementor-widget-divider\" data-id=\"71964a8\" data-element_type=\"widget\" data-e-type=\"widget\" data-widget_type=\"divider.default\">\n\t\t\t\t<div class=\"elementor-widget-container\">\n\t\t\t\t\t\t\t<div class=\"elementor-divider\">\n\t\t\t<span class=\"elementor-divider-separator\">\n\t\t\t\t\t\t<\/span>\n\t\t<\/div>\n\t\t\t\t\t\t<\/div>\n\t\t\t\t<\/div>\n\t\t\t\t\t<\/div>\n\t\t<\/div>\n\t\t\t\t\t<\/div>\n\t\t<\/section>\n\t\t\t\t<section class=\"elementor-section elementor-top-section elementor-element elementor-element-c27de12 elementor-section-boxed elementor-section-height-default elementor-section-height-default\" data-id=\"c27de12\" data-element_type=\"section\" data-e-type=\"section\">\n\t\t\t\t\t\t<div class=\"elementor-container elementor-column-gap-default\">\n\t\t\t\t\t<div class=\"elementor-column elementor-col-100 elementor-top-column elementor-element elementor-element-cb67c85\" data-id=\"cb67c85\" data-element_type=\"column\" data-e-type=\"column\">\n\t\t\t<div class=\"elementor-widget-wrap elementor-element-populated\">\n\t\t\t\t\t\t<div class=\"elementor-element elementor-element-a360fd5 elementor-widget elementor-widget-text-editor\" data-id=\"a360fd5\" data-element_type=\"widget\" data-e-type=\"widget\" data-widget_type=\"text-editor.default\">\n\t\t\t\t<div class=\"elementor-widget-container\">\n\t\t\t\t\t\t\t\t\t<p><strong>EDITAL N. 04\/2025\u2013DFCH\/UNIFAP DE 29 DE SETEMBRO DE 2025<\/strong><\/p><p>O Departamento de Filosofia e Ci\u00eancias Humanas (DFCH), da Universidade Federal do Amap\u00e1 (UNIFAP), torna p\u00fablico e convida os docentes, discentes e t\u00e9cnicos administrativos dos Cursos de Gradua\u00e7\u00e3o e P\u00f3s-gradua\u00e7\u00e3o deste Departamento para participar do Processo de Sele\u00e7\u00e3o para o lan\u00e7amento do segundo E-book do DFCH, com t\u00edtulo a ser definido de acordo com as tem\u00e1ticas aprovadas.<\/p><p><strong><a href=\"http:\/\/www2.unifap.br\/dfch\/files\/2025\/09\/Edital-04-2025-Ebook-DFCH.pdf\" target=\"_blank\" rel=\"noopener\">Edital 04-2025 &#8211; Ebook DFCH<\/a><\/strong><\/p><p><strong><a href=\"http:\/\/www2.unifap.br\/dfch\/files\/2025\/09\/ANEXO-I-Declaracao-de-originalidade-e-ineditismo.pdf\" target=\"_blank\" rel=\"noopener\">ANEXO I &#8211; Declara\u00e7\u00e3o de originalidade e ineditismo<\/a><\/strong><\/p><p><strong><a href=\"http:\/\/www2.unifap.br\/dfch\/files\/2025\/09\/ANEXO-II-Termo-de-cessao-de-direitos-de-uso-de-texto-em-obra-coletiva.pdf\" target=\"_blank\" rel=\"noopener\">ANEXO II &#8211; Termo de cess\u00e3o de direitos de uso de texto em obra coletiva<\/a><\/strong><\/p><p><strong><a href=\"http:\/\/www2.unifap.br\/dfch\/files\/2025\/10\/Edital-04-2025-DFCH-Cronograma-retificado-1.pdf\" target=\"_blank\" rel=\"noopener\">Edital 04-2025 DFCH &#8211; Cronograma retificado<\/a><\/strong><\/p><p><strong><a href=\"http:\/\/www2.unifap.br\/dfch\/files\/2025\/10\/Listagem-provisoria-Ebook-DFCH.pdf\" target=\"_blank\" rel=\"noopener\">Listagem provis\u00f3ria Ebook DFCH<\/a><\/strong><\/p><p><strong><a href=\"http:\/\/www2.unifap.br\/dfch\/files\/2025\/12\/Listagem-definitiva-Edital-ebook-DFCH.pdf\" target=\"_blank\" rel=\"noopener\">Listagem-definitiva-Edital-ebook-DFCH<\/a><\/strong><\/p>\t\t\t\t\t\t\t\t<\/div>\n\t\t\t\t<\/div>\n\t\t\t\t\t<\/div>\n\t\t<\/div>\n\t\t\t\t\t<\/div>\n\t\t<\/section>\n\t\t\t\t<section class=\"elementor-section elementor-top-section elementor-element elementor-element-7b2ef56 elementor-section-boxed elementor-section-height-default elementor-section-height-default\" data-id=\"7b2ef56\" data-element_type=\"section\" data-e-type=\"section\">\n\t\t\t\t\t\t<div class=\"elementor-container elementor-column-gap-default\">\n\t\t\t\t\t<div class=\"elementor-column elementor-col-100 elementor-top-column elementor-element elementor-element-afe7992\" data-id=\"afe7992\" data-element_type=\"column\" data-e-type=\"column\">\n\t\t\t<div class=\"elementor-widget-wrap elementor-element-populated\">\n\t\t\t\t\t\t<div class=\"elementor-element elementor-element-2eab17f elementor-widget elementor-widget-progress\" data-id=\"2eab17f\" data-element_type=\"widget\" data-e-type=\"widget\" data-widget_type=\"progress.default\">\n\t\t\t\t<div class=\"elementor-widget-container\">\n\t\t\t\t\t\n\t\t<div class=\"elementor-progress-wrapper\" role=\"progressbar\" aria-valuemin=\"0\" aria-valuemax=\"100\" aria-valuenow=\"100\">\n\t\t\t<div class=\"elementor-progress-bar\" data-max=\"100\">\n\t\t\t\t<span class=\"elementor-progress-text\"><\/span>\n\t\t\t\t\t\t\t<\/div>\n\t\t<\/div>\n\t\t\t\t\t\t<\/div>\n\t\t\t\t<\/div>\n\t\t\t\t\t<\/div>\n\t\t<\/div>\n\t\t\t\t\t<\/div>\n\t\t<\/section>\n\t\t\t\t<section class=\"elementor-section elementor-top-section elementor-element elementor-element-ed356c6 elementor-section-boxed elementor-section-height-default elementor-section-height-default\" data-id=\"ed356c6\" data-element_type=\"section\" data-e-type=\"section\">\n\t\t\t\t\t\t<div class=\"elementor-container elementor-column-gap-default\">\n\t\t\t\t\t<div class=\"elementor-column elementor-col-100 elementor-top-column elementor-element elementor-element-64cf15f\" data-id=\"64cf15f\" data-element_type=\"column\" data-e-type=\"column\">\n\t\t\t<div class=\"elementor-widget-wrap elementor-element-populated\">\n\t\t\t\t\t\t<div class=\"elementor-element elementor-element-a2317a5 elementor-widget elementor-widget-text-editor\" data-id=\"a2317a5\" data-element_type=\"widget\" data-e-type=\"widget\" data-widget_type=\"text-editor.default\">\n\t\t\t\t<div class=\"elementor-widget-container\">\n\t\t\t\t\t\t\t\t\t<p><strong>EDITAL N. 02\/2025\u2013DFCH\/UNIFAP DE 18 DE SETEMBRO DE 2025<\/strong><\/p><p>O Departamento de Filosofia e Ci\u00eancias Humanas (DFCH) da Universidade Federal do Amap\u00e1 (UNIFAP) torna p\u00fablico o presente edital de abertura de inscri\u00e7\u00f5es visando \u00e0 sele\u00e7\u00e3o de A\u00e7\u00f5es Curriculares de Extens\u00e3o (ACE) para concess\u00e3o de aux\u00edlio financeiro, mediante as condi\u00e7\u00f5es estabelecidas neste Edital, aos cursos do DFCH que possuam atividades de extens\u00e3o curricularizadas em seus respectivos PPC.<\/p><p><strong><a href=\"http:\/\/www2.unifap.br\/dfch\/files\/2025\/09\/Edital-ACE-02-2025-DFCH.pdf\" target=\"_blank\" rel=\"noopener\">Edital ACE 02-2025 &#8211; DFCH<\/a><\/strong><\/p><p><strong><a href=\"http:\/\/www2.unifap.br\/dfch\/files\/2025\/09\/ANEXO-I-_-Planilha-producao-intelectual-1.xlsx\" target=\"_blank\" rel=\"noopener\">ANEXO-I-_-Planilha-producao-intelectual (1)<\/a><\/strong><\/p>\t\t\t\t\t\t\t\t<\/div>\n\t\t\t\t<\/div>\n\t\t\t\t\t<\/div>\n\t\t<\/div>\n\t\t\t\t\t<\/div>\n\t\t<\/section>\n\t\t\t\t<section class=\"elementor-section elementor-top-section elementor-element elementor-element-3c00a1d elementor-section-boxed elementor-section-height-default elementor-section-height-default\" data-id=\"3c00a1d\" data-element_type=\"section\" data-e-type=\"section\">\n\t\t\t\t\t\t<div class=\"elementor-container elementor-column-gap-default\">\n\t\t\t\t\t<div class=\"elementor-column elementor-col-100 elementor-top-column elementor-element elementor-element-8d46615\" data-id=\"8d46615\" data-element_type=\"column\" data-e-type=\"column\">\n\t\t\t<div class=\"elementor-widget-wrap elementor-element-populated\">\n\t\t\t\t\t\t<div class=\"elementor-element elementor-element-e9d9b0b elementor-widget elementor-widget-progress\" data-id=\"e9d9b0b\" data-element_type=\"widget\" data-e-type=\"widget\" data-widget_type=\"progress.default\">\n\t\t\t\t<div class=\"elementor-widget-container\">\n\t\t\t\t\t\n\t\t<div class=\"elementor-progress-wrapper\" role=\"progressbar\" aria-valuemin=\"0\" aria-valuemax=\"100\" aria-valuenow=\"100\">\n\t\t\t<div class=\"elementor-progress-bar\" data-max=\"100\">\n\t\t\t\t<span class=\"elementor-progress-text\"><\/span>\n\t\t\t\t\t\t\t<\/div>\n\t\t<\/div>\n\t\t\t\t\t\t<\/div>\n\t\t\t\t<\/div>\n\t\t\t\t\t<\/div>\n\t\t<\/div>\n\t\t\t\t\t<\/div>\n\t\t<\/section>\n\t\t\t\t<section class=\"elementor-section elementor-top-section elementor-element elementor-element-a71edd9 elementor-section-boxed elementor-section-height-default elementor-section-height-default\" data-id=\"a71edd9\" data-element_type=\"section\" data-e-type=\"section\">\n\t\t\t\t\t\t<div class=\"elementor-container elementor-column-gap-default\">\n\t\t\t\t\t<div class=\"elementor-column elementor-col-100 elementor-top-column elementor-element elementor-element-61ed932\" data-id=\"61ed932\" data-element_type=\"column\" data-e-type=\"column\">\n\t\t\t<div class=\"elementor-widget-wrap elementor-element-populated\">\n\t\t\t\t\t\t<div class=\"elementor-element elementor-element-ad330db elementor-widget elementor-widget-text-editor\" data-id=\"ad330db\" data-element_type=\"widget\" data-e-type=\"widget\" data-widget_type=\"text-editor.default\">\n\t\t\t\t<div class=\"elementor-widget-container\">\n\t\t\t\t\t\t\t\t\t<p><strong>EDITAL BOLSA MONITORIA N\u00ba 03\/2025\/DFCH\/UNIFAP<\/strong><\/p><p align=\"justify\">O Departamento de Filosofia e Ci\u00eancias Sociais \u2013 DFCH, com base na Resolu\u00e7\u00e3o n\u00ba 23 de 26 de maio de 2025, torna p\u00fablico o presente Edital que selecionar\u00e1 estudantes regularmente matriculados nos cursos de gradua\u00e7\u00e3o em: <i>Administra\u00e7\u00e3o, Direito, Bacharelado em Ci\u00eancias Sociais, Bacharelado em Geografia, Licenciatura em Geografia, Licenciatura em Hist\u00f3ria, Rela\u00e7\u00f5es Internacionais, Licenciatura em Sociologia e Tecnologia em Secretariado<\/i>, do Campus MARCO ZERO, para a participa\u00e7\u00e3o da sele\u00e7\u00e3o da Bolsa Monitoria referente ao\u00a0<strong>segundo semestre de 2025<\/strong>.<\/p><p><strong>INFORMA\u00c7\u00d5ES PRELIMINARES:<\/strong><\/p><ul><li>N\u00famero de vagas: 32<\/li><li>Valor da bolsa: R$ 500,00<\/li><\/ul><p><strong>DOCUMENTOS DE SELE\u00c7\u00c3O:<\/strong><\/p><p><strong><a href=\"http:\/\/www2.unifap.br\/dfch\/files\/2025\/09\/EDITAL-MONITORIA-03-2025-semestre-2025.2.pdf\" target=\"_blank\" rel=\"noopener\">EDITAL MONITORIA 03-2025 semestre 2025.2<\/a><\/strong><\/p><p><strong><a href=\"http:\/\/www2.unifap.br\/dfch\/files\/2025\/09\/Retificacao-Edital-03-2025-semestre-2025.2.pdf\" target=\"_blank\" rel=\"noopener\">Retifica\u00e7\u00e3o &#8211; Edital 03-2025 semestre 2025.2<\/a><\/strong><\/p>\t\t\t\t\t\t\t\t<\/div>\n\t\t\t\t<\/div>\n\t\t\t\t\t<\/div>\n\t\t<\/div>\n\t\t\t\t\t<\/div>\n\t\t<\/section>\n\t\t\t\t<section class=\"elementor-section elementor-top-section elementor-element elementor-element-90fdd90 elementor-section-boxed elementor-section-height-default elementor-section-height-default\" data-id=\"90fdd90\" data-element_type=\"section\" data-e-type=\"section\">\n\t\t\t\t\t\t<div class=\"elementor-container elementor-column-gap-default\">\n\t\t\t\t\t<div class=\"elementor-column elementor-col-100 elementor-top-column elementor-element elementor-element-60f7599\" data-id=\"60f7599\" data-element_type=\"column\" data-e-type=\"column\">\n\t\t\t<div class=\"elementor-widget-wrap elementor-element-populated\">\n\t\t\t\t\t\t<div class=\"elementor-element elementor-element-f66aa80 elementor-widget elementor-widget-progress\" data-id=\"f66aa80\" data-element_type=\"widget\" data-e-type=\"widget\" data-widget_type=\"progress.default\">\n\t\t\t\t<div class=\"elementor-widget-container\">\n\t\t\t\t\t\n\t\t<div class=\"elementor-progress-wrapper\" role=\"progressbar\" aria-valuemin=\"0\" aria-valuemax=\"100\" aria-valuenow=\"100\">\n\t\t\t<div class=\"elementor-progress-bar\" data-max=\"100\">\n\t\t\t\t<span class=\"elementor-progress-text\"><\/span>\n\t\t\t\t\t\t\t<\/div>\n\t\t<\/div>\n\t\t\t\t\t\t<\/div>\n\t\t\t\t<\/div>\n\t\t\t\t\t<\/div>\n\t\t<\/div>\n\t\t\t\t\t<\/div>\n\t\t<\/section>\n\t\t\t\t<section class=\"elementor-section elementor-top-section elementor-element elementor-element-96e9c03 elementor-section-boxed elementor-section-height-default elementor-section-height-default\" data-id=\"96e9c03\" data-element_type=\"section\" data-e-type=\"section\">\n\t\t\t\t\t\t<div class=\"elementor-container elementor-column-gap-default\">\n\t\t\t\t\t<div class=\"elementor-column elementor-col-100 elementor-top-column elementor-element elementor-element-1867698\" data-id=\"1867698\" data-element_type=\"column\" data-e-type=\"column\">\n\t\t\t<div class=\"elementor-widget-wrap elementor-element-populated\">\n\t\t\t\t\t\t<div class=\"elementor-element elementor-element-2567a35 elementor-widget elementor-widget-spacer\" data-id=\"2567a35\" data-element_type=\"widget\" data-e-type=\"widget\" data-widget_type=\"spacer.default\">\n\t\t\t\t<div class=\"elementor-widget-container\">\n\t\t\t\t\t\t\t<div class=\"elementor-spacer\">\n\t\t\t<div class=\"elementor-spacer-inner\"><\/div>\n\t\t<\/div>\n\t\t\t\t\t\t<\/div>\n\t\t\t\t<\/div>\n\t\t\t\t<div class=\"elementor-element elementor-element-62e3d0b elementor-widget elementor-widget-spacer\" data-id=\"62e3d0b\" data-element_type=\"widget\" data-e-type=\"widget\" data-widget_type=\"spacer.default\">\n\t\t\t\t<div class=\"elementor-widget-container\">\n\t\t\t\t\t\t\t<div class=\"elementor-spacer\">\n\t\t\t<div class=\"elementor-spacer-inner\"><\/div>\n\t\t<\/div>\n\t\t\t\t\t\t<\/div>\n\t\t\t\t<\/div>\n\t\t\t\t\t<\/div>\n\t\t<\/div>\n\t\t\t\t\t<\/div>\n\t\t<\/section>\n\t\t\t\t<section class=\"elementor-section elementor-top-section elementor-element elementor-element-3e7b5bf elementor-section-boxed elementor-section-height-default elementor-section-height-default\" data-id=\"3e7b5bf\" data-element_type=\"section\" data-e-type=\"section\">\n\t\t\t\t\t\t<div class=\"elementor-container elementor-column-gap-default\">\n\t\t\t\t\t<div class=\"elementor-column elementor-col-100 elementor-top-column elementor-element elementor-element-b253da5\" data-id=\"b253da5\" data-element_type=\"column\" data-e-type=\"column\">\n\t\t\t<div class=\"elementor-widget-wrap elementor-element-populated\">\n\t\t\t\t\t\t<div class=\"elementor-element elementor-element-962dfe3 elementor-widget elementor-widget-button\" data-id=\"962dfe3\" data-element_type=\"widget\" data-e-type=\"widget\" data-widget_type=\"button.default\">\n\t\t\t\t<div class=\"elementor-widget-container\">\n\t\t\t\t\t\t\t\t\t<div class=\"elementor-button-wrapper\">\n\t\t\t\t\t<a class=\"elementor-button elementor-button-link elementor-size-sm\" href=\"https:\/\/www2.unifap.br\/dfch\/\">\n\t\t\t\t\t\t<span class=\"elementor-button-content-wrapper\">\n\t\t\t\t\t\t<span class=\"elementor-button-icon\">\n\t\t\t\t<i aria-hidden=\"true\" class=\"fas fa-home\"><\/i>\t\t\t<\/span>\n\t\t\t\t\t\t\t\t\t<span class=\"elementor-button-text\">Voltar<\/span>\n\t\t\t\t\t<\/span>\n\t\t\t\t\t<\/a>\n\t\t\t\t<\/div>\n\t\t\t\t\t\t\t\t<\/div>\n\t\t\t\t<\/div>\n\t\t\t\t\t<\/div>\n\t\t<\/div>\n\t\t\t\t\t<\/div>\n\t\t<\/section>\n\t\t\t\t<\/div>\n\t\t","protected":false},"excerpt":{"rendered":"<p>EDITAIS EM ANDAMENTO Se\u00e7\u00e3o dedicada \u00e0 informa\u00e7\u00f5es, sobre editais publicados pelo DFCH. EDITAIS EM ANDAMENTO EDITAL N. 04\/2025\u2013DFCH\/UNIFAP DE 29 DE SETEMBRO DE 2025 O Departamento de Filosofia e Ci\u00eancias Humanas (DFCH), da Universidade Federal do Amap\u00e1 (UNIFAP), torna p\u00fablico e convida os docentes, discentes e t\u00e9cnicos administrativos dos Cursos de Gradua\u00e7\u00e3o e P\u00f3s-gradua\u00e7\u00e3o deste&#8230;<\/p>\n","protected":false},"author":926,"featured_media":0,"parent":0,"menu_order":0,"comment_status":"closed","ping_status":"closed","template":"elementor_header_footer","meta":{"inline_featured_image":false,"ngg_post_thumbnail":0,"footnotes":""},"class_list":["post-35","page","type-page","status-publish","hentry","entry"],"_links":{"self":[{"href":"http:\/\/www2.unifap.br\/dfch\/wp-json\/wp\/v2\/pages\/35","targetHints":{"allow":["GET"]}}],"collection":[{"href":"http:\/\/www2.unifap.br\/dfch\/wp-json\/wp\/v2\/pages"}],"about":[{"href":"http:\/\/www2.unifap.br\/dfch\/wp-json\/wp\/v2\/types\/page"}],"author":[{"embeddable":true,"href":"http:\/\/www2.unifap.br\/dfch\/wp-json\/wp\/v2\/users\/926"}],"replies":[{"embeddable":true,"href":"http:\/\/www2.unifap.br\/dfch\/wp-json\/wp\/v2\/comments?post=35"}],"version-history":[{"count":182,"href":"http:\/\/www2.unifap.br\/dfch\/wp-json\/wp\/v2\/pages\/35\/revisions"}],"predecessor-version":[{"id":3472,"href":"http:\/\/www2.unifap.br\/dfch\/wp-json\/wp\/v2\/pages\/35\/revisions\/3472"}],"wp:attachment":[{"href":"http:\/\/www2.unifap.br\/dfch\/wp-json\/wp\/v2\/media?parent=35"}],"curies":[{"name":"wp","href":"https:\/\/api.w.org\/{rel}","templated":true}]}}