{"id":427,"date":"2018-07-03T15:51:24","date_gmt":"2018-07-03T15:51:24","guid":{"rendered":"http:\/\/www2.unifap.br\/dfch\/?page_id=427"},"modified":"2026-01-28T18:45:52","modified_gmt":"2026-01-28T18:45:52","slug":"atas-das-reunioes-do-conselho-departamental","status":"publish","type":"page","link":"http:\/\/www2.unifap.br\/dfch\/atas-das-reunioes-do-conselho-departamental\/","title":{"rendered":"Atas das reuni\u00f5es do Conselho Departamental"},"content":{"rendered":"\t\t<div data-elementor-type=\"wp-page\" data-elementor-id=\"427\" class=\"elementor elementor-427\">\n\t\t\t\t\t\t<section class=\"elementor-section elementor-top-section elementor-element elementor-element-4f1f2913 elementor-section-boxed elementor-section-height-default elementor-section-height-default\" data-id=\"4f1f2913\" data-element_type=\"section\" data-e-type=\"section\">\n\t\t\t\t\t\t<div class=\"elementor-container elementor-column-gap-default\">\n\t\t\t\t\t<div class=\"elementor-column elementor-col-100 elementor-top-column elementor-element elementor-element-b5f77bc\" data-id=\"b5f77bc\" data-element_type=\"column\" data-e-type=\"column\">\n\t\t\t<div class=\"elementor-widget-wrap elementor-element-populated\">\n\t\t\t\t\t\t<div class=\"elementor-element elementor-element-5e2061e7 elementor-widget elementor-widget-text-editor\" data-id=\"5e2061e7\" data-element_type=\"widget\" data-e-type=\"widget\" data-widget_type=\"text-editor.default\">\n\t\t\t\t<div class=\"elementor-widget-container\">\n\t\t\t\t\t\t\t\t\t<p>Arquivos em PDF:<\/p><p><strong>2025<\/strong><\/p><p><a href=\"http:\/\/www2.unifap.br\/dfch\/files\/2026\/01\/01-ATA-REUNIAO-ORDINARIA-CONSELHO-DFCH-19.09.25.pdf\" target=\"_blank\" rel=\"noopener\">01 &#8211; ATA REUNIAO ORDIN\u00c1RIA CONSELHO DFCH 19.09.25<\/a><\/p><p><strong>2024<\/strong><\/p><p><a href=\"http:\/\/www2.unifap.br\/dfch\/files\/2024\/10\/01-ATA-REUNIAO-ORDINARIA-CONSELHO-DFCH-16.08.24.pdf\" target=\"_blank\" rel=\"noopener\">01 &#8211; ATA REUNIAO ORDIN\u00c1RIA CONSELHO DFCH 16.08.24<\/a><\/p><p><a href=\"http:\/\/www2.unifap.br\/dfch\/files\/2024\/11\/02-ATA-REUNIAO-ORDINARIA-CONSELHO-DFCH-23.10.24.docx.pdf\" target=\"_blank\" rel=\"noopener\">02 &#8211; ATA REUNIAO ORDIN\u00c1RIA CONSELHO DFCH 23.10.24.docx<\/a><\/p><p><strong>2023<\/strong><\/p><p><a href=\"http:\/\/www2.unifap.br\/dfch\/files\/2023\/09\/01-ATA-REUNIAO-ORDINARIA-CONSELHO-DFCH-28.02.23.pdf\" target=\"_blank\" rel=\"noopener\">01 &#8211; ATA REUNIAO ORDIN\u00c1RIA CONSELHO DFCH 28.02.23<\/a><\/p><p><a href=\"http:\/\/www2.unifap.br\/dfch\/files\/2023\/09\/02-ATA-REUNIAO-ORDINARIA-CONSELHO-DFCH-02.05.23.pdf\" target=\"_blank\" rel=\"noopener\">02 &#8211; ATA REUNIAO ORDIN\u00c1RIA CONSELHO DFCH 02.05.23<\/a><\/p><p><a href=\"http:\/\/www2.unifap.br\/dfch\/files\/2023\/09\/03-ATA-REUNIAO-ORDINARIA-CONSELHO-DFCH-03.07.23.pdf\" target=\"_blank\" rel=\"noopener\">03 &#8211; ATA REUNIAO ORDIN\u00c1RIA CONSELHO DFCH 03.07.23<\/a><\/p><p><a href=\"http:\/\/www2.unifap.br\/dfch\/files\/2023\/09\/04-ATA-REUNIAO-ORDINARIA-CONSELHO-DFCH-16.08.23.pdf\" target=\"_blank\" rel=\"noopener\">04 &#8211; ATA REUNIAO ORDIN\u00c1RIA CONSELHO DFCH 16.08.23<\/a><\/p><p><strong>2022<\/strong><\/p><p><a href=\"http:\/\/www2.unifap.br\/dfch\/files\/2022\/07\/01-ATA-REUNIAO-ORDINARIA-CONSELHO-DFCH-28.04.22.pdf\" target=\"_blank\" rel=\"noopener\">01 &#8211; ATA REUNIAO ORDIN\u00c1RIA CONSELHO DFCH 28.04.22<\/a><\/p><p><a href=\"http:\/\/www2.unifap.br\/dfch\/files\/2023\/03\/02-ATA-REUNIAO-ORDINARIA-CONSELHO-DFCH-20.06.22.pdf\" target=\"_blank\" rel=\"noopener\">02 &#8211; ATA REUNIAO ORDIN\u00c1RIA CONSELHO DFCH 20.06.22<\/a><\/p><p><strong>2021<\/strong><\/p><p><a href=\"http:\/\/www2.unifap.br\/dfch\/files\/2022\/03\/01-ATA-REUNIAO-ORDIN%C3%81RIA-CONSELHO-DFCH-29.03.21.pdf\">01 &#8211; ATA REUNIAO ORDIN\u00c1RIA CONSELHO DFCH 29.03.21<\/a><\/p><p><a href=\"http:\/\/www2.unifap.br\/dfch\/files\/2022\/03\/02-ATA-REUNIAO-ORDIN%C3%81RIA-CONSELHO-DFCH-27.04.21.pdf\">02 &#8211; ATA REUNIAO ORDIN\u00c1RIA CONSELHO DFCH 27.04.21<\/a><\/p><p><a href=\"http:\/\/www2.unifap.br\/dfch\/files\/2022\/03\/03-ATA-REUNIAO-ORDIN%C3%81RIA-CONSELHO-DFCH-06.05.21.pdf\">03 &#8211; ATA REUNIAO ORDIN\u00c1RIA CONSELHO DFCH 06.05.21<\/a><\/p><p><a href=\"http:\/\/www2.unifap.br\/dfch\/files\/2022\/05\/04-ATA-REUNIAO-ORDINARIA-CONSELHO-DFCH-21.05.21.pdf\">04 &#8211; ATA REUNIAO ORDIN\u00c1RIA CONSELHO DFCH 21.05.21<\/a><\/p><p><a href=\"http:\/\/www2.unifap.br\/dfch\/files\/2022\/05\/05-ATA-REUNIAO-ORDINARIA-CONSELHO-DFCH-20.07.21.pdf\">05 &#8211; ATA REUNIAO ORDIN\u00c1RIA CONSELHO DFCH 20.07.21<\/a><\/p><p><a href=\"http:\/\/www2.unifap.br\/dfch\/files\/2022\/05\/06-ATA-REUNIAO-ORDINARIA-CONSELHO-DFCH-09.09.21.pdf\">06 &#8211; ATA REUNIAO ORDIN\u00c1RIA CONSELHO DFCH 09.09.21<\/a><\/p><p><strong>2020<\/strong><\/p><p><a href=\"http:\/\/www2.unifap.br\/dfch\/files\/2022\/03\/01-ATA-REUNI%C3%83O-ORDIN%C3%81RIA-CONSELHO-DFCH-29.06.20.pdf\">01 &#8211; ATA REUNI\u00c3O ORDIN\u00c1RIA CONSELHO DFCH 29.06.20<\/a><\/p><p><a href=\"http:\/\/www2.unifap.br\/dfch\/files\/2022\/03\/02-ATA-REUNIAO-EXTRAORDIN%C3%81RIA-CONSELHO-DFCH-14.07.20.pdf\">02 &#8211; ATA REUNIAO EXTRAORDIN\u00c1RIA CONSELHO DFCH 14.07.20<\/a><\/p><p><a href=\"http:\/\/www2.unifap.br\/dfch\/files\/2022\/03\/03-ATA-REUNIAO-ORDIN%C3%81RIA-CONSELHO-DFCH-18.08.20.pdf\">03 &#8211; ATA REUNIAO ORDIN\u00c1RIA CONSELHO DFCH 18.08.20<\/a><\/p><p><strong>2019<\/strong><\/p><p><a href=\"http:\/\/www2.unifap.br\/dfch\/files\/2019\/05\/01-ATA-REUNIAO-EXTRAORDINARIA-CONSELHO-DFCH-17.04.19.pdf\">01 &#8211; ATA REUNIAO EXTRAORDINARIA CONSELHO DFCH 17.04.19<\/a><\/p><p><a href=\"http:\/\/www2.unifap.br\/dfch\/files\/2019\/09\/02-ATA-REUNIAO-ORDINARIA-CONSELHO-DFCH-08.05.19.pdf\">02 &#8211; ATA REUNIAO ORDINARIA CONSELHO DFCH 08.05.19<\/a><\/p><p><a href=\"http:\/\/www2.unifap.br\/dfch\/files\/2019\/09\/03-ATA-REUNIAO-ORDINARIA-CONSELHO-DFCH-29.05.19.pdf\">03 &#8211; ATA REUNIAO ORDINARIA CONSELHO DFCH 29.05.19<\/a><\/p><p><a href=\"http:\/\/www2.unifap.br\/dfch\/files\/2020\/07\/04-ATA-REUNIAO-ORDINARIA-CONSELHO-DFCH-04.09.19.pdf\">04 &#8211; ATA REUNIAO ORDINARIA CONSELHO DFCH 04.09.19<\/a><\/p><p><strong>2018<\/strong><\/p><p><a href=\"http:\/\/www2.unifap.br\/dfch\/files\/2018\/07\/01-ATA-REUNI%C3%83O-CONSELHO-DFCH-23.05.18.pdf\" target=\"_blank\" rel=\"noopener noreferrer\">01 &#8211; ATA REUNI\u00c3O CONSELHO DFCH 23.05.18<\/a><\/p><p><a href=\"http:\/\/www2.unifap.br\/dfch\/files\/2018\/07\/02-ATA-REUNIAO-EXTRAORDINARIA-CONSELHO-DFCH-07.06.18.pdf\" target=\"_blank\" rel=\"noopener noreferrer\">02 &#8211; ATA REUNIAO EXTRAORDINARIA CONSELHO DFCH 07.06.18<\/a><\/p><p><a href=\"http:\/\/www2.unifap.br\/dfch\/files\/2018\/07\/03-ATA-REUNI%C3%83O-CONSELHO-DFCH-03.07.18.pdf\" target=\"_blank\" rel=\"noopener noreferrer\">03 &#8211; ATA REUNI\u00c3O CONSELHO DFCH 03.07.18<\/a><\/p><p><a href=\"http:\/\/www2.unifap.br\/dfch\/files\/2018\/07\/04-ATA-REUNI%C3%83O-CONSELHO-DFCH-29.08.18.pdf\" target=\"_blank\" rel=\"noopener noreferrer\">04 &#8211; ATA REUNI\u00c3O CONSELHO DFCH 29.08.18<\/a><\/p><p><a href=\"http:\/\/www2.unifap.br\/dfch\/files\/2018\/07\/05-ATA-REUNI%C3%83O-CONSELHO-DFCH-19.09.18.pdf\">05 &#8211; ATA REUNI\u00c3O CONSELHO DFCH 19.09.18<\/a><\/p><p><a href=\"http:\/\/www2.unifap.br\/dfch\/files\/2018\/07\/06-ATA-REUNIAO-CONSELHO-DFCH-04.12.18.pdf\" target=\"_blank\" rel=\"noopener noreferrer\">06 &#8211; ATA REUNIAO CONSELHO DFCH 04.12.18<\/a><\/p><p><a href=\"http:\/\/www2.unifap.br\/dfch\/files\/2019\/05\/07-ATA-REUNIAO-EXTRAORDINARIA-CONSELHO-DFCH-17.12.18.pdf\">07 &#8211; ATA REUNIAO EXTRAORDINARIA CONSELHO DFCH 17.12.18<\/a><\/p>\t\t\t\t\t\t\t\t<\/div>\n\t\t\t\t<\/div>\n\t\t\t\t\t<\/div>\n\t\t<\/div>\n\t\t\t\t\t<\/div>\n\t\t<\/section>\n\t\t\t\t<\/div>\n\t\t","protected":false},"excerpt":{"rendered":"<p>Arquivos em PDF: 2025 01 &#8211; ATA REUNIAO ORDIN\u00c1RIA CONSELHO DFCH 19.09.25 2024 01 &#8211; ATA REUNIAO ORDIN\u00c1RIA CONSELHO DFCH 16.08.24 02 &#8211; ATA REUNIAO ORDIN\u00c1RIA CONSELHO DFCH 23.10.24.docx 2023 01 &#8211; ATA REUNIAO ORDIN\u00c1RIA CONSELHO DFCH 28.02.23 02 &#8211; ATA REUNIAO ORDIN\u00c1RIA CONSELHO DFCH 02.05.23 03 &#8211; ATA REUNIAO ORDIN\u00c1RIA CONSELHO DFCH 03.07.23 04&#8230;<\/p>\n","protected":false},"author":1815,"featured_media":0,"parent":0,"menu_order":0,"comment_status":"open","ping_status":"open","template":"elementor_header_footer","meta":{"inline_featured_image":false,"ngg_post_thumbnail":0,"footnotes":""},"class_list":["post-427","page","type-page","status-publish","hentry","entry"],"_links":{"self":[{"href":"http:\/\/www2.unifap.br\/dfch\/wp-json\/wp\/v2\/pages\/427","targetHints":{"allow":["GET"]}}],"collection":[{"href":"http:\/\/www2.unifap.br\/dfch\/wp-json\/wp\/v2\/pages"}],"about":[{"href":"http:\/\/www2.unifap.br\/dfch\/wp-json\/wp\/v2\/types\/page"}],"author":[{"embeddable":true,"href":"http:\/\/www2.unifap.br\/dfch\/wp-json\/wp\/v2\/users\/1815"}],"replies":[{"embeddable":true,"href":"http:\/\/www2.unifap.br\/dfch\/wp-json\/wp\/v2\/comments?post=427"}],"version-history":[{"count":39,"href":"http:\/\/www2.unifap.br\/dfch\/wp-json\/wp\/v2\/pages\/427\/revisions"}],"predecessor-version":[{"id":3512,"href":"http:\/\/www2.unifap.br\/dfch\/wp-json\/wp\/v2\/pages\/427\/revisions\/3512"}],"wp:attachment":[{"href":"http:\/\/www2.unifap.br\/dfch\/wp-json\/wp\/v2\/media?parent=427"}],"curies":[{"name":"wp","href":"https:\/\/api.w.org\/{rel}","templated":true}]}}