{"id":1408,"date":"2017-11-06T11:52:00","date_gmt":"2017-11-06T11:52:00","guid":{"rendered":"http:\/\/www2.unifap.br\/dicont\/?page_id=1408"},"modified":"2017-11-06T11:57:01","modified_gmt":"2017-11-06T11:57:01","slug":"contrato-bacenunifap","status":"publish","type":"page","link":"http:\/\/www2.unifap.br\/dicont\/contratos\/contrato-bacenunifap\/","title":{"rendered":"CONTRATO BACEN\/UNIFAP"},"content":{"rendered":"<h2><span style=\"text-decoration: underline\"><span style=\"color: #ff0000\"><b>CONTRATO BACEN\/UNIFAP<\/b><\/span><\/span><\/h2>\n<p><b>OBJETO<\/b>: O presente contrato tem por objeto a autoriza\u00e7\u00e3o, concedida pelo BANCO \u00e0 INSTITUI\u00c7\u00c3O, para acessar o Sistema de Informa\u00e7\u00f5es Banco Central &#8211; SISBACEN.<\/p>\n<p><b>VIG\u00caNCIA<\/b>: 25\/10\/2017 a 25\/10\/2022<\/p>\n<ul>\n<li><span style=\"text-decoration: underline\"><span style=\"color: #008080;text-decoration: underline\"><b><a href=\"http:\/\/www2.unifap.br\/dicont\/files\/2017\/11\/CONTRATO-BACEN-UNIFAP.pdf\"><span style=\"color: #008080;text-decoration: underline\">\u00cdNTEGRA DO CONTRATO BACEN &#8211; UNIFAP<\/span><\/a><\/b><\/span><\/span><\/li>\n<li><span style=\"text-decoration: underline\"><span style=\"color: #008080;text-decoration: underline\"><strong><a href=\"http:\/\/www2.unifap.br\/dicont\/files\/2017\/11\/PUBLICA\u00c7\u00c3O-NO-DOU.pdf\"><span style=\"color: #008080;text-decoration: underline\">PUBLICA\u00c7\u00c3O NO DOU<\/span><\/a><\/strong><\/span><\/span><\/li>\n<\/ul>\n<p>__________________________________________________________________________________________<\/p>\n<h2><\/h2>\n","protected":false},"excerpt":{"rendered":"<p>CONTRATO BACEN\/UNIFAP OBJETO: O presente contrato tem por objeto a autoriza\u00e7\u00e3o, concedida pelo BANCO \u00e0 INSTITUI\u00c7\u00c3O, para acessar o Sistema de Informa\u00e7\u00f5es Banco Central &#8211; SISBACEN. VIG\u00caNCIA: 25\/10\/2017 a 25\/10\/2022 \u00cdNTEGRA DO CONTRATO BACEN &#8211; UNIFAP PUBLICA\u00c7\u00c3O NO DOU __________________________________________________________________________________________<\/p>\n","protected":false},"author":831,"featured_media":0,"parent":4,"menu_order":0,"comment_status":"open","ping_status":"open","template":"","meta":{"inline_featured_image":false,"site-sidebar-layout":"default","site-content-layout":"","ast-site-content-layout":"default","site-content-style":"default","site-sidebar-style":"default","ast-global-header-display":"","ast-banner-title-visibility":"","ast-main-header-display":"","ast-hfb-above-header-display":"","ast-hfb-below-header-display":"","ast-hfb-mobile-header-display":"","site-post-title":"","ast-breadcrumbs-content":"","ast-featured-img":"","footer-sml-layout":"","theme-transparent-header-meta":"","adv-header-id-meta":"","stick-header-meta":"","header-above-stick-meta":"","header-main-stick-meta":"","header-below-stick-meta":"","astra-migrate-meta-layouts":"default","ast-page-background-enabled":"default","ast-page-background-meta":{"desktop":{"background-color":"var(--ast-global-color-4)","background-image":"","background-repeat":"repeat","background-position":"center center","background-size":"auto","background-attachment":"scroll","background-type":"","background-media":"","overlay-type":"","overlay-color":"","overlay-opacity":"","overlay-gradient":""},"tablet":{"background-color":"","background-image":"","background-repeat":"repeat","background-position":"center center","background-size":"auto","background-attachment":"scroll","background-type":"","background-media":"","overlay-type":"","overlay-color":"","overlay-opacity":"","overlay-gradient":""},"mobile":{"background-color":"","background-image":"","background-repeat":"repeat","background-position":"center center","background-size":"auto","background-attachment":"scroll","background-type":"","background-media":"","overlay-type":"","overlay-color":"","overlay-opacity":"","overlay-gradient":""}},"ast-content-background-meta":{"desktop":{"background-color":"var(--ast-global-color-5)","background-image":"","background-repeat":"repeat","background-position":"center center","background-size":"auto","background-attachment":"scroll","background-type":"","background-media":"","overlay-type":"","overlay-color":"","overlay-opacity":"","overlay-gradient":""},"tablet":{"background-color":"var(--ast-global-color-5)","background-image":"","background-repeat":"repeat","background-position":"center center","background-size":"auto","background-attachment":"scroll","background-type":"","background-media":"","overlay-type":"","overlay-color":"","overlay-opacity":"","overlay-gradient":""},"mobile":{"background-color":"var(--ast-global-color-5)","background-image":"","background-repeat":"repeat","background-position":"center center","background-size":"auto","background-attachment":"scroll","background-type":"","background-media":"","overlay-type":"","overlay-color":"","overlay-opacity":"","overlay-gradient":""}},"ngg_post_thumbnail":0,"footnotes":""},"class_list":["post-1408","page","type-page","status-publish","hentry"],"_links":{"self":[{"href":"http:\/\/www2.unifap.br\/dicont\/wp-json\/wp\/v2\/pages\/1408","targetHints":{"allow":["GET"]}}],"collection":[{"href":"http:\/\/www2.unifap.br\/dicont\/wp-json\/wp\/v2\/pages"}],"about":[{"href":"http:\/\/www2.unifap.br\/dicont\/wp-json\/wp\/v2\/types\/page"}],"author":[{"embeddable":true,"href":"http:\/\/www2.unifap.br\/dicont\/wp-json\/wp\/v2\/users\/831"}],"replies":[{"embeddable":true,"href":"http:\/\/www2.unifap.br\/dicont\/wp-json\/wp\/v2\/comments?post=1408"}],"version-history":[{"count":3,"href":"http:\/\/www2.unifap.br\/dicont\/wp-json\/wp\/v2\/pages\/1408\/revisions"}],"predecessor-version":[{"id":1414,"href":"http:\/\/www2.unifap.br\/dicont\/wp-json\/wp\/v2\/pages\/1408\/revisions\/1414"}],"up":[{"embeddable":true,"href":"http:\/\/www2.unifap.br\/dicont\/wp-json\/wp\/v2\/pages\/4"}],"wp:attachment":[{"href":"http:\/\/www2.unifap.br\/dicont\/wp-json\/wp\/v2\/media?parent=1408"}],"curies":[{"name":"wp","href":"https:\/\/api.w.org\/{rel}","templated":true}]}}