{"id":2205,"date":"2021-07-23T12:55:51","date_gmt":"2021-07-23T12:55:51","guid":{"rendered":"http:\/\/www2.unifap.br\/dicont\/?page_id=2205"},"modified":"2023-08-16T19:52:48","modified_gmt":"2023-08-16T19:52:48","slug":"contrato-n-10-2021","status":"publish","type":"page","link":"http:\/\/www2.unifap.br\/dicont\/contratos-com-fundacao-de-apoio\/contratos-2021\/contrato-n-10-2021\/","title":{"rendered":"CONTRATO N\u00b0 10\/2021"},"content":{"rendered":"<p><span style=\"text-decoration: underline;color: #ff0000\"><b>CONTRATO N\u00b0 010\/2021<\/b><\/span><\/p>\n<p style=\"text-align: left\"><b>OBJETO<\/b>: Gest\u00e3o Administrativa e financeira do Projeto de Pesquisa Cient\u00edfica \u2013 Aplicada intitulado \u201cEstudos ecol\u00f3gicos na escala da paisagem no estado do Amap\u00e1\u201d, de acordo com o plano de aplica\u00e7\u00e3o do projeto registrado sob o n\u00b0 73\/2020, sob coordena\u00e7\u00e3o do Professor Dr. RENATO RICHARD HILARIO.<\/p>\n<p><b>CONTRATADO<\/b>: FUNDA\u00c7\u00c3O DE APOIO E DESENVOLVIMENTO AO ENSINO, PESQUISA E EXTENS\u00c3O UNIVERSIT\u00c1RIA NO ACRE &#8211; FUNDAPE<\/p>\n<p><a href=\"https:\/\/sipac.unifap.br\/public\/jsp\/processos\/processo_detalhado.jsf?id=64087\"><span style=\"color: #008080\"><strong>LINK PARA CONSULTA DO PROCESSO DE CONTRATA\u00c7\u00c3O<\/strong><\/span><\/a><\/p>\n<p><strong><span style=\"color: #008080\">LINK&#8217;S PARA CONSULTA DOS PROCESSOS DE PAGAMENTO:<\/span><\/strong><\/p>\n<p>&#8230;<\/p>\n<h1><strong><span style=\"text-decoration: underline\">___________________________________<\/span><\/strong><\/h1>\n<p>1 &#8211; DADOS DO PROJETO<\/p>\n<p>Nome do Projeto:<\/p>\n<p>Estudos ecol\u00f3gicos na escala da paisagem no estado do Amap\u00e1<\/p>\n<p>&nbsp;<\/p>\n<p>Objetivo do Projeto:<\/p>\n<p>Contribuir para a conserva\u00e7\u00e3o das Savanas do Amap\u00e1 e do guariba-de-m\u00e3os-ruivas atrav\u00e9s da identifica\u00e7\u00e3o de \u00e1reas chaves para a conserva\u00e7\u00e3o da esp\u00e9cie e da identifica\u00e7\u00e3o de estrat\u00e9gias de manejo conservacionista<\/p>\n<p>&nbsp;<\/p>\n<p>Institui\u00e7\u00e3o contratada:<\/p>\n<p>FUNDA\u00c7\u00c3O DE APOIO E DESENVOLVIMENTO AO ENSINO, PESQUISA E EXTENS\u00c3O UNIVERSIT\u00c1RIA NO ACRE \u2013 FUNDAPE<\/p>\n<p>&nbsp;<\/p>\n<p>Valor do Contrato (n\u00famero do contrato, incluindo os aditivos se houver):<\/p>\n<p>R$ 41.000,00 (quarenta e um mil reais),<\/p>\n<p>&nbsp;<\/p>\n<p>Valor pago por despesas administrativas para a institui\u00e7\u00e3o contratada:<\/p>\n<p>R$ 3.720,00 (tr\u00eas mil setecentos e vinte reais)<\/p>\n<p>&nbsp;<\/p>\n<p>Vig\u00eancia do Contrato:<\/p>\n<p>10 de junho de 2021 a 10 de Junho de 2022 (12 meses)<\/p>\n<p>&nbsp;<\/p>\n<p>Nome do Coordenador do Projeto:<\/p>\n<p>Renato Richard Hil\u00e1rio<\/p>\n<p>&nbsp;<\/p>\n<p>Nome dos bolsistas do projeto, incluindo matr\u00edcula SIAPE ou n\u00famero de matr\u00edcula de discente:<\/p>\n<p>N\u00e3o h\u00e1 bolsistas pelo projeto, mas h\u00e1 a atua\u00e7\u00e3o de 2 discentes de mestrado<\/p>\n<p>PAULO ROGERIO NASCIMENTO LIMA, matr\u00edcula 2020102173;<\/p>\n<p>OSVALDO BRIGIDO CORR\u00caA NETO, matr\u00edcula 2020101523)<\/p>\n<p>&nbsp;<\/p>\n<p>Tipo de v\u00ednculo do bolsista com a UNIFAP:<\/p>\n<p>N\u00e3o h\u00e1 bolsistas pelo projeto<\/p>\n<p>&nbsp;<\/p>\n<p>Carga horaria do bolsista dedicada ao projeto:<\/p>\n<p>N\u00e3o h\u00e1 bolsistas pelo projeto<\/p>\n<p>&nbsp;<\/p>\n<p>Valor das bolsas incluindo do Coordenador:<\/p>\n<p>O projeto n\u00e3o pagar\u00e1 nenhum tipo de bolsa<\/p>\n<p>&nbsp;<\/p>\n<p>Cronograma de execu\u00e7\u00e3o:<\/p>\n<p>Expedi\u00e7\u00f5es de campo para estimar a densidade da esp\u00e9cie (setembro\/21 a junho\/22 &#8211; 175 dias)<\/p>\n<p>An\u00e1lises para identificar preditores da densidade da esp\u00e9cie (julho\/22)<\/p>\n<p>An\u00e1lise de viabilidade populacional das popula\u00e7\u00f5es de guariba-de-m\u00e3os ruivas no Amap\u00e1 (abril\/22 a junho\/22)<\/p>\n<p>Levantamento do n\u00edvel de ca\u00e7a na regi\u00e3o (setembro\/21 a junho\/22 &#8211; em conjunto com as expedi\u00e7\u00f5es de campo)<\/p>\n<p>Elabora\u00e7\u00e3o de uma estrat\u00e9gia de conserva\u00e7\u00e3o da esp\u00e9cie (Julho\/22)<\/p>\n<p>&nbsp;<\/p>\n<p>2 &#8211; SELE\u00c7\u00c3O DE BOLSISTAS<\/p>\n<p>Forma de sele\u00e7\u00e3o dos bolsistas (se foi atrav\u00e9s de edital ou n\u00e3o):<\/p>\n<p>N\u00e3o h\u00e1 bolsistas pelo projeto<\/p>\n<p>&nbsp;<\/p>\n<p>N\u00famero do Edital de sele\u00e7\u00e3o:<\/p>\n<p>N\u00e3o h\u00e1 bolsistas pelo projeto<\/p>\n<p>&nbsp;<\/p>\n<p>&nbsp;Local de publica\u00e7\u00e3o do Edital:<\/p>\n<p>N\u00e3o h\u00e1 bolsistas pelo projeto<\/p>\n<p>&nbsp;<\/p>\n<p>3 &#8211; FISCAIS DO PROJETO<\/p>\n<p>Portaria de nomea\u00e7\u00e3o:<\/p>\n<p>O projeto est\u00e1 em fase inicial e ainda n\u00e3o h\u00e1 fiscais.<\/p>\n<p>A portaria de fiscaliza\u00e7\u00e3o est\u00e1 sendo providenciada.<\/p>\n<p>&nbsp;<\/p>\n<p>Relat\u00f3rios de fiscaliza\u00e7\u00e3o dos Projetos:<\/p>\n<p>O projeto est\u00e1 em fase inicial e ainda n\u00e3o h\u00e1 fiscais.<\/p>\n<p>&nbsp;<\/p>\n<p>Relat\u00f3rios t\u00e9cnicos produzidos:<\/p>\n<p>O projeto est\u00e1 em fase inicial e ainda n\u00e3o h\u00e1 fiscais.<\/p>\n<p>&nbsp;<\/p>\n<p>Informa\u00e7\u00e3o sobre a Contrapartida para a UNIFAP:<\/p>\n<p>A contrapartida ser\u00e1 no valor de R$ 5.300,00 (cinco mil e trezentos reais) e corresponde a bens de capital adquiridos pelo projeto (GPS, b\u00fassolas e r\u00e1dios comunicadores)<\/p>\n<p>&nbsp;<\/p>\n<p>N\u00famero dos processos de pagamentos:<\/p>\n<p>O projeto est\u00e1 em fase inicial e ainda n\u00e3o foram feitos pagamentos.<\/p>\n<p>&nbsp;<\/p>\n","protected":false},"excerpt":{"rendered":"<p>CONTRATO N\u00b0 010\/2021 OBJETO: Gest\u00e3o Administrativa e financeira do Projeto de Pesquisa Cient\u00edfica \u2013 Aplicada intitulado \u201cEstudos ecol\u00f3gicos na escala da paisagem no estado do Amap\u00e1\u201d, de acordo com o plano de aplica\u00e7\u00e3o do projeto registrado sob o n\u00b0 73\/2020, sob coordena\u00e7\u00e3o do Professor Dr. RENATO RICHARD HILARIO. CONTRATADO: FUNDA\u00c7\u00c3O DE APOIO E DESENVOLVIMENTO AO&#8230;<\/p>\n","protected":false},"author":832,"featured_media":0,"parent":2409,"menu_order":4,"comment_status":"closed","ping_status":"closed","template":"","meta":{"inline_featured_image":false,"site-sidebar-layout":"default","site-content-layout":"","ast-site-content-layout":"default","site-content-style":"default","site-sidebar-style":"default","ast-global-header-display":"","ast-banner-title-visibility":"","ast-main-header-display":"","ast-hfb-above-header-display":"","ast-hfb-below-header-display":"","ast-hfb-mobile-header-display":"","site-post-title":"","ast-breadcrumbs-content":"","ast-featured-img":"","footer-sml-layout":"","theme-transparent-header-meta":"","adv-header-id-meta":"","stick-header-meta":"","header-above-stick-meta":"","header-main-stick-meta":"","header-below-stick-meta":"","astra-migrate-meta-layouts":"default","ast-page-background-enabled":"default","ast-page-background-meta":{"desktop":{"background-color":"var(--ast-global-color-4)","background-image":"","background-repeat":"repeat","background-position":"center center","background-size":"auto","background-attachment":"scroll","background-type":"","background-media":"","overlay-type":"","overlay-color":"","overlay-opacity":"","overlay-gradient":""},"tablet":{"background-color":"","background-image":"","background-repeat":"repeat","background-position":"center center","background-size":"auto","background-attachment":"scroll","background-type":"","background-media":"","overlay-type":"","overlay-color":"","overlay-opacity":"","overlay-gradient":""},"mobile":{"background-color":"","background-image":"","background-repeat":"repeat","background-position":"center center","background-size":"auto","background-attachment":"scroll","background-type":"","background-media":"","overlay-type":"","overlay-color":"","overlay-opacity":"","overlay-gradient":""}},"ast-content-background-meta":{"desktop":{"background-color":"var(--ast-global-color-5)","background-image":"","background-repeat":"repeat","background-position":"center center","background-size":"auto","background-attachment":"scroll","background-type":"","background-media":"","overlay-type":"","overlay-color":"","overlay-opacity":"","overlay-gradient":""},"tablet":{"background-color":"var(--ast-global-color-5)","background-image":"","background-repeat":"repeat","background-position":"center center","background-size":"auto","background-attachment":"scroll","background-type":"","background-media":"","overlay-type":"","overlay-color":"","overlay-opacity":"","overlay-gradient":""},"mobile":{"background-color":"var(--ast-global-color-5)","background-image":"","background-repeat":"repeat","background-position":"center center","background-size":"auto","background-attachment":"scroll","background-type":"","background-media":"","overlay-type":"","overlay-color":"","overlay-opacity":"","overlay-gradient":""}},"ngg_post_thumbnail":0,"footnotes":""},"class_list":["post-2205","page","type-page","status-publish","hentry"],"_links":{"self":[{"href":"http:\/\/www2.unifap.br\/dicont\/wp-json\/wp\/v2\/pages\/2205","targetHints":{"allow":["GET"]}}],"collection":[{"href":"http:\/\/www2.unifap.br\/dicont\/wp-json\/wp\/v2\/pages"}],"about":[{"href":"http:\/\/www2.unifap.br\/dicont\/wp-json\/wp\/v2\/types\/page"}],"author":[{"embeddable":true,"href":"http:\/\/www2.unifap.br\/dicont\/wp-json\/wp\/v2\/users\/832"}],"replies":[{"embeddable":true,"href":"http:\/\/www2.unifap.br\/dicont\/wp-json\/wp\/v2\/comments?post=2205"}],"version-history":[{"count":4,"href":"http:\/\/www2.unifap.br\/dicont\/wp-json\/wp\/v2\/pages\/2205\/revisions"}],"predecessor-version":[{"id":2263,"href":"http:\/\/www2.unifap.br\/dicont\/wp-json\/wp\/v2\/pages\/2205\/revisions\/2263"}],"up":[{"embeddable":true,"href":"http:\/\/www2.unifap.br\/dicont\/wp-json\/wp\/v2\/pages\/2409"}],"wp:attachment":[{"href":"http:\/\/www2.unifap.br\/dicont\/wp-json\/wp\/v2\/media?parent=2205"}],"curies":[{"name":"wp","href":"https:\/\/api.w.org\/{rel}","templated":true}]}}