{"id":2212,"date":"2021-08-03T12:16:08","date_gmt":"2021-08-03T12:16:08","guid":{"rendered":"http:\/\/www2.unifap.br\/dicont\/?page_id=2212"},"modified":"2023-08-10T15:13:29","modified_gmt":"2023-08-10T15:13:29","slug":"contrato-n-23-2018","status":"publish","type":"page","link":"http:\/\/www2.unifap.br\/dicont\/contratos-com-fundacao-de-apoio\/contrato-n-23-2018\/","title":{"rendered":"CONTRATO N\u00b0 23\/2018"},"content":{"rendered":"<p><span style=\"text-decoration: underline;color: #ff0000\"><b>CONTRATO N\u00b0 023\/2018<\/b><\/span><\/p>\n<p style=\"text-align: left\"><b>OBJETO<\/b>: Apoiar a execu\u00e7\u00e3o das atividades estritamente necess\u00e1rias para atender o Projeto &#8220;A\u00c7\u00d5ES AFIRMATIVAS NO CAMPUS BINACIONAL OIAPOQUE\/UNIVERSIDADE FEDERAL DO AMAP\u00c1 (UNIFAP) PARA A PERMAN\u00caNCIA DE ESTUDANTES IND\u00cdGENAS E QUILOMBOLAS ORIUNDOS DO PROCESSO SELETIVO EXTRAORDIN\u00c1RIO 2018 (PSEIQ\/2018), de acordo com o Projeto n\u00b0 109\/2018.<\/p>\n<p><b>CONTRATADO<\/b>: FUNDA\u00c7\u00c3O DE APOIO E DESENVOLVIMENTO AO ENSINO, PESQUISA E EXTENS\u00c3O UNIVERSIT\u00c1RIA NO ACRE &#8211; FUNDAPE<\/p>\n<p><span style=\"color: #008080\"><strong><a style=\"color: #008080\" href=\"https:\/\/sipac.unifap.br\/public\/jsp\/processos\/processo_detalhado.jsf?id=52200\">LINK PARA CONSULTA DO PROCESSO DE CONTRATA\u00c7\u00c3O<\/a><\/strong><\/span><\/p>\n<p><strong><span style=\"color: #008080\">LINK&#8217;S PARA CONSULTA DOS PROCESSOS DE PAGAMENTO:<\/span><\/strong><\/p>\n<p>&#8230;.<\/p>\n<h1><strong><span style=\"text-decoration: underline\">___________________________________<\/span><\/strong><\/h1>\n<p>1 &#8211; DADOS DO PROJETO<\/p>\n<p>Nome do Projeto:<\/p>\n<p>A\u00c7\u00d5ES AFIRMATIVAS NO CAMPUS BINACIONAL OIAPOQUE\/UNIVERSIDADE FEDERAL DO AMAP\u00c1 (UNIFAP) PARA A PERMAN\u00caNCIA DE ESTUDANTES IND\u00cdGENAS E QUILOMBOLAS ORIUNDOS DO PROCESSO SELETIVO EXTRAORDIN\u00c1RIO 2018 (PSEIQ\/2018)<\/p>\n<p>&nbsp;<\/p>\n<p>Objetivo do Projeto:<\/p>\n<p>Desenvolver a\u00e7\u00f5es afirmativas de base pedag\u00f3gica e acad\u00eamica no Campus Binacional Oiapoque, considerando a Lei 12.711\/2012 e seus decretos e portarias correlatos, para a promo\u00e7\u00e3o da perman\u00eancia de estudantes ind\u00edgenas e quilombolas aprovados no Processo Seletivo Extraordin\u00e1rio para Ind\u00edgenas e Quilombolas (PSEIQ\/Edital n.1\/2018).<\/p>\n<p>&nbsp;<\/p>\n<p>Institui\u00e7\u00e3o contratada:<\/p>\n<p>FUNDA\u00c7\u00c3O DE APOIO E DESENVOLVIMENTO AO ENSINO PESQUISA E EXTENS\u00c3O UNIVERSIT\u00c1RIA NO ACRE<\/p>\n<p>&nbsp;<\/p>\n<p>&nbsp;Valor do Contrato (n\u00famero do contrato, incluindo os aditivos se houver):<\/p>\n<p>R$ 183.240,00 (cento e oitenta e tr\u00eas mil, duzentos e quarenta reais)<\/p>\n<p>&nbsp;<\/p>\n<p>Valor pago por despesas administrativas para a institui\u00e7\u00e3o contratada:<\/p>\n<p>R$ 14.659,00 (Quatorze mil, seiscentos e cinquenta e nove reais)<\/p>\n<p>&nbsp;<\/p>\n<p>Vig\u00eancia do Contrato:<\/p>\n<p>31\/12\/2018 &#8211; 30\/11\/2021<\/p>\n<p>&nbsp;<\/p>\n<p>Nome do Coordenador do Projeto:<\/p>\n<p><strong>ELISANDRA BARROS DA SILVA<\/strong><\/p>\n<p>&nbsp;<\/p>\n<p>Nome dos bolsistas do projeto, incluindo matr\u00edcula SIAPE ou n\u00famero de matr\u00edcula de discente; &#8211; Tipo de v\u00ednculo do bolsista com a UNIFAP; Carga horaria do bolsista dedicada ao projeto; Valor das bolsas incluindo do Coordenador:<\/p>\n<p>&nbsp;<\/p>\n<p><strong>Nome: ELISSANDRA BARROS DA SILVA<\/strong><\/p>\n<p>SIAPE: 1732791<\/p>\n<p>Tipo de V\u00ednculo com a UNIFAP: SERVIDOR \/ PROFESSOR EFETIVO<\/p>\n<p>Carga hor\u00e1ria dedicada ao projeto: 2,0 h\/semana<\/p>\n<p>Valor da bolsa: R$ 1.400,00<\/p>\n<p>&nbsp;<\/p>\n<p><strong>Nome: CARINA SANTOS DE ALMEIDA <\/strong><\/p>\n<p>SIAPE: 2096625<\/p>\n<p>Tipo de V\u00ednculo com a UNIFAP: SERVIDOR \/ PROFESSOR EFETIVO<\/p>\n<p>Carga hor\u00e1ria dedicada ao projeto: 2,0 h\/semana<\/p>\n<p>Valor da bolsa: R$ 1.400,00<\/p>\n<p>&nbsp;<\/p>\n<p><strong>Nome: JEFFERSON DA SILVA MARTINS <\/strong><\/p>\n<p>SIAPE: 2696420<\/p>\n<p>Tipo de V\u00ednculo com a UNIFAP: SERVIDOR \/ T\u00c9CNICO ADMINISTRATIVO<\/p>\n<p>Carga hor\u00e1ria dedicada ao projeto: 2,0 h\/semana<\/p>\n<p>Valor da bolsa: R$ 1.100,00<\/p>\n<p>&nbsp;<\/p>\n<p><strong>Nome: RENAN NETTO DE MATOS VIEIRA <\/strong><\/p>\n<p>SIAPE: 1782116<\/p>\n<p>Tipo de V\u00ednculo com a UNIFAP: SERVIDOR \/ T\u00c9CNICO ADMINISTRATIVO<\/p>\n<p>Carga hor\u00e1ria dedicada ao projeto: 8,0 h\/semana<\/p>\n<p>Valor da bolsa: R$ 765,00<\/p>\n<p>&nbsp;<\/p>\n<p>Demais Bolsistas (Discentes de Gradua\u00e7\u00e3o e Docentes) ainda n\u00e3o foram selecionados para atuarem no projeto, em decorr\u00eancia da paralisa\u00e7\u00e3o das atividades durante a pandemia de COVID-19.<\/p>\n<p>&nbsp;<\/p>\n<p>Cronograma de execu\u00e7\u00e3o<\/p>\n<p>Consta no projeto 109\/2018, em anexo.<\/p>\n<p>&nbsp;<\/p>\n<p>2 &#8211; SELE\u00c7\u00c3O DE BOLSISTAS<\/p>\n<p>Forma de sele\u00e7\u00e3o dos bolsistas (se foi atrav\u00e9s de edital ou n\u00e3o)<\/p>\n<p>O edital de sele\u00e7\u00e3o dos bolsistas ainda n\u00e3o foi publicado em decorr\u00eancia da pandemia de COVID-19. Um aditivo ao projeto acad\u00eamico e ao contrato j\u00e1 est\u00e1 sendo planejado.<\/p>\n<p>&nbsp;<\/p>\n<p>N\u00famero do Edital de sele\u00e7\u00e3o.<\/p>\n<p>&nbsp;<\/p>\n<p>Local de publica\u00e7\u00e3o do Edital.<\/p>\n<p>&nbsp;<\/p>\n<p>3 &#8211; FISCAIS DO PROJETO<\/p>\n<p>Portaria de nomea\u00e7\u00e3o<\/p>\n<p>PORTARIA 1134\/2019 &#8211; UNIFAP<\/p>\n<p>&nbsp;<\/p>\n<p>Relat\u00f3rios de fiscaliza\u00e7\u00e3o dos Projetos<\/p>\n<p>Constam nos processos de pagamento, identificados abaixo.<\/p>\n<p>&nbsp;<\/p>\n<p>Relat\u00f3rios t\u00e9cnicos produzidos<\/p>\n<p>Constam nos processos de pagamento, identificados abaixo.<\/p>\n<p>&nbsp;<\/p>\n<p>N\u00famero dos processos de pagamentos<\/p>\n<p><a href=\"https:\/\/sipac.unifap.br\/public\/jsp\/processos\/processo_detalhado.jsf?id=59151\"><strong>23125.035860\/2019-71<\/strong><\/a><\/p>\n<p>&nbsp;<\/p>\n<p>Informa\u00e7\u00e3o sobre a Contrapartida para a UNIFAP<\/p>\n<p>N\u00e3o foi estabelecido contrapartida para a UNIFAP.<\/p>\n<p>&nbsp;<\/p>\n<p>Para realizar o download do arquivo em anexo, clique:<\/p>\n<p><a href=\"https:\/\/sipac.unifap.br\/sipac\/downloadArquivo?idArquivo=467397&amp;key=53b4e61c02bf85d7b7ebc2a4e8fe70be\"><strong>projeto 1092018.pdf<\/strong><\/a><\/p>\n<p><a href=\"https:\/\/sipac.unifap.br\/sipac\/downloadArquivo?idArquivo=467400&amp;key=44d5c0c8d2f7d2d22a806ffe4fb52b16\"><strong>portaria gest\u00e3o fiscaliza\u00e7\u00e3o.pdf<\/strong><\/a><\/p>\n<p><a href=\"https:\/\/sipac.unifap.br\/sipac\/downloadArquivo?idArquivo=467401&amp;key=bfbca29cfa16dd3cd17bc03478aa6f25\"><strong>CONTRATO_23-2018.pdf<\/strong><\/a><\/p>\n<p><a href=\"https:\/\/sipac.unifap.br\/sipac\/downloadArquivo?idArquivo=467403&amp;key=90ca45c277e0ace3d228d9111e8e7bc8\"><strong>TERMO ADITIVO DO CONTRATO N\u00b0023.2018.pdf<\/strong><\/a><\/p>\n","protected":false},"excerpt":{"rendered":"<p>CONTRATO N\u00b0 023\/2018 OBJETO: Apoiar a execu\u00e7\u00e3o das atividades estritamente necess\u00e1rias para atender o Projeto &#8220;A\u00c7\u00d5ES AFIRMATIVAS NO CAMPUS BINACIONAL OIAPOQUE\/UNIVERSIDADE FEDERAL DO AMAP\u00c1 (UNIFAP) PARA A PERMAN\u00caNCIA DE ESTUDANTES IND\u00cdGENAS E QUILOMBOLAS ORIUNDOS DO PROCESSO SELETIVO EXTRAORDIN\u00c1RIO 2018 (PSEIQ\/2018), de acordo com o Projeto n\u00b0 109\/2018. CONTRATADO: FUNDA\u00c7\u00c3O DE APOIO E DESENVOLVIMENTO AO ENSINO,&#8230;<\/p>\n","protected":false},"author":832,"featured_media":0,"parent":2399,"menu_order":3,"comment_status":"closed","ping_status":"closed","template":"","meta":{"inline_featured_image":false,"site-sidebar-layout":"default","site-content-layout":"","ast-site-content-layout":"default","site-content-style":"default","site-sidebar-style":"default","ast-global-header-display":"","ast-banner-title-visibility":"","ast-main-header-display":"","ast-hfb-above-header-display":"","ast-hfb-below-header-display":"","ast-hfb-mobile-header-display":"","site-post-title":"","ast-breadcrumbs-content":"","ast-featured-img":"","footer-sml-layout":"","theme-transparent-header-meta":"","adv-header-id-meta":"","stick-header-meta":"","header-above-stick-meta":"","header-main-stick-meta":"","header-below-stick-meta":"","astra-migrate-meta-layouts":"default","ast-page-background-enabled":"default","ast-page-background-meta":{"desktop":{"background-color":"var(--ast-global-color-4)","background-image":"","background-repeat":"repeat","background-position":"center center","background-size":"auto","background-attachment":"scroll","background-type":"","background-media":"","overlay-type":"","overlay-color":"","overlay-opacity":"","overlay-gradient":""},"tablet":{"background-color":"","background-image":"","background-repeat":"repeat","background-position":"center center","background-size":"auto","background-attachment":"scroll","background-type":"","background-media":"","overlay-type":"","overlay-color":"","overlay-opacity":"","overlay-gradient":""},"mobile":{"background-color":"","background-image":"","background-repeat":"repeat","background-position":"center center","background-size":"auto","background-attachment":"scroll","background-type":"","background-media":"","overlay-type":"","overlay-color":"","overlay-opacity":"","overlay-gradient":""}},"ast-content-background-meta":{"desktop":{"background-color":"var(--ast-global-color-5)","background-image":"","background-repeat":"repeat","background-position":"center center","background-size":"auto","background-attachment":"scroll","background-type":"","background-media":"","overlay-type":"","overlay-color":"","overlay-opacity":"","overlay-gradient":""},"tablet":{"background-color":"var(--ast-global-color-5)","background-image":"","background-repeat":"repeat","background-position":"center center","background-size":"auto","background-attachment":"scroll","background-type":"","background-media":"","overlay-type":"","overlay-color":"","overlay-opacity":"","overlay-gradient":""},"mobile":{"background-color":"var(--ast-global-color-5)","background-image":"","background-repeat":"repeat","background-position":"center center","background-size":"auto","background-attachment":"scroll","background-type":"","background-media":"","overlay-type":"","overlay-color":"","overlay-opacity":"","overlay-gradient":""}},"ngg_post_thumbnail":0,"footnotes":""},"class_list":["post-2212","page","type-page","status-publish","hentry"],"_links":{"self":[{"href":"http:\/\/www2.unifap.br\/dicont\/wp-json\/wp\/v2\/pages\/2212","targetHints":{"allow":["GET"]}}],"collection":[{"href":"http:\/\/www2.unifap.br\/dicont\/wp-json\/wp\/v2\/pages"}],"about":[{"href":"http:\/\/www2.unifap.br\/dicont\/wp-json\/wp\/v2\/types\/page"}],"author":[{"embeddable":true,"href":"http:\/\/www2.unifap.br\/dicont\/wp-json\/wp\/v2\/users\/832"}],"replies":[{"embeddable":true,"href":"http:\/\/www2.unifap.br\/dicont\/wp-json\/wp\/v2\/comments?post=2212"}],"version-history":[{"count":3,"href":"http:\/\/www2.unifap.br\/dicont\/wp-json\/wp\/v2\/pages\/2212\/revisions"}],"predecessor-version":[{"id":2265,"href":"http:\/\/www2.unifap.br\/dicont\/wp-json\/wp\/v2\/pages\/2212\/revisions\/2265"}],"up":[{"embeddable":true,"href":"http:\/\/www2.unifap.br\/dicont\/wp-json\/wp\/v2\/pages\/2399"}],"wp:attachment":[{"href":"http:\/\/www2.unifap.br\/dicont\/wp-json\/wp\/v2\/media?parent=2212"}],"curies":[{"name":"wp","href":"https:\/\/api.w.org\/{rel}","templated":true}]}}