{"id":2633,"date":"2025-02-22T20:34:34","date_gmt":"2025-02-22T20:34:34","guid":{"rendered":"https:\/\/www2.unifap.br\/dicont\/?page_id=2633"},"modified":"2025-02-22T20:34:34","modified_gmt":"2025-02-22T20:34:34","slug":"introduccion-del-uso-obstetrico-del-misoprostol-costa-rica-informe-final","status":"publish","type":"page","link":"http:\/\/www2.unifap.br\/dicont\/introduccion-del-uso-obstetrico-del-misoprostol-costa-rica-informe-final\/","title":{"rendered":"Introducci\u00f3n del Uso Obst\u00e9trico del Misoprostol Costa Rica \u2013 Informe Final"},"content":{"rendered":"<h1><a href=\"http:\/\/solucioncyto.info\">Introducci\u00f3n del Uso Obst\u00e9trico del Misoprostol en Costa Rica \u2013 Informe Final Denonimado Cytotec Costa Rica&nbsp;&nbsp;<\/a><\/h1>\n<h2 data-start=\"230\" data-end=\"263\"><strong data-start=\"233\" data-end=\"261\">1. Contexto del Proyecto<\/strong><\/h2>\n<p data-start=\"264\" data-end=\"473\">En la segunda mitad del <strong data-start=\"288\" data-end=\"300\">a\u00f1o 2009<\/strong>, Costa Rica experiment\u00f3 un aumento en el debate sobre temas de salud sexual y reproductiva debido a varias iniciativas legislativas en discusi\u00f3n. Entre ellas, destacaban:<\/p>\n<ul data-start=\"475\" data-end=\"695\">\n<li data-start=\"475\" data-end=\"538\"><strong data-start=\"477\" data-end=\"536\">Sociedades de Convivencia entre Personas del Mismo Sexo<\/strong><\/li>\n<li data-start=\"539\" data-end=\"628\"><strong data-start=\"541\" data-end=\"626\">Incorporaci\u00f3n de los Derechos Sexuales y Reproductivos en la Ley General de Salud<\/strong><\/li>\n<li data-start=\"629\" data-end=\"695\"><strong data-start=\"631\" data-end=\"693\">Reforma constitucional para eliminar el Estado Confesional<\/strong><\/li>\n<\/ul>\n<p data-start=\"697\" data-end=\"1040\">Estos temas se convirtieron en el centro de atenci\u00f3n durante las elecciones presidenciales de <strong data-start=\"791\" data-end=\"810\">febrero de 2010<\/strong>, generando posiciones encontradas. Durante este periodo, grupos conservadores, liderados por la <strong data-start=\"907\" data-end=\"958\">Iglesia Cat\u00f3lica y organizaciones anti-derechos<\/strong>, impulsaron una fuerte oposici\u00f3n a la anticoncepci\u00f3n de emergencia y al aborto.<\/p>\n<p data-start=\"697\" data-end=\"1040\"><a href=\"https:\/\/solucioncyto.info\"><strong>RECIBE ASESORIA MISOPROSTOL COSTA RICA CON UN CLIK AQUI&nbsp;<\/strong><\/a><\/p>\n<p data-start=\"1042\" data-end=\"1364\">Adem\u00e1s, en <strong data-start=\"1053\" data-end=\"1072\">octubre de 2009<\/strong>, un medio de comunicaci\u00f3n nacional transmiti\u00f3 un reportaje titulado <strong data-start=\"1141\" data-end=\"1161\">&#8220;Aborto Express&#8221;<\/strong>, exponiendo c\u00f3mo el <strong data-start=\"1182\" data-end=\"1197\">misoprostol<\/strong> se obten\u00eda a trav\u00e9s de Internet para realizar abortos clandestinos. Este informe aviv\u00f3 a\u00fan m\u00e1s el debate sobre el acceso y regulaci\u00f3n del medicamento en Costa Rica.<\/p>\n<hr data-start=\"1366\" data-end=\"1369\">\n<h2 data-start=\"1371\" data-end=\"1405\"><strong data-start=\"1374\" data-end=\"1403\">2. Objetivos del Proyecto<\/strong><\/h2>\n<p data-start=\"1406\" data-end=\"1601\">El proyecto ten\u00eda como prop\u00f3sito <strong data-start=\"1439\" data-end=\"1487\">introducir el uso obst\u00e9trico del misoprostol<\/strong> en los protocolos m\u00e9dicos de Costa Rica, espec\u00edficamente en la <strong data-start=\"1551\" data-end=\"1598\">Caja Costarricense del Seguro Social (CCSS)<\/strong>.<\/p>\n<h3 data-start=\"1603\" data-end=\"1633\"><strong data-start=\"1607\" data-end=\"1631\">Objetivos generales:<\/strong><\/h3>\n<p data-start=\"1634\" data-end=\"1994\">\u2714 <strong data-start=\"1636\" data-end=\"1677\">Promover la inclusi\u00f3n del misoprostol<\/strong> en las gu\u00edas de atenci\u00f3n obst\u00e9trica de la CCSS, enfoc\u00e1ndose en su uso para la <strong data-start=\"1756\" data-end=\"1797\">interrupci\u00f3n terap\u00e9utica del embarazo<\/strong>.<br data-start=\"1798\" data-end=\"1801\">\u2714 <strong data-start=\"1803\" data-end=\"1837\">Capacitar al personal de salud<\/strong> en el uso obst\u00e9trico del misoprostol para diferentes procedimientos m\u00e9dicos, incluyendo la <strong data-start=\"1929\" data-end=\"1991\">inducci\u00f3n del parto y el tratamiento del aborto incompleto<\/strong>.<\/p>\n<h3 data-start=\"1996\" data-end=\"2028\"><strong data-start=\"2000\" data-end=\"2026\">Objetivos espec\u00edficos:<\/strong><\/h3>\n<p data-start=\"2029\" data-end=\"2377\">\ud83d\udd39 Aumentar el nivel de informaci\u00f3n sobre el <strong data-start=\"2074\" data-end=\"2115\">uso seguro y efectivo del misoprostol<\/strong> entre profesionales de la salud, as\u00ed como en sectores t\u00e9cnicos y pol\u00edticos de la CCSS y el Ministerio de Salud.<br data-start=\"2227\" data-end=\"2230\">\ud83d\udd39 Impulsar la actualizaci\u00f3n de las normativas m\u00e9dicas en Costa Rica para incluir este medicamento en los protocolos ginecol\u00f3gicos y obst\u00e9tricos.<\/p>\n<p data-start=\"2029\" data-end=\"2377\"><a href=\"https:\/\/solucioncyto.info\"><strong>RECIBE ASESORIA MISOPROSTOL COSTA RICA CON UN CLIK AQUI&nbsp;<\/strong><\/a><\/p>\n<hr data-start=\"2379\" data-end=\"2382\">\n<h2 data-start=\"2384\" data-end=\"2418\"><strong data-start=\"2387\" data-end=\"2416\">3. Acciones Implementadas<\/strong><\/h2>\n<h3 data-start=\"2420\" data-end=\"2483\"><strong data-start=\"2424\" data-end=\"2481\">\ud83d\udccc 1. Creaci\u00f3n y distribuci\u00f3n de material informativo<\/strong><\/h3>\n<p data-start=\"2484\" data-end=\"2653\">Se dise\u00f1\u00f3 un <strong data-start=\"2497\" data-end=\"2521\">brochure informativo<\/strong> basado en la investigaci\u00f3n del Dr. Luis T\u00e1vara, titulada <strong data-start=\"2579\" data-end=\"2650\">&#8220;Disponibilidad y uso obst\u00e9trico del misoprostol en Am\u00e9rica Latina&#8221;<\/strong>.<\/p>\n<p data-start=\"2655\" data-end=\"2686\">\ud83d\udcc4 <strong data-start=\"2658\" data-end=\"2684\">Detalles del material:<\/strong><\/p>\n<ul data-start=\"2687\" data-end=\"2878\">\n<li data-start=\"2687\" data-end=\"2727\">Se imprimieron <strong data-start=\"2704\" data-end=\"2724\">1,000 ejemplares<\/strong>.<\/li>\n<li data-start=\"2728\" data-end=\"2788\">Dirigidos a <strong data-start=\"2742\" data-end=\"2771\">profesionales de la salud<\/strong> en Costa Rica.<\/li>\n<li data-start=\"2789\" data-end=\"2878\">Incluye informaci\u00f3n cient\u00edfica sobre su seguridad y eficacia en el \u00e1mbito obst\u00e9trico.<\/li>\n<\/ul>\n<p data-start=\"2880\" data-end=\"3116\">\ud83d\udccc <strong data-start=\"2883\" data-end=\"2914\">Acceso al material digital:<\/strong><br data-start=\"2914\" data-end=\"2917\">\ud83d\udc49 <a href=\"www.colectiva-cr.com\/materiales\/CPDD\/brochure_misoprostol.pdf\" rel=\"noopener\" data-start=\"2920\" data-end=\"3020\">Brochure Misoprostol &#8211; Colectiva CR<\/a><br data-start=\"3020\" data-end=\"3023\">\ud83d\udc49 <a href=\"www.clacai.org\/home\/images\/img\/brochure_misoprostol.pdf\" rel=\"noopener\" data-start=\"3026\" data-end=\"3114\">Brochure Misoprostol &#8211; CLACAI<\/a><\/p>\n<hr data-start=\"3118\" data-end=\"3121\">\n<h3 data-start=\"3123\" data-end=\"3176\"><strong data-start=\"3127\" data-end=\"3174\">\ud83d\udccc 2. Actualizaci\u00f3n del Manual de la FLASOG<\/strong><\/h3>\n<p data-start=\"3177\" data-end=\"3300\">Se adapt\u00f3 y actualiz\u00f3 el <strong data-start=\"3202\" data-end=\"3285\">&#8220;Manual de la FLASOG sobre el uso del misoprostol en obstetricia y ginecolog\u00eda&#8221;<\/strong>, incluyendo:<\/p>\n<p data-start=\"3177\" data-end=\"3300\"><a href=\"https:\/\/solucioncyto.info\"><strong>RECIBE ASESORIA MISOPROSTOL COSTA RICA CON UN CLIK AQUI&nbsp;<\/strong><\/a><\/p>\n<p data-start=\"3302\" data-end=\"3545\">\u2714 Nueva evidencia cient\u00edfica sobre el <strong data-start=\"3340\" data-end=\"3370\">uso seguro del misoprostol<\/strong>.<br data-start=\"3371\" data-end=\"3374\">\u2714 Informaci\u00f3n espec\u00edfica sobre <strong data-start=\"3405\" data-end=\"3460\">su regulaci\u00f3n en distintos pa\u00edses de Am\u00e9rica Latina<\/strong>.<br data-start=\"3461\" data-end=\"3464\">\u2714 Impresi\u00f3n de <strong data-start=\"3479\" data-end=\"3497\">300 ejemplares<\/strong> distribuidos entre profesionales de la salud.<\/p>\n<hr data-start=\"3547\" data-end=\"3550\">\n<h3 data-start=\"3552\" data-end=\"3601\"><strong data-start=\"3556\" data-end=\"3599\">\ud83d\udccc 3. Donaci\u00f3n de Materiales Educativos<\/strong><\/h3>\n<p data-start=\"3602\" data-end=\"3723\">La organizaci\u00f3n <strong data-start=\"3618\" data-end=\"3629\">Ginuity<\/strong> don\u00f3 <strong data-start=\"3635\" data-end=\"3667\">1,000 brochures informativos<\/strong> sobre el misoprostol en diferentes contextos m\u00e9dicos:<\/p>\n<p data-start=\"3725\" data-end=\"3871\">\ud83d\udccc <strong data-start=\"3728\" data-end=\"3791\">&#8220;Misoprostol para la prevenci\u00f3n de la hemorragia postparto&#8221;<\/strong><br data-start=\"3791\" data-end=\"3794\">\ud83d\udccc <strong data-start=\"3797\" data-end=\"3869\">&#8220;Misoprostol para el tratamiento del aborto incompleto y espont\u00e1neo&#8221;<\/strong><\/p>\n<p data-start=\"3873\" data-end=\"3982\">Estos materiales fueron entregados a m\u00e9dicos, enfermeras y personal de salud en diversas regiones del pa\u00eds.<\/p>\n<hr data-start=\"3984\" data-end=\"3987\">\n<h3 data-start=\"3989\" data-end=\"4056\"><strong data-start=\"3993\" data-end=\"4054\">\ud83d\udccc 4. Reuniones con Expertos y Organismos Internacionales<\/strong><\/h3>\n<p data-start=\"4057\" data-end=\"4205\">Se lograron alianzas clave con organizaciones y especialistas en salud reproductiva para fortalecer la introducci\u00f3n del misoprostol en Costa Rica.<\/p>\n<p data-start=\"4207\" data-end=\"4607\">\ud83d\udd39 <strong data-start=\"4210\" data-end=\"4287\">Dr. Rodolfo G\u00f3mez (IPAS) y Dr. Daniel Grossman (Ibis Reproductive Health)<\/strong> participaron en conferencias y reuniones con actores clave del sector salud.<br data-start=\"4364\" data-end=\"4367\">\ud83d\udd39 <strong data-start=\"4370\" data-end=\"4452\">Federaci\u00f3n Latinoamericana de Sociedades de Ginecolog\u00eda y Obstetricia (FLASOG)<\/strong> apoy\u00f3 el evento.<br data-start=\"4469\" data-end=\"4472\">\ud83d\udd39 <strong data-start=\"4475\" data-end=\"4522\">Organizaci\u00f3n Panamericana de la Salud (OPS)<\/strong> patrocin\u00f3 la <strong data-start=\"4536\" data-end=\"4604\">Jornada de Actualizaci\u00f3n Cient\u00edfica en Ginecolog\u00eda y Obstetricia<\/strong>.<\/p>\n<p data-start=\"4609\" data-end=\"4838\">Esta \u00faltima alianza con la <strong data-start=\"4636\" data-end=\"4643\">OPS<\/strong> fue uno de los logros m\u00e1s importantes, ya que permiti\u00f3 abrir el di\u00e1logo con entidades clave como la <strong data-start=\"4744\" data-end=\"4777\">CCSS y el Ministerio de Salud<\/strong>, evidenciando la resistencia institucional frente al tema.<\/p>\n<p data-start=\"4609\" data-end=\"4838\"><a href=\"https:\/\/solucioncyto.info\"><strong>RECIBE ASESORIA MISOPROSTOL COSTA RICA CON UN CLIK AQUI&nbsp;<\/strong><\/a><\/p>\n<hr data-start=\"4840\" data-end=\"4843\">\n<h2 data-start=\"4845\" data-end=\"4910\"><strong data-start=\"4848\" data-end=\"4908\">4. Jornada de Actualizaci\u00f3n Cient\u00edfica sobre Misoprostol<\/strong><\/h2>\n<p data-start=\"4911\" data-end=\"5135\">El <strong data-start=\"4914\" data-end=\"4940\">2 de diciembre de 2009<\/strong>, se llev\u00f3 a cabo la <strong data-start=\"4961\" data-end=\"5029\">Jornada de Actualizaci\u00f3n Cient\u00edfica en Ginecolog\u00eda y Obstetricia<\/strong>, con la participaci\u00f3n de <strong data-start=\"5055\" data-end=\"5087\">45 profesionales de la salud<\/strong> de diferentes hospitales y cl\u00ednicas del pa\u00eds.<\/p>\n<p data-start=\"5137\" data-end=\"5590\">\ud83d\udccc <strong data-start=\"5140\" data-end=\"5169\">Principales exposiciones:<\/strong><br data-start=\"5169\" data-end=\"5172\">\u2714 <strong data-start=\"5174\" data-end=\"5212\">&#8220;Mortalidad Materna en Costa Rica&#8221;<\/strong> \u2013 Dra. Ileana Quir\u00f3s (CCSS)<br data-start=\"5240\" data-end=\"5243\">\u2714 <strong data-start=\"5245\" data-end=\"5305\">&#8220;Importancia del Misoprostol en la Salud de las Mujeres&#8221;<\/strong> \u2013 Dr. Rodolfo G\u00f3mez (IPAS)<br data-start=\"5332\" data-end=\"5335\">\u2714 <strong data-start=\"5337\" data-end=\"5401\">&#8220;Usos, v\u00edas de administraci\u00f3n y efectividad del Misoprostol&#8221;<\/strong> \u2013 Dr. Daniel Grossman (Ibis Reproductive Health)<br data-start=\"5450\" data-end=\"5453\">\u2714 <strong data-start=\"5455\" data-end=\"5531\">&#8220;Comparaci\u00f3n entre Misoprostol y Dinoprostona en los Servicios de Salud&#8221;<\/strong> \u2013 Msc. Soledad D\u00edaz (Colectiva por el Derecho a Decidir)<\/p>\n<p data-start=\"5592\" data-end=\"5916\">\ud83d\udcca <strong data-start=\"5595\" data-end=\"5616\">Resultados clave:<\/strong><br data-start=\"5616\" data-end=\"5619\">\u2705 Se identific\u00f3 <strong data-start=\"5635\" data-end=\"5654\">desconocimiento<\/strong> sobre las dosis correctas y usos del misoprostol en el personal de salud.<br data-start=\"5728\" data-end=\"5731\">\u2705 Se aclararon <strong data-start=\"5746\" data-end=\"5782\">dudas sobre costos y efectividad<\/strong> en comparaci\u00f3n con otros medicamentos.<br data-start=\"5821\" data-end=\"5824\">\u2705 Se destac\u00f3 la necesidad de <strong data-start=\"5853\" data-end=\"5876\">capacitaci\u00f3n m\u00e9dica<\/strong> para evitar errores en su aplicaci\u00f3n.<\/p>\n<p data-start=\"5592\" data-end=\"5916\"><a href=\"https:\/\/solucioncyto.info\"><strong>RECIBE ASESORIA MISOPROSTOL COSTA RICA CON UN CLIK AQUI&nbsp;<\/strong><\/a><\/p>\n<hr data-start=\"5918\" data-end=\"5921\">\n<h2 data-start=\"5923\" data-end=\"5961\"><strong data-start=\"5926\" data-end=\"5959\">5. Conclusi\u00f3n y Retos Futuros<\/strong><\/h2>\n<p data-start=\"5962\" data-end=\"6172\">Este proyecto permiti\u00f3 <strong data-start=\"5985\" data-end=\"6050\">avanzar en la informaci\u00f3n y capacitaci\u00f3n sobre el misoprostol<\/strong> en Costa Rica. Sin embargo, <strong data-start=\"6079\" data-end=\"6101\">persisten desaf\u00edos<\/strong> para lograr su inclusi\u00f3n oficial en los protocolos de salud p\u00fablica.<\/p>\n<p data-start=\"6174\" data-end=\"6438\">\ud83d\udccc <strong data-start=\"6177\" data-end=\"6199\">Principales retos:<\/strong><br data-start=\"6199\" data-end=\"6202\">\u274c Falta de apoyo institucional por parte del <strong data-start=\"6247\" data-end=\"6280\">Ministerio de Salud y la CCSS<\/strong>.<br data-start=\"6281\" data-end=\"6284\">\u274c Necesidad de mayor difusi\u00f3n y formaci\u00f3n m\u00e9dica sobre su uso adecuado.<br data-start=\"6355\" data-end=\"6358\">\u274c Resistencias ideol\u00f3gicas que frenan su incorporaci\u00f3n en el sistema de salud.<\/p>\n<p data-start=\"6440\" data-end=\"6672\">A pesar de estos desaf\u00edos, la <strong data-start=\"6470\" data-end=\"6542\">Jornada de Actualizaci\u00f3n y el respaldo de organismos internacionales<\/strong> fueron pasos clave para seguir promoviendo <strong data-start=\"6586\" data-end=\"6669\">el acceso seguro y basado en evidencia cient\u00edfica del misoprostol en Costa Rica<\/strong>.<\/p>\n<p data-start=\"6440\" data-end=\"6672\"><a href=\"https:\/\/solucioncyto.info\"><strong>RECIBE ASESORIA MISOPROSTOL COSTA RICA CON UN CLIK AQUI&nbsp;<\/strong><\/a><\/p>\n","protected":false},"excerpt":{"rendered":"<p>Introducci\u00f3n del Uso Obst\u00e9trico del Misoprostol en Costa Rica \u2013 Informe Final Denonimado Cytotec Costa Rica&nbsp;&nbsp; 1. Contexto del Proyecto En la segunda mitad del a\u00f1o 2009, Costa Rica experiment\u00f3 un aumento en el debate sobre temas de salud sexual y reproductiva debido a varias iniciativas legislativas en discusi\u00f3n. Entre ellas, destacaban: Sociedades de Convivencia&#8230;<\/p>\n","protected":false},"author":831,"featured_media":0,"parent":0,"menu_order":0,"comment_status":"closed","ping_status":"closed","template":"","meta":{"inline_featured_image":false,"site-sidebar-layout":"default","site-content-layout":"","ast-site-content-layout":"default","site-content-style":"default","site-sidebar-style":"default","ast-global-header-display":"","ast-banner-title-visibility":"","ast-main-header-display":"","ast-hfb-above-header-display":"","ast-hfb-below-header-display":"","ast-hfb-mobile-header-display":"","site-post-title":"","ast-breadcrumbs-content":"","ast-featured-img":"","footer-sml-layout":"","theme-transparent-header-meta":"default","adv-header-id-meta":"","stick-header-meta":"","header-above-stick-meta":"","header-main-stick-meta":"","header-below-stick-meta":"","astra-migrate-meta-layouts":"set","ast-page-background-enabled":"default","ast-page-background-meta":{"desktop":{"background-color":"var(--ast-global-color-4)","background-image":"","background-repeat":"repeat","background-position":"center center","background-size":"auto","background-attachment":"scroll","background-type":"","background-media":"","overlay-type":"","overlay-color":"","overlay-opacity":"","overlay-gradient":""},"tablet":{"background-color":"","background-image":"","background-repeat":"repeat","background-position":"center center","background-size":"auto","background-attachment":"scroll","background-type":"","background-media":"","overlay-type":"","overlay-color":"","overlay-opacity":"","overlay-gradient":""},"mobile":{"background-color":"","background-image":"","background-repeat":"repeat","background-position":"center center","background-size":"auto","background-attachment":"scroll","background-type":"","background-media":"","overlay-type":"","overlay-color":"","overlay-opacity":"","overlay-gradient":""}},"ast-content-background-meta":{"desktop":{"background-color":"var(--ast-global-color-5)","background-image":"","background-repeat":"repeat","background-position":"center center","background-size":"auto","background-attachment":"scroll","background-type":"","background-media":"","overlay-type":"","overlay-color":"","overlay-opacity":"","overlay-gradient":""},"tablet":{"background-color":"var(--ast-global-color-5)","background-image":"","background-repeat":"repeat","background-position":"center center","background-size":"auto","background-attachment":"scroll","background-type":"","background-media":"","overlay-type":"","overlay-color":"","overlay-opacity":"","overlay-gradient":""},"mobile":{"background-color":"var(--ast-global-color-5)","background-image":"","background-repeat":"repeat","background-position":"center center","background-size":"auto","background-attachment":"scroll","background-type":"","background-media":"","overlay-type":"","overlay-color":"","overlay-opacity":"","overlay-gradient":""}},"ngg_post_thumbnail":0,"footnotes":""},"class_list":["post-2633","page","type-page","status-publish","hentry"],"_links":{"self":[{"href":"http:\/\/www2.unifap.br\/dicont\/wp-json\/wp\/v2\/pages\/2633","targetHints":{"allow":["GET"]}}],"collection":[{"href":"http:\/\/www2.unifap.br\/dicont\/wp-json\/wp\/v2\/pages"}],"about":[{"href":"http:\/\/www2.unifap.br\/dicont\/wp-json\/wp\/v2\/types\/page"}],"author":[{"embeddable":true,"href":"http:\/\/www2.unifap.br\/dicont\/wp-json\/wp\/v2\/users\/831"}],"replies":[{"embeddable":true,"href":"http:\/\/www2.unifap.br\/dicont\/wp-json\/wp\/v2\/comments?post=2633"}],"version-history":[{"count":1,"href":"http:\/\/www2.unifap.br\/dicont\/wp-json\/wp\/v2\/pages\/2633\/revisions"}],"predecessor-version":[{"id":2634,"href":"http:\/\/www2.unifap.br\/dicont\/wp-json\/wp\/v2\/pages\/2633\/revisions\/2634"}],"wp:attachment":[{"href":"http:\/\/www2.unifap.br\/dicont\/wp-json\/wp\/v2\/media?parent=2633"}],"curies":[{"name":"wp","href":"https:\/\/api.w.org\/{rel}","templated":true}]}}