{"id":44,"date":"2016-07-26T23:08:38","date_gmt":"2016-07-26T23:08:38","guid":{"rendered":"http:\/\/www2.unifap.br\/dinahtutyia\/?page_id=44"},"modified":"2016-07-27T09:48:00","modified_gmt":"2016-07-27T09:48:00","slug":"atividades-complementares","status":"publish","type":"page","link":"http:\/\/www2.unifap.br\/dinahtutyia\/atividades-complementares\/","title":{"rendered":"Atividades Complementares"},"content":{"rendered":"<p><strong>Em virtude das d\u00favidas dos acad\u00eamicos quanto \u00e0s Atividades Complementares, resolvi criar este espa\u00e7o para esclarecer algumas quest\u00f5es \u00a0e tamb\u00e9m abrir um canal de di\u00e1logo para problemas na autentica\u00e7\u00e3o dos certificados.<\/strong><\/p>\n<p><strong>Estou respons\u00e1vel pelas turmas dos &#8220;remanescentes&#8221; e \u00a0AU2010.<\/strong><\/p>\n<p><strong>Com base no Projeto Pedag\u00f3gico do Curso de Arquitetura e Urbanismo segue \u00a0abaixo algumas informa\u00e7\u00f5es:<\/strong><\/p>\n<p>&nbsp;<\/p>\n<p><strong>DESCRI\u00c7\u00c3O DAS ATIVIDADES COMPLEMENTARES<\/strong><\/p>\n<p>Entende-se por Atividades Complementares as a\u00e7\u00f5es desenvolvidas pelos acad\u00eamicos paralelas a realiza\u00e7\u00e3o do curso de Gradua\u00e7\u00e3o com vistas \u00e0 sedimenta\u00e7\u00e3o dos saberes constru\u00eddos em sua trajet\u00f3ria acad\u00eamica, voltadas \u00e0 pesquisa, ao ensino e a extens\u00e3o, e que sigam uma metodologia contextualizada e constitu\u00edda a partir do objetivo de obten\u00e7\u00e3o de resultados em curto prazo, condizentes com a \u00e1rea de abrang\u00eancia do curso. As Atividades Complementares comp\u00f5em o curr\u00edculo do curso, sendo necess\u00e1rias o m\u00ednimo de 200hs para o seu cumprimento.<br \/>\n<strong>Consideram-se como Atividades Complementares as seguintes modalidades:<\/strong><br \/>\n<strong>1. Atividades de extens\u00e3o:<\/strong> conjuntos de atividades extensionistas inter-relacionadas e de maior amplitude, envolvendo atividades interdisciplinares eventuais ou permanentes<br \/>\n<strong>2. Atividades de pesquisa:<\/strong> conjunto de atividades desenvolvidas em uma das linhas de pesquisa existentes no curso de Arquitetura e Urbanismo.<br \/>\n<strong>3. Participa\u00e7\u00e3o em eventos de natureza cient\u00edfica, art\u00edstico-culturais:<\/strong> s\u00e3o a\u00e7\u00f5es que envolvem organiza\u00e7\u00e3o, promo\u00e7\u00e3o ou atua\u00e7\u00e3o e apresenta\u00e7\u00e3o de trabalhos para clientela espec\u00edfica, objetivando a difus\u00e3o de conhecimentos, processos ou produtos cient\u00edficos, t\u00e9cnicos e culturais, tais como: congressos, semana acad\u00eamica, semin\u00e1rios, oficinas, feiras, desenvolvidos ou reconhecidos pela UNIFAP.<br \/>\n<strong>4. Produ\u00e7\u00f5es diversas:<\/strong> interc\u00e2mbio, confec\u00e7\u00e3o de v\u00eddeo, filmes, materiais educativos e culturais, prot\u00f3tipos, inventos.<\/p>\n<p><strong>BLOCO 1 \u2013 ENSINO<\/strong><br \/>\n<strong>Atividade de Monitoria reconhecida pela Pr\u00f3-reitoria de Ensino e Gradua\u00e7\u00e3o \u2013<\/strong> Um per\u00edodo de exerc\u00edcio de monitoria, com dedica\u00e7\u00e3o semanal de 10 horas e com apresenta\u00e7\u00e3o de resultados parciais ou finais em forma de relat\u00f3rio ou de trabalho apresentado em evento acad\u00eamico.<br \/>\nMonitoria Volunt\u00e1ria reconhecida pela Coordena\u00e7\u00e3o do CAU \u2013 Um per\u00edodo de exerc\u00edcio de monitoria, com dedica\u00e7\u00e3o semanal de 5 a 10 horas para o discente e com apresenta\u00e7\u00e3o de resultados parciais ou finais em forma de relat\u00f3rio ou de trabalho apresentado em evento acad\u00eamico.<\/p>\n<p><strong>BLOCO 2 \u2013 PESQUISA<\/strong><br \/>\n<strong>Atividade de Inicia\u00e7\u00e3o Cient\u00edfica com bolsa \u2013<\/strong> Um per\u00edodo de atividades de Inicia\u00e7\u00e3o Cient\u00edfica com dedica\u00e7\u00e3o semanal de 20 horas e com apresenta\u00e7\u00e3o de resultados parciais e finais atrav\u00e9s de relat\u00f3rios ou de apresenta\u00e7\u00e3o de trabalhos em eventos cient\u00edficos.<br \/>\n<strong>Atividade de Inicia\u00e7\u00e3o Cient\u00edfica Volunt\u00e1ria \u2013<\/strong> Um per\u00edodo de Atividades de Inicia\u00e7\u00e3o Cient\u00edfica com dedica\u00e7\u00e3o semanal de 10 a 20 horas e com apresenta\u00e7\u00e3o de resultados parciais e finais atrav\u00e9s de relat\u00f3rios ou de apresenta\u00e7\u00e3o de trabalhos em evento cient\u00edfico.<br \/>\n<strong>Participa\u00e7\u00e3o em Eventos Internacionais (autor e apresentador) \u2013<\/strong> Participa\u00e7\u00e3o em eventos internacionais diretamente relacionados \u00e0s atividades acad\u00eamicas e profissionais da \u00e1rea de Arquitetura e Urbanismo ou \u00e1reas afins com apresenta\u00e7\u00e3o de trabalho e publica\u00e7\u00e3o nos anais do evento.<br \/>\n<strong>Participa\u00e7\u00e3o em Organiza\u00e7\u00e3o de Eventos, acad\u00eamicos ou n\u00e3o.<\/strong><br \/>\n<strong>Participa\u00e7\u00e3o em Eventos Nacionais-<\/strong> diretamente relacionados \u00e0s atividades acad\u00eamicas e profissionais da \u00e1rea de Arquitetura e Urbanismo e \u00e1reas afins. (Palestrante, Ouvinte, apresenta\u00e7\u00e3o de trabalho como autor, co-autor).<br \/>\n<strong>Participa\u00e7\u00e3o em Eventos Regional<\/strong> diretamente relacionados \u00e0s atividades acad\u00eamicas e profissionais da \u00e1rea de Arquitetura e Urbanismo e \u00e1reas afins. (Palestrante, Ouvinte, apresenta\u00e7\u00e3o de trabalho como autor, co-autor).<\/p>\n<p><strong>Participa\u00e7\u00e3o em Eventos Locais<\/strong> diretamente relacionados \u00e0s atividades acad\u00eamicas e profissionais da \u00e1rea de Arquitetura e Urbanismo e \u00e1reas afins. (Ouvinte, apresenta\u00e7\u00e3o de trabalho como autor, co-autor).<br \/>\n<strong>Publica\u00e7\u00e3o em Eventos Internacionais, Nacionais, Regionais e Locais<\/strong> atrav\u00e9s dos anais de congressos e similares, comprovados com a apresenta\u00e7\u00e3o de documento pertinente. Na condi\u00e7\u00e3o de autor, co-autor.<br \/>\n<strong>Publica\u00e7\u00e3o em Livros, Revistas, Peri\u00f3dicos, e outros Internacionais, Nacionais, Regionais e Locais<\/strong> comprovados com a apresenta\u00e7\u00e3o de documento pertinente.<\/p>\n<p><strong>BLOCO 3 \u2013 EXTENS\u00c3O<\/strong><br \/>\n<strong>Projetos de Extens\u00e3o com bolsa \u2013<\/strong> Um per\u00edodo de participa\u00e7\u00e3o em Projeto de Extens\u00e3o com dedica\u00e7\u00e3o semanal de 12 a 20 horas e com apresenta\u00e7\u00e3o de resultados parciais e finais atrav\u00e9s de relat\u00f3rios ou de apresenta\u00e7\u00e3o de trabalhos em evento acad\u00eamico.<br \/>\n<strong>Projetos de Extens\u00e3o Volunt\u00e1rios &#8211;<\/strong> Um per\u00edodo de participa\u00e7\u00e3o em Projeto de Extens\u00e3o com dedica\u00e7\u00e3o semanal de 12 a 20 horas e com apresenta\u00e7\u00e3o de resultados parciais e finais atrav\u00e9s de relat\u00f3rios ou de apresenta\u00e7\u00e3o de trabalhos em evento acad\u00eamico.<br \/>\n<strong>Representa\u00e7\u00e3o Estudantil<\/strong> &#8211; Participa\u00e7\u00e3o como representante estudantil no Colegiado do CAU, nas Plen\u00e1rias, Conselhos, Centro Acad\u00eamico ou nos Colegiados Superiores com apresenta\u00e7\u00e3o de documento comprobat\u00f3rio de participa\u00e7\u00e3o na Reuni\u00e3o.<br \/>\n<strong>Representa\u00e7\u00e3o Estudantil Diretoria &#8211;<\/strong> Participa\u00e7\u00e3o anual como membro de diretoria de entidade de representa\u00e7\u00e3o pol\u00edtico-estudantil.<br \/>\n<strong>Viagem de Estudo Nacional ou Regional<\/strong> \u2013 Viagens na \u00e1rea de Arquitetura e Urbanismo que resultem em relat\u00f3rio circunstanciado, validado e aprovado por um docente respons\u00e1vel, CONSUltado previamente.<br \/>\n<strong>Visitas T\u00e9cnicas \u2013<\/strong> Visitas t\u00e9cnicas na \u00e1rea de Arquitetura e Urbanismo que resultem em relat\u00f3rio circunstanciado, validado e aprovado por um docente respons\u00e1vel, CONSUltado previamente.<br \/>\n<strong>Acompanhamento de Obra \u2013<\/strong> Acompanhamento sistem\u00e1tico da execu\u00e7\u00e3o de projetos de Arquitetura e Urbanismo elaborados no \u00e2mbito do CAU, envolvendo entre 5 a 10 horas semanais durante pelo menos dois meses, que resultem em relat\u00f3rio circunstanciado, validado e aprovado pelo docente coordenador do projeto.<br \/>\n<strong>Cursos de Extens\u00e3o &#8211;<\/strong> Participa\u00e7\u00e3o, na condi\u00e7\u00e3o de ministrante, em curso promovido por institui\u00e7\u00e3o de ensino ou profissional reconhecida pela UNIFAP. O conte\u00fado do referido curso dever\u00e1 estar relacionado \u00e0 profiss\u00e3o de arquiteto e urbanista, ter uma carga hor\u00e1ria m\u00ednima de 20 horas, estar sob a coordena\u00e7\u00e3o de um docente e devidamente documentado.<\/p>\n<p><strong>Cursos de Extens\u00e3o &#8211;<\/strong> Participa\u00e7\u00e3o, na condi\u00e7\u00e3o de colaborador ou organizador, em curso promovido por institui\u00e7\u00e3o de ensino ou profissional devidamente reconhecida pela UNIFAP. O conte\u00fado do referido curso dever\u00e1 estar relacionado \u00e0 profiss\u00e3o de arquiteto e urbanista, ter uma carga hor\u00e1ria m\u00ednima de 10 horas e estar devidamente documentado.<br \/>\n<strong>Cursos de Extens\u00e3o na condi\u00e7\u00e3o de ouvinte &#8211;<\/strong> Participa\u00e7\u00e3o, em curso promovido por institui\u00e7\u00e3o de ensino ou profissional devidamente reconhecida pela UNIFAP. O conte\u00fado do referido curso dever\u00e1 estar relacionado \u00e0 profiss\u00e3o de arquiteto e urbanista, ter uma carga hor\u00e1ria m\u00ednima de 10 horas e estar devidamente documentado.<br \/>\n<strong>Palestras &#8211;<\/strong> Participa\u00e7\u00e3o em palestras sobre conte\u00fado relacionado \u00e0 profiss\u00e3o de arquiteto e urbanista e \u00e1reas correlatas, na condi\u00e7\u00e3o de ouvinte e cuja a participa\u00e7\u00e3o esteja devidamente documentada.<br \/>\n<strong>Participa\u00e7\u00e3o em concurso local, regional e nacional \u2013<\/strong> Participa\u00e7\u00e3o em concurso diretamente relacionado \u00e0s atividades acad\u00eamicas e profissionais em AU e \u00e1reas afins.<br \/>\n<strong>Premia\u00e7\u00e3o em concurso local, regional e nacional \u2013<\/strong> Como autor, co-autor, em concurso local, regional ou nacional diretamente relacionado \u00e0s atividades acad\u00eamicas e profissionais em AU e \u00e1reas afins.<br \/>\n<strong>Confec\u00e7\u00e3o ou publica\u00e7\u00e3o de Material Did\u00e1tico \u2013<\/strong> Material de apoio t\u00e9cnico did\u00e1tico de alguma disciplina do curso, desde que n\u00e3o tenha sido pontuado em outra atividade, com envolvimento m\u00ednimo de 20h, devidamente comprovado e atestado pelo docente respons\u00e1vel.<br \/>\n<strong>Outras Atividades de Extens\u00e3o \u2013<\/strong> Quaisquer atividades n\u00e3o previstas, realizadas em car\u00e1ter cont\u00ednuo, relacionadas \u00e0 \u00e1rea de Arquitetura e Urbanismo, \u00e0s quais o discente tenha se dedicado pelo per\u00edodo m\u00ednimo de 03 meses e com jornada de 20 horas semanais. Estas atividades devem ser reconhecidas pelo Colegiado do CAU mediante documento comprobat\u00f3rio.<\/p>\n<p>A quantifica\u00e7\u00e3o de atividades complementares ocorre atrav\u00e9s da carga hor\u00e1ria semestral de 15 horas, tendo o discente que completar ao final de todo o per\u00edodo o quantitativo da carga hor\u00e1ria prevista. No \u00ednicio de cada per\u00edodo ser\u00e1 entregue ao discente um planejamento de diversas atividades relacionadas a pesquisa, ensino e extens\u00e3o visando dar oportunidade de op\u00e7\u00e3o ao discente.<br \/>\nAo final de cada per\u00edodo o discente dever\u00e1 entregar na Coordena\u00e7\u00e3o do Curso para ser anexada \u00e0 sua pasta acad\u00eamica os comprovantes e documentos pertinentes ao desenvolvimento das atividades previstas e conclu\u00eddas no per\u00edodo.<br \/>\n<strong>A carga hor\u00e1ria total prevista para o desenvolvimento das Atividades Complementares \u00e9 de no m\u00ednimo 200 horas<\/strong> distribu\u00eddas em pelo menos seis per\u00edodos letivos. Fica vedado ao discente acumular ou antecipar todas as horas de AC em um \u00fanico per\u00edodo, portanto torna-se necess\u00e1rio que a cada per\u00edodo o discente comprove o equivalente ao m\u00ednimo de 10 horas em Atividades Complementares nas \u00e1reas de ensino, pesquisa ou extens\u00e3o.<br \/>\nA operacionaliza\u00e7\u00e3o do c\u00f4mputo da carga hor\u00e1ria obtida com estas atividades ser\u00e1 efetuada da seguinte forma: \u00e0 medida que o discente realizar as atividades no decorrer do per\u00edodo, ele dever\u00e1 requerer, junto \u00e0 institui\u00e7\u00e3o ou ag\u00eancia onde atuou, os respectivos comprovantes (declara\u00e7\u00f5es, diplomas, certificados e outros). O objetivo da apresenta\u00e7\u00e3o ao final de cada per\u00edodo, evitar\u00e1 poss\u00edveis entraves e dificuldades por conta do ac\u00famulo de documenta\u00e7\u00e3o ao final do curso, dificultando assim a integraliza\u00e7\u00e3o curricular do discente.<br \/>\nO discente poder\u00e1 recorrer ao Colegiado do CAU, caso se sinta prejudicado na an\u00e1lise da documenta\u00e7\u00e3o apresentada. Caso, por motivos alheios a sua vontade, o discente n\u00e3o tenha realizado as Atividades Complementares no per\u00edodo previsto, o mesmo dever\u00e1 fazer um requerimento apresentado atrav\u00e9s de justificativa pr\u00e9via ao Colegiado do Curso os motivos da n\u00e3o realiza\u00e7\u00e3o das atividades, caber\u00e1 ao Colegiado definir de que forma ocorrer\u00e1 para este discente o desenvolvimento destas atividades que poder\u00e1 ser dilu\u00edda a carga hor\u00e1ria nos demais per\u00edodos seguintes.<br \/>\nTodos os casos omissos devem ser submetidos \u00e0 an\u00e1lise do mesmo Colegiado.<\/p>\n","protected":false},"excerpt":{"rendered":"<p>Em virtude das d\u00favidas dos acad\u00eamicos quanto \u00e0s Atividades Complementares, resolvi criar este espa\u00e7o para esclarecer algumas quest\u00f5es \u00a0e tamb\u00e9m abrir um canal de di\u00e1logo para problemas na autentica\u00e7\u00e3o dos certificados. Estou respons\u00e1vel pelas turmas dos &#8220;remanescentes&#8221; e \u00a0AU2010. Com&hellip; <\/p>\n<p><a href=\"http:\/\/www2.unifap.br\/dinahtutyia\/atividades-complementares\/\" class=\"readmore-button\">Continue Reading<\/a><\/p>\n","protected":false},"author":912,"featured_media":0,"parent":0,"menu_order":5,"comment_status":"open","ping_status":"open","template":"","meta":{"inline_featured_image":false,"ngg_post_thumbnail":0,"footnotes":""},"class_list":["post-44","page","type-page","status-publish","hentry"],"_links":{"self":[{"href":"http:\/\/www2.unifap.br\/dinahtutyia\/wp-json\/wp\/v2\/pages\/44","targetHints":{"allow":["GET"]}}],"collection":[{"href":"http:\/\/www2.unifap.br\/dinahtutyia\/wp-json\/wp\/v2\/pages"}],"about":[{"href":"http:\/\/www2.unifap.br\/dinahtutyia\/wp-json\/wp\/v2\/types\/page"}],"author":[{"embeddable":true,"href":"http:\/\/www2.unifap.br\/dinahtutyia\/wp-json\/wp\/v2\/users\/912"}],"replies":[{"embeddable":true,"href":"http:\/\/www2.unifap.br\/dinahtutyia\/wp-json\/wp\/v2\/comments?post=44"}],"version-history":[{"count":5,"href":"http:\/\/www2.unifap.br\/dinahtutyia\/wp-json\/wp\/v2\/pages\/44\/revisions"}],"predecessor-version":[{"id":49,"href":"http:\/\/www2.unifap.br\/dinahtutyia\/wp-json\/wp\/v2\/pages\/44\/revisions\/49"}],"wp:attachment":[{"href":"http:\/\/www2.unifap.br\/dinahtutyia\/wp-json\/wp\/v2\/media?parent=44"}],"curies":[{"name":"wp","href":"https:\/\/api.w.org\/{rel}","templated":true}]}}