{"id":24,"date":"2015-09-15T12:36:16","date_gmt":"2015-09-15T12:36:16","guid":{"rendered":"http:\/\/www2.unifap.br\/dle\/?page_id=24"},"modified":"2015-09-28T12:49:03","modified_gmt":"2015-09-28T12:49:03","slug":"curso-graduacao-a-c-p-a","status":"publish","type":"page","link":"http:\/\/www2.unifap.br\/dle\/curso-graduacao-a-c-p-a\/","title":{"rendered":"Curso: Gradua\u00e7\u00e3o A.C.P.A"},"content":{"rendered":"<p align=\"center\"><b>Curso: Gradua\u00e7\u00e3o: Atua\u00e7\u00f5es, Compet\u00eancias e Procedimentos Administrativos. <\/b><\/p>\n<p>&nbsp;<\/p>\n<p>O curso foi elaborado pela Coordenadoria de Ensino de Gradua\u00e7\u00e3o da UNIFAP sendo oferecido em forma de Curso de Capacita\u00e7\u00e3o pela Divis\u00e3o de Capacita\u00e7\u00e3o &#8211; PROGEP, aborda a base te\u00f3rica e pr\u00e1tica para condu\u00e7\u00e3o das rotinas administrativas no \u00e2mbito dos \u00f3rg\u00e3os ligados \u00e0 gradua\u00e7\u00e3o. Em s\u00edntese se divide em duas partes, quais sejam:<\/p>\n<p><b>\u00a0 \u00a0 \u00a0 \u00a0 \u00a0Parte te\u00f3rica:<\/b> semelhan\u00e7as e distin\u00e7\u00f5es entre os setores p\u00fablico e privado; modelos de administra\u00e7\u00e3o p\u00fablica; princ\u00edpios da Administra\u00e7\u00e3o P\u00fablica; enquadramento da UNIFAP dentro da organiza\u00e7\u00e3o administrativa brasileira (funda\u00e7\u00e3o p\u00fablica); distin\u00e7\u00f5es e semelhan\u00e7as entre leis em sentido formal e material.<\/p>\n<p><b>\u00a0 \u00a0 \u00a0 \u00a0 \u00a0Parte pr\u00e1tica: <\/b>Vista geral sobre os principais diplomas legais relacionados \u00e0 UNIFAP (Estatuto, Regimento, Resolu\u00e7\u00f5es do CONSU, principais dispositivos utilizados no \u00e2mbito da gradua\u00e7\u00e3o);<\/p>\n<ul>\n<li>Divis\u00e3o interna de \u00f3rg\u00e3os vinculados\/ subordinados \u00e0 PROGRAD.<\/li>\n<li>Atribui\u00e7\u00f5es das Divis\u00f5es, Setores, Departamentos e coordena\u00e7\u00f5es de curso, conforme Regimento Geral;<\/li>\n<li>Principais Atividades ligadas \u00e0 gradua\u00e7\u00e3o \u2013 tramita\u00e7\u00e3o e fluxo: Processo seletivo, Vestibulinho (PSME), Perda de Vaga, Transfer\u00eancias, PAID (professores), PPC dentre outros.<\/li>\n<\/ul>\n<p><strong>Instrutores:<\/strong> Carina Rodrigues e Ruan Pereira<\/p>\n<p><strong>Carga Hor\u00e1ria:<\/strong> 20 horas<\/p>\n","protected":false},"excerpt":{"rendered":"<p>Curso: Gradua\u00e7\u00e3o: Atua\u00e7\u00f5es, Compet\u00eancias e Procedimentos Administrativos. &nbsp; O curso foi elaborado pela Coordenadoria de Ensino de Gradua\u00e7\u00e3o da UNIFAP sendo oferecido em forma de Curso de Capacita\u00e7\u00e3o pela Divis\u00e3o de Capacita\u00e7\u00e3o &#8211; PROGEP, aborda a base te\u00f3rica e pr\u00e1tica&hellip; <\/p>\n<p><a href=\"http:\/\/www2.unifap.br\/dle\/curso-graduacao-a-c-p-a\/\" class=\"readmore-button\">Continue Reading<\/a><\/p>\n","protected":false},"author":761,"featured_media":0,"parent":0,"menu_order":0,"comment_status":"open","ping_status":"open","template":"","meta":{"inline_featured_image":false,"ngg_post_thumbnail":0,"footnotes":""},"class_list":["post-24","page","type-page","status-publish","hentry"],"_links":{"self":[{"href":"http:\/\/www2.unifap.br\/dle\/wp-json\/wp\/v2\/pages\/24","targetHints":{"allow":["GET"]}}],"collection":[{"href":"http:\/\/www2.unifap.br\/dle\/wp-json\/wp\/v2\/pages"}],"about":[{"href":"http:\/\/www2.unifap.br\/dle\/wp-json\/wp\/v2\/types\/page"}],"author":[{"embeddable":true,"href":"http:\/\/www2.unifap.br\/dle\/wp-json\/wp\/v2\/users\/761"}],"replies":[{"embeddable":true,"href":"http:\/\/www2.unifap.br\/dle\/wp-json\/wp\/v2\/comments?post=24"}],"version-history":[{"count":4,"href":"http:\/\/www2.unifap.br\/dle\/wp-json\/wp\/v2\/pages\/24\/revisions"}],"predecessor-version":[{"id":39,"href":"http:\/\/www2.unifap.br\/dle\/wp-json\/wp\/v2\/pages\/24\/revisions\/39"}],"wp:attachment":[{"href":"http:\/\/www2.unifap.br\/dle\/wp-json\/wp\/v2\/media?parent=24"}],"curies":[{"name":"wp","href":"https:\/\/api.w.org\/{rel}","templated":true}]}}