{"id":233,"date":"2016-06-21T19:15:42","date_gmt":"2016-06-21T19:15:42","guid":{"rendered":"http:\/\/www2.unifap.br\/dqv\/?page_id=233"},"modified":"2016-06-23T20:00:29","modified_gmt":"2016-06-23T20:00:29","slug":"projeto-arte-sustentavel","status":"publish","type":"page","link":"http:\/\/www2.unifap.br\/dqv\/programa-de-praticas-corporais-e-atividades-fisicas\/projeto-arte-sustentavel\/","title":{"rendered":"Projeto Arte Sustent\u00e1vel"},"content":{"rendered":"<p><a href=\"http:\/\/www2.unifap.br\/dqv\/files\/2016\/06\/arte-sustent\u00e1vel.jpg\"><img fetchpriority=\"high\" decoding=\"async\" class=\"alignnone size-medium wp-image-234\" alt=\"arte sustent\u00e1vel\" src=\"http:\/\/www2.unifap.br\/dqv\/files\/2016\/06\/arte-sustent\u00e1vel-300x212.jpg\" width=\"300\" height=\"212\" srcset=\"http:\/\/www2.unifap.br\/dqv\/files\/2016\/06\/arte-sustent\u00e1vel-300x212.jpg 300w, http:\/\/www2.unifap.br\/dqv\/files\/2016\/06\/arte-sustent\u00e1vel-1024x724.jpg 1024w\" sizes=\"(max-width: 300px) 100vw, 300px\" \/><\/a><\/p>\n<p>&nbsp;<\/p>\n<p><a href=\"https:\/\/www.facebook.com\/hashtag\/artesustent%C3%A1vel?source=feed_text&amp;story_id=1256357237709166\">\u202a#\u200eArteSustent\u00e1vel\u202c<\/a><br \/>\nEste projeto visa trazer benef\u00edcios ao meio ambiente bem como a comunidade interna da UNIFAP, a busca constante pela efici\u00eancia econ\u00f4mica, a redu\u00e7\u00e3o do impacto ambiental e pela qualidade de vida dos cidad\u00e3os com sustentabilidade.<br \/>\nCriando, inovando com a reciclagem e o reaproveitamento dos descartes incorretos e gerando arte sustent\u00e1vel descobrindo novos talentos e contribuindo a favor da educa\u00e7\u00e3o ambiental.<\/p>\n<p>ABERTO PARA TODA COMUNIDADE INTERNA DA UNIFAP\u00a0(T\u00e9cnicos-administrativos, docentes e acad\u00eamicos).<\/p>\n<div>\n<p>Inscri\u00e7\u00f5es v\u00e3o at\u00e9 o dia 01\/07\/2016<\/p>\n<p><a href=\"https:\/\/www.facebook.com\/hashtag\/inscreva?source=feed_text&amp;story_id=1256357237709166\">\u202a#\u200eInscreva\u202c<\/a>-seJ\u00c1<\/p>\n<p>Para mais informa\u00e7\u00f5es ligue &#8211; (96)3312-1728<br \/>\nEmail; qualidadevida@unifap.br<\/p>\n<\/div>\n<p>&nbsp;<\/p>\n","protected":false},"excerpt":{"rendered":"<p>&nbsp; \u202a#\u200eArteSustent\u00e1vel\u202c Este projeto visa trazer benef\u00edcios ao meio ambiente bem como a comunidade interna da UNIFAP, a busca constante pela efici\u00eancia econ\u00f4mica, a redu\u00e7\u00e3o do impacto ambiental e pela qualidade de vida dos cidad\u00e3os com sustentabilidade. Criando, inovando com&hellip; <\/p>\n<p><a href=\"http:\/\/www2.unifap.br\/dqv\/programa-de-praticas-corporais-e-atividades-fisicas\/projeto-arte-sustentavel\/\" class=\"readmore-button\">Continue Reading<\/a><\/p>\n","protected":false},"author":656,"featured_media":0,"parent":225,"menu_order":0,"comment_status":"open","ping_status":"open","template":"","meta":{"inline_featured_image":false,"ngg_post_thumbnail":0,"footnotes":""},"class_list":["post-233","page","type-page","status-publish","hentry"],"_links":{"self":[{"href":"http:\/\/www2.unifap.br\/dqv\/wp-json\/wp\/v2\/pages\/233","targetHints":{"allow":["GET"]}}],"collection":[{"href":"http:\/\/www2.unifap.br\/dqv\/wp-json\/wp\/v2\/pages"}],"about":[{"href":"http:\/\/www2.unifap.br\/dqv\/wp-json\/wp\/v2\/types\/page"}],"author":[{"embeddable":true,"href":"http:\/\/www2.unifap.br\/dqv\/wp-json\/wp\/v2\/users\/656"}],"replies":[{"embeddable":true,"href":"http:\/\/www2.unifap.br\/dqv\/wp-json\/wp\/v2\/comments?post=233"}],"version-history":[{"count":2,"href":"http:\/\/www2.unifap.br\/dqv\/wp-json\/wp\/v2\/pages\/233\/revisions"}],"predecessor-version":[{"id":272,"href":"http:\/\/www2.unifap.br\/dqv\/wp-json\/wp\/v2\/pages\/233\/revisions\/272"}],"up":[{"embeddable":true,"href":"http:\/\/www2.unifap.br\/dqv\/wp-json\/wp\/v2\/pages\/225"}],"wp:attachment":[{"href":"http:\/\/www2.unifap.br\/dqv\/wp-json\/wp\/v2\/media?parent=233"}],"curies":[{"name":"wp","href":"https:\/\/api.w.org\/{rel}","templated":true}]}}