{"id":241,"date":"2016-06-21T19:35:13","date_gmt":"2016-06-21T19:35:13","guid":{"rendered":"http:\/\/www2.unifap.br\/dqv\/?page_id=241"},"modified":"2020-02-20T19:23:42","modified_gmt":"2020-02-20T19:23:42","slug":"programa-de-preparacao-e-valorizacao-do-aposentado","status":"publish","type":"page","link":"http:\/\/www2.unifap.br\/dqv\/programa-de-preparacao-e-valorizacao-do-aposentado\/","title":{"rendered":"PROGRAMA DE EDUCA\u00c7\u00c3O PARA APOSENTADORIA"},"content":{"rendered":"\t\t<div data-elementor-type=\"wp-post\" data-elementor-id=\"241\" class=\"elementor elementor-241 elementor-bc-flex-widget\">\n\t\t\t\t\t\t<section class=\"elementor-section elementor-top-section elementor-element elementor-element-33a3eb30 elementor-section-boxed elementor-section-height-default elementor-section-height-default\" data-id=\"33a3eb30\" data-element_type=\"section\" data-e-type=\"section\">\n\t\t\t\t\t\t<div class=\"elementor-container elementor-column-gap-default\">\n\t\t\t\t\t<div class=\"elementor-column elementor-col-100 elementor-top-column elementor-element elementor-element-27fc4b42\" data-id=\"27fc4b42\" data-element_type=\"column\" data-e-type=\"column\">\n\t\t\t<div class=\"elementor-widget-wrap elementor-element-populated\">\n\t\t\t\t\t\t<div class=\"elementor-element elementor-element-5f5bef17 elementor-widget elementor-widget-text-editor\" data-id=\"5f5bef17\" data-element_type=\"widget\" data-e-type=\"widget\" data-widget_type=\"text-editor.default\">\n\t\t\t\t<div class=\"elementor-widget-container\">\n\t\t\t\t\t\t\t\t\t<ol start=\"2\">\r\n \t<li><strong>OBJETIVO GERAL:<\/strong><\/li>\r\n<\/ol>\r\nPromover a educa\u00e7\u00e3o para aposentadoria do servidor p\u00fablico federal desde o ingresso, durante o exerc\u00edcio das atividades profissionais, na transi\u00e7\u00e3o e ao longo da aposentadoria.\r\n<ol start=\"3\">\r\n \t<li><strong> OBJETIVOS ESPEC\u00cdFICOS:<\/strong><\/li>\r\n<\/ol>\r\n<ol>\r\n \t<li>fortalecer os fatores de prote\u00e7\u00e3o pessoais, psicossociais e organizacionais associados \u00e0 promo\u00e7\u00e3o do envelhecimento ativo, ao bem-estar e \u00e0 qualidade de vida antes e durante e ap\u00f3s aposentadoria;<\/li>\r\n \t<li>incentivar o planejamento para aposentadoria, a tomada de decis\u00e3o consciente e volunt\u00e1ria, a transi\u00e7\u00e3o segura e a adapta\u00e7\u00e3o \u00e0 aposentadoria com qualidade de vida e bem- estar;<\/li>\r\n \t<li>estimular o desenvolvimento de atitudes positivas e que promovam o envelhecimento ativo, a redu\u00e7\u00e3o do age\u00edsmo e da discrimina\u00e7\u00e3o et\u00e1ria; desenvolvendo a\u00e7\u00f5es intergeracionais com o foco na preven\u00e7\u00e3o ao age\u00edsmo e com objetivo de refor\u00e7ar atitudes positivas dos indiv\u00edduos sobre o processo de envelhecimento;<\/li>\r\n \t<li>valorizar o conhecimento adquirido pelos servidores com mais experi\u00eancia profissional e\/ou em vias de aposentadoria e\/ou aposentados a fim de preservar a mem\u00f3ria institucional, por meio de a\u00e7\u00f5es que valorizem o conhecimento adquirido pelo tempo de dedica\u00e7\u00e3o e as contribui\u00e7\u00f5es a serem deixadas por eles nas institui\u00e7\u00f5es, possibilitando a troca de conhecimentos expl\u00edcitos e t\u00e1citos entre gera\u00e7\u00f5es;<\/li>\r\n \t<li>realizar adequa\u00e7\u00f5es nas rotinas e postos de trabalho, durante a trajet\u00f3ria laboral do servidor p\u00fablico federal, respeitando a natureza e descri\u00e7\u00e3o das atividades do cargo, a aquisi\u00e7\u00e3o de compet\u00eancias e as mudan\u00e7as do indiv\u00edduo ao longo da vida;<\/li>\r\n \t<li>promover a valoriza\u00e7\u00e3o e o reconhecimento do corpo funcional; a integra\u00e7\u00e3o de equipes intergeracionais e a promo\u00e7\u00e3o de fatores de prote\u00e7\u00e3o pessoais, psicossociais, organizacionais e ambientais \u00e0 sa\u00fade f\u00edsica e mental dos servidores da UNIFAP.<\/li>\r\n \t<li>estabelecer parcerias com outras organiza\u00e7\u00f5es p\u00fablicas para o desenvolvimento do Programa;<\/li>\r\n \t<li>possibilitar aos servidores de todas as idades a reflex\u00e3o sobre a import\u00e2ncia e o impacto de suas escolhas pessoais e profissionais ao longo de sua trajet\u00f3ria de vida;<\/li>\r\n \t<li>possibilitar aos servidores a identifica\u00e7\u00e3o dos seus recursos pessoais, familiares, institucionais e sociais de modo a facilitar a tomada de decis\u00e3o consciente e segura sobre o melhor momento para se aposentar;<\/li>\r\n \t<li>oferecer conhecimentos e viv\u00eancias que possibilitem aos servidores a manuten\u00e7\u00e3o e\/ou desenvolvimento de compet\u00eancias no campo da promo\u00e7\u00e3o da sa\u00fade, com \u00eanfase na alimenta\u00e7\u00e3o saud\u00e1vel, na atividade f\u00edsica regular, na estimula\u00e7\u00e3o dos processos cognitivos, no fortalecimento e\/ou amplia\u00e7\u00e3o de v\u00ednculos socioafetivos, no planejamento financeiro, no lazer, na ocupa\u00e7\u00e3o, dentre outros temas identificados como relevantes;<\/li>\r\n \t<li>promover o autoconhecimento dos servidores, ou seja, permitir que eles conhe\u00e7am os comportamentos que devem ser mantidos e aqueles que devem ser modificados em prol de um envelhecimento ativo e de uma transi\u00e7\u00e3o saud\u00e1vel \u00e0 aposentadoria;<\/li>\r\n \t<li>constar como um eixo da pol\u00edtica de gest\u00e3o de pessoas, de modo a favorecer que o processo de transi\u00e7\u00e3o seja realizado de forma planejada e humanizada.<\/li>\r\n<\/ol>\r\n<ol start=\"4\">\r\n \t<li><strong> P\u00daBLICO ALVO<\/strong><\/li>\r\n<\/ol>\r\nServidores da UNIFAP \u2013 Todas as idades.\r\n<ol start=\"5\">\r\n \t<li><strong> EIXOS TEM\u00c1TICOS<\/strong><\/li>\r\n<\/ol>\r\n<ol>\r\n \t<li>legisla\u00e7\u00e3o;<\/li>\r\n \t<li>planejamento financeiro;<\/li>\r\n \t<li>aspectos psicossociais;<\/li>\r\n \t<li>promo\u00e7\u00e3o da sa\u00fade; e<\/li>\r\n \t<li>projeto de vida.<\/li>\r\n<\/ol>\t\t\t\t\t\t\t\t<\/div>\n\t\t\t\t<\/div>\n\t\t\t\t\t<\/div>\n\t\t<\/div>\n\t\t\t\t\t<\/div>\n\t\t<\/section>\n\t\t\t\t<\/div>\n\t\t","protected":false},"excerpt":{"rendered":"<p>OBJETIVO GERAL: Promover a educa\u00e7\u00e3o para aposentadoria do servidor p\u00fablico federal desde o ingresso, durante o exerc\u00edcio das atividades profissionais, na transi\u00e7\u00e3o e ao longo da aposentadoria. OBJETIVOS ESPEC\u00cdFICOS: fortalecer os fatores de prote\u00e7\u00e3o pessoais, psicossociais e organizacionais associados \u00e0&hellip; <\/p>\n<p><a href=\"http:\/\/www2.unifap.br\/dqv\/programa-de-preparacao-e-valorizacao-do-aposentado\/\" class=\"readmore-button\">Continue Reading<\/a><\/p>\n","protected":false},"author":656,"featured_media":0,"parent":0,"menu_order":0,"comment_status":"open","ping_status":"open","template":"","meta":{"inline_featured_image":false,"ngg_post_thumbnail":0,"footnotes":""},"class_list":["post-241","page","type-page","status-publish","hentry"],"_links":{"self":[{"href":"http:\/\/www2.unifap.br\/dqv\/wp-json\/wp\/v2\/pages\/241","targetHints":{"allow":["GET"]}}],"collection":[{"href":"http:\/\/www2.unifap.br\/dqv\/wp-json\/wp\/v2\/pages"}],"about":[{"href":"http:\/\/www2.unifap.br\/dqv\/wp-json\/wp\/v2\/types\/page"}],"author":[{"embeddable":true,"href":"http:\/\/www2.unifap.br\/dqv\/wp-json\/wp\/v2\/users\/656"}],"replies":[{"embeddable":true,"href":"http:\/\/www2.unifap.br\/dqv\/wp-json\/wp\/v2\/comments?post=241"}],"version-history":[{"count":8,"href":"http:\/\/www2.unifap.br\/dqv\/wp-json\/wp\/v2\/pages\/241\/revisions"}],"predecessor-version":[{"id":1224,"href":"http:\/\/www2.unifap.br\/dqv\/wp-json\/wp\/v2\/pages\/241\/revisions\/1224"}],"wp:attachment":[{"href":"http:\/\/www2.unifap.br\/dqv\/wp-json\/wp\/v2\/media?parent=241"}],"curies":[{"name":"wp","href":"https:\/\/api.w.org\/{rel}","templated":true}]}}