{"id":266,"date":"2016-06-23T14:11:04","date_gmt":"2016-06-23T14:11:04","guid":{"rendered":"http:\/\/www2.unifap.br\/dqv\/?page_id=266"},"modified":"2016-06-28T19:01:35","modified_gmt":"2016-06-28T19:01:35","slug":"projeto-valorizacao-da-familia","status":"publish","type":"page","link":"http:\/\/www2.unifap.br\/dqv\/programa-de-praticas-corporais-e-atividades-fisicas\/projeto-valorizacao-da-familia\/","title":{"rendered":"Projeto Valoriza\u00e7\u00e3o da Fam\u00edlia"},"content":{"rendered":"<p><a href=\"http:\/\/www2.unifap.br\/dqv\/files\/2016\/06\/familia-1.jpg\"><img fetchpriority=\"high\" decoding=\"async\" class=\"alignnone size-medium wp-image-267\" alt=\"familia-1\" src=\"http:\/\/www2.unifap.br\/dqv\/files\/2016\/06\/familia-1-300x168.jpg\" width=\"300\" height=\"168\" srcset=\"http:\/\/www2.unifap.br\/dqv\/files\/2016\/06\/familia-1-300x168.jpg 300w, http:\/\/www2.unifap.br\/dqv\/files\/2016\/06\/familia-1-1024x576.jpg 1024w, http:\/\/www2.unifap.br\/dqv\/files\/2016\/06\/familia-1.jpg 1280w\" sizes=\"(max-width: 300px) 100vw, 300px\" \/><\/a><\/p>\n","protected":false},"excerpt":{"rendered":"","protected":false},"author":656,"featured_media":0,"parent":225,"menu_order":0,"comment_status":"open","ping_status":"open","template":"","meta":{"inline_featured_image":false,"ngg_post_thumbnail":0,"footnotes":""},"class_list":["post-266","page","type-page","status-publish","hentry"],"_links":{"self":[{"href":"http:\/\/www2.unifap.br\/dqv\/wp-json\/wp\/v2\/pages\/266","targetHints":{"allow":["GET"]}}],"collection":[{"href":"http:\/\/www2.unifap.br\/dqv\/wp-json\/wp\/v2\/pages"}],"about":[{"href":"http:\/\/www2.unifap.br\/dqv\/wp-json\/wp\/v2\/types\/page"}],"author":[{"embeddable":true,"href":"http:\/\/www2.unifap.br\/dqv\/wp-json\/wp\/v2\/users\/656"}],"replies":[{"embeddable":true,"href":"http:\/\/www2.unifap.br\/dqv\/wp-json\/wp\/v2\/comments?post=266"}],"version-history":[{"count":1,"href":"http:\/\/www2.unifap.br\/dqv\/wp-json\/wp\/v2\/pages\/266\/revisions"}],"predecessor-version":[{"id":268,"href":"http:\/\/www2.unifap.br\/dqv\/wp-json\/wp\/v2\/pages\/266\/revisions\/268"}],"up":[{"embeddable":true,"href":"http:\/\/www2.unifap.br\/dqv\/wp-json\/wp\/v2\/pages\/225"}],"wp:attachment":[{"href":"http:\/\/www2.unifap.br\/dqv\/wp-json\/wp\/v2\/media?parent=266"}],"curies":[{"name":"wp","href":"https:\/\/api.w.org\/{rel}","templated":true}]}}