{"id":523,"date":"2017-06-01T21:38:50","date_gmt":"2017-06-01T21:38:50","guid":{"rendered":"http:\/\/www2.unifap.br\/dqv\/?page_id=523"},"modified":"2017-06-01T21:39:28","modified_gmt":"2017-06-01T21:39:28","slug":"psicologo","status":"publish","type":"page","link":"http:\/\/www2.unifap.br\/dqv\/programa-de-assistencia-a-saude-do-servidor-e-seus-dependentes\/atendimentos-individualizados\/psicologo\/","title":{"rendered":"Psic\u00f3logo"},"content":{"rendered":"<p><a href=\"http:\/\/www2.unifap.br\/dqv\/files\/2017\/06\/Sem-t\u00edtulohcghx.jpg\"><img fetchpriority=\"high\" decoding=\"async\" src=\"http:\/\/www2.unifap.br\/dqv\/files\/2017\/06\/Sem-t\u00edtulohcghx-300x290.jpg\" alt=\"Sem t\u00edtulohcghx\" width=\"300\" height=\"290\" class=\"alignnone size-medium wp-image-524\" srcset=\"http:\/\/www2.unifap.br\/dqv\/files\/2017\/06\/Sem-t\u00edtulohcghx-300x290.jpg 300w, http:\/\/www2.unifap.br\/dqv\/files\/2017\/06\/Sem-t\u00edtulohcghx.jpg 612w\" sizes=\"(max-width: 300px) 100vw, 300px\" \/><\/a><\/p>\n<p>REVAN ARAUJO<br \/>\nCAMILA FILOCRE\u00c3O<\/p>\n<p>Atividades;<br \/>\n-Atendimento clinico, realizado individualmente;<\/p>\n<p>-Executar o Programa de Integra\u00e7\u00e3o Relacional.<\/p>\n","protected":false},"excerpt":{"rendered":"<p>REVAN ARAUJO CAMILA FILOCRE\u00c3O Atividades; -Atendimento clinico, realizado individualmente; -Executar o Programa de Integra\u00e7\u00e3o Relacional.<\/p>\n","protected":false},"author":656,"featured_media":0,"parent":59,"menu_order":0,"comment_status":"open","ping_status":"open","template":"page-template-full.php","meta":{"inline_featured_image":false,"ngg_post_thumbnail":0,"footnotes":""},"class_list":["post-523","page","type-page","status-publish","hentry"],"_links":{"self":[{"href":"http:\/\/www2.unifap.br\/dqv\/wp-json\/wp\/v2\/pages\/523","targetHints":{"allow":["GET"]}}],"collection":[{"href":"http:\/\/www2.unifap.br\/dqv\/wp-json\/wp\/v2\/pages"}],"about":[{"href":"http:\/\/www2.unifap.br\/dqv\/wp-json\/wp\/v2\/types\/page"}],"author":[{"embeddable":true,"href":"http:\/\/www2.unifap.br\/dqv\/wp-json\/wp\/v2\/users\/656"}],"replies":[{"embeddable":true,"href":"http:\/\/www2.unifap.br\/dqv\/wp-json\/wp\/v2\/comments?post=523"}],"version-history":[{"count":2,"href":"http:\/\/www2.unifap.br\/dqv\/wp-json\/wp\/v2\/pages\/523\/revisions"}],"predecessor-version":[{"id":526,"href":"http:\/\/www2.unifap.br\/dqv\/wp-json\/wp\/v2\/pages\/523\/revisions\/526"}],"up":[{"embeddable":true,"href":"http:\/\/www2.unifap.br\/dqv\/wp-json\/wp\/v2\/pages\/59"}],"wp:attachment":[{"href":"http:\/\/www2.unifap.br\/dqv\/wp-json\/wp\/v2\/media?parent=523"}],"curies":[{"name":"wp","href":"https:\/\/api.w.org\/{rel}","templated":true}]}}