{"id":540,"date":"2017-08-07T19:36:12","date_gmt":"2017-08-07T19:36:12","guid":{"rendered":"http:\/\/www2.unifap.br\/dqv\/?page_id=540"},"modified":"2018-08-02T12:39:36","modified_gmt":"2018-08-02T12:39:36","slug":"projeto-estilo-de-vida-saudavel","status":"publish","type":"page","link":"http:\/\/www2.unifap.br\/dqv\/materias-de-nutricao\/projeto-estilo-de-vida-saudavel\/","title":{"rendered":"Projeto Estilo de Vida Saud\u00e1vel"},"content":{"rendered":"<p><a href=\"http:\/\/www2.unifap.br\/dqv\/files\/2017\/08\/WhatsApp-Image-2017-07-31-at-13.11.00-1.jpeg\"><img fetchpriority=\"high\" decoding=\"async\" class=\"alignnone size-medium wp-image-541\" alt=\"WhatsApp Image 2017-07-31 at 13.11.00 (1)\" src=\"http:\/\/www2.unifap.br\/dqv\/files\/2017\/08\/WhatsApp-Image-2017-07-31-at-13.11.00-1-255x300.jpeg\" width=\"255\" height=\"300\" srcset=\"http:\/\/www2.unifap.br\/dqv\/files\/2017\/08\/WhatsApp-Image-2017-07-31-at-13.11.00-1-255x300.jpeg 255w, http:\/\/www2.unifap.br\/dqv\/files\/2017\/08\/WhatsApp-Image-2017-07-31-at-13.11.00-1.jpeg 412w\" sizes=\"(max-width: 255px) 100vw, 255px\" \/><\/a><br \/>\nPROJETO ESTILO DE VIDA SAUD\u00c1VEL INSCRI\u00c7\u00d5ES ABERTAS!<\/p>\n<p>A Pr\u00f3-reitoria de Gest\u00e3o de Pessoas por meio da Divis\u00e3o de Qualidade de Vida\/DDP convida os servidores e seus dependentes para participar do Projeto Estilo de vida saud\u00e1vel.<\/p>\n<p>O Projeto tem por objetivo promover a sa\u00fade dos servidores da UNIFAP e dependentes para ado\u00e7\u00e3o de um estilo de vida mais saud\u00e1vel. O projeto ser\u00e1 desenvolvido em grupo com encontros presenciais e orienta\u00e7\u00f5es online, com forma\u00e7\u00e3o de um grupo no aplicativo de mensagens instant\u00e2neas &#8211; Whatsapp.<\/p>\n","protected":false},"excerpt":{"rendered":"<p>PROJETO ESTILO DE VIDA SAUD\u00c1VEL INSCRI\u00c7\u00d5ES ABERTAS! A Pr\u00f3-reitoria de Gest\u00e3o de Pessoas por meio da Divis\u00e3o de Qualidade de Vida\/DDP convida os servidores e seus dependentes para participar do Projeto Estilo de vida saud\u00e1vel. O Projeto tem por objetivo&hellip; <\/p>\n<p><a href=\"http:\/\/www2.unifap.br\/dqv\/materias-de-nutricao\/projeto-estilo-de-vida-saudavel\/\" class=\"readmore-button\">Continue Reading<\/a><\/p>\n","protected":false},"author":656,"featured_media":0,"parent":63,"menu_order":0,"comment_status":"open","ping_status":"open","template":"","meta":{"inline_featured_image":false,"ngg_post_thumbnail":0,"footnotes":""},"class_list":["post-540","page","type-page","status-publish","hentry"],"_links":{"self":[{"href":"http:\/\/www2.unifap.br\/dqv\/wp-json\/wp\/v2\/pages\/540","targetHints":{"allow":["GET"]}}],"collection":[{"href":"http:\/\/www2.unifap.br\/dqv\/wp-json\/wp\/v2\/pages"}],"about":[{"href":"http:\/\/www2.unifap.br\/dqv\/wp-json\/wp\/v2\/types\/page"}],"author":[{"embeddable":true,"href":"http:\/\/www2.unifap.br\/dqv\/wp-json\/wp\/v2\/users\/656"}],"replies":[{"embeddable":true,"href":"http:\/\/www2.unifap.br\/dqv\/wp-json\/wp\/v2\/comments?post=540"}],"version-history":[{"count":2,"href":"http:\/\/www2.unifap.br\/dqv\/wp-json\/wp\/v2\/pages\/540\/revisions"}],"predecessor-version":[{"id":603,"href":"http:\/\/www2.unifap.br\/dqv\/wp-json\/wp\/v2\/pages\/540\/revisions\/603"}],"up":[{"embeddable":true,"href":"http:\/\/www2.unifap.br\/dqv\/wp-json\/wp\/v2\/pages\/63"}],"wp:attachment":[{"href":"http:\/\/www2.unifap.br\/dqv\/wp-json\/wp\/v2\/media?parent=540"}],"curies":[{"name":"wp","href":"https:\/\/api.w.org\/{rel}","templated":true}]}}