{"id":991,"date":"2019-03-27T19:24:00","date_gmt":"2019-03-27T19:24:00","guid":{"rendered":"http:\/\/www2.unifap.br\/dqv\/?page_id=991"},"modified":"2019-08-26T20:56:35","modified_gmt":"2019-08-26T20:56:35","slug":"programa-de-assistencia-a-saude-do-servidor-e-seus-dependentes","status":"publish","type":"page","link":"http:\/\/www2.unifap.br\/dqv\/programa-de-assistencia-a-saude-do-servidor-e-seus-dependentes\/","title":{"rendered":"Programa de Assist\u00eancia \u00e0 Sa\u00fade do Servidor e seus Dependentes"},"content":{"rendered":"<p>Visa o acompanhamento da sa\u00fade, com a\u00e7\u00f5es que atendam a legisla\u00e7\u00e3o, buscando a<br \/>\nmelhoria cont\u00ednua da qualidade de vida, por meio de atendimento individual da equipe<br \/>\nmultiprofissional, composta com M\u00e9dico, Enfermeiro, Psic\u00f3logo e Nutricionista.<\/p>\n<p>&nbsp;<\/p>\n","protected":false},"excerpt":{"rendered":"<p>Visa o acompanhamento da sa\u00fade, com a\u00e7\u00f5es que atendam a legisla\u00e7\u00e3o, buscando a melhoria cont\u00ednua da qualidade de vida, por meio de atendimento individual da equipe multiprofissional, composta com M\u00e9dico, Enfermeiro, Psic\u00f3logo e Nutricionista. &nbsp;<\/p>\n","protected":false},"author":656,"featured_media":0,"parent":0,"menu_order":5,"comment_status":"closed","ping_status":"closed","template":"","meta":{"inline_featured_image":false,"ngg_post_thumbnail":0,"footnotes":""},"class_list":["post-991","page","type-page","status-publish","hentry"],"_links":{"self":[{"href":"http:\/\/www2.unifap.br\/dqv\/wp-json\/wp\/v2\/pages\/991","targetHints":{"allow":["GET"]}}],"collection":[{"href":"http:\/\/www2.unifap.br\/dqv\/wp-json\/wp\/v2\/pages"}],"about":[{"href":"http:\/\/www2.unifap.br\/dqv\/wp-json\/wp\/v2\/types\/page"}],"author":[{"embeddable":true,"href":"http:\/\/www2.unifap.br\/dqv\/wp-json\/wp\/v2\/users\/656"}],"replies":[{"embeddable":true,"href":"http:\/\/www2.unifap.br\/dqv\/wp-json\/wp\/v2\/comments?post=991"}],"version-history":[{"count":1,"href":"http:\/\/www2.unifap.br\/dqv\/wp-json\/wp\/v2\/pages\/991\/revisions"}],"predecessor-version":[{"id":992,"href":"http:\/\/www2.unifap.br\/dqv\/wp-json\/wp\/v2\/pages\/991\/revisions\/992"}],"wp:attachment":[{"href":"http:\/\/www2.unifap.br\/dqv\/wp-json\/wp\/v2\/media?parent=991"}],"curies":[{"name":"wp","href":"https:\/\/api.w.org\/{rel}","templated":true}]}}