{"id":10312,"date":"2018-12-19T18:48:38","date_gmt":"2018-12-19T18:48:38","guid":{"rendered":"http:\/\/www2.unifap.br\/drh\/?page_id=10312"},"modified":"2024-04-23T18:07:43","modified_gmt":"2024-04-23T21:07:43","slug":"remocao-tecnico-3o-processo-seletivo","status":"publish","type":"page","link":"http:\/\/www2.unifap.br\/drh\/progep-2\/processos-seletivos\/remocao-tecnico-3o-processo-seletivo\/","title":{"rendered":"REMO\u00c7\u00c3O T\u00c9CNICO &#8211; 3\u00ba PROCESSO SELETIVO"},"content":{"rendered":"<h2 style=\"text-align: center\"><span style=\"color: #008000\"><span style=\"color: #008000\"><b>EDITAL N\u00ba 02\/2018-COMISS\u00c3O DE REMO\u00c7\u00c3O\/UNIFAP<\/b><\/span> <\/span><\/h2>\n<p style=\"text-align: center\"><span style=\"text-decoration: underline\"><strong><span style=\"color: #0000ff;text-decoration: underline\">3\u00ba Processo Seletivo de Remo\u00e7\u00e3o de Servidores T\u00e9cnico- Administrativos<\/span><\/strong><\/span><\/p>\n<p style=\"text-align: justify\"><strong>A Presidente da Comiss\u00e3o do 3\u00ba Processo Seletivo de Remo\u00e7\u00e3o de Servidores&nbsp;T\u00e9cnico- administrativos, no uso de suas atribui\u00e7\u00f5es e considerando o que consta no Art.&nbsp;36, III, \u201cc\u201d, da Lei n\u00ba 8.112\/1990, na Resolu\u00e7\u00e3o n\u00ba 019\/2016\u2013CONSU\/UNIFAP, na Portaria&nbsp;n\u00ba 2482\/2018-UNIFAP e no Memorando Eletr\u00f4nico n\u00ba 345\/2018 &#8211; PROGEP, de&nbsp;14.12.2018.<\/strong><\/p>\n<p style=\"text-align: justify\"><span style=\"color: #0000ff\"><strong>RESOLVE:<\/strong><\/span><\/p>\n<p style=\"text-align: justify\">Tornar p\u00fablica a abertura das inscri\u00e7\u00f5es para o 3\u00ba Processo Seletivo de Remo\u00e7\u00e3o&nbsp;de servidores T\u00e9cnico-administrativos no \u00e2mbito dos <em>campi<\/em> da Universidade Federal do&nbsp;Amap\u00e1.<\/p>\n<table class=\"MsoTableMediumShading2Accent4\" style=\"border-collapse: collapse;border: none\" border=\"1\" cellspacing=\"0\" cellpadding=\"0\">\n<tbody>\n<tr>\n<td style=\"width: 40.85pt;border: solid windowtext 1.0pt;background: #8064A2;padding: 0cm 5.4pt 0cm 5.4pt\" valign=\"top\" width=\"54\">\n<p class=\"MsoNormal\" style=\"margin-bottom: .0001pt;text-align: center;line-height: normal\" align=\"center\"><b><span style=\"color: white\">N\u00ba<\/span><\/b><\/p>\n<\/td>\n<td style=\"width: 326.05pt;border: solid windowtext 1.0pt;border-left: none;background: #8064A2;padding: 0cm 5.4pt 0cm 5.4pt\" valign=\"top\" width=\"435\">\n<p class=\"MsoNormal\" style=\"margin-bottom: .0001pt;text-align: center;line-height: normal\" align=\"center\"><b><span style=\"color: white\">DOCUMENTO<\/span><\/b><\/p>\n<\/td>\n<td style=\"width: 65.3pt;border: solid windowtext 1.0pt;border-left: none;background: #8064A2;padding: 0cm 5.4pt 0cm 5.4pt\" valign=\"top\" width=\"87\">\n<p class=\"MsoNormal\" style=\"margin-bottom: .0001pt;text-align: center;line-height: normal\" align=\"center\"><b><span style=\"color: white\">LINK<\/span><\/b><\/p>\n<\/td>\n<\/tr>\n<tr>\n<td style=\"width: 40.85pt;border: none;background: #8064A2;padding: 0cm 5.4pt 0cm 5.4pt\" valign=\"top\" width=\"54\">\n<p class=\"MsoNormal\" style=\"margin-bottom: 0.0001pt;line-height: normal;text-align: center\"><b><span style=\"color: white\">01<\/span><\/b><\/p>\n<\/td>\n<td style=\"width: 326.05pt;border-right: 1pt solid windowtext;border-bottom: 1pt solid windowtext;border-left: 1pt solid windowtext;border-top: none;background: #d8d8d8;padding: 0cm 5.4pt;text-align: center\" valign=\"top\" width=\"435\">\n<p class=\"MsoNormal\" style=\"margin-bottom: .0001pt;text-align: center;line-height: normal\" align=\"center\"><b><span style=\"font-size: 10.0pt;font-family: 'Cambria','serif'\">EDITAL N\u00ba 02\/2018-COMISS\u00c3O DE REMO\u00c7\u00c3O\/UNIFAP<\/span><\/b><\/p>\n<\/td>\n<td style=\"width: 65.3pt;border-top: none;border-left: none;border-bottom: 1pt solid windowtext;border-right: 1pt solid windowtext;background: #d8d8d8;padding: 0cm 5.4pt;text-align: center\" valign=\"top\" width=\"87\">\n<p class=\"MsoNormal\" style=\"margin-bottom: .0001pt;text-align: center;line-height: normal\" align=\"center\"><strong>&lt;&lt;<span style=\"color: #008000\"><a href=\"http:\/\/www2.unifap.br\/drh\/files\/2018\/12\/EDITAL-02-2018-COMISS\u00c3O-DE-REMO\u00c7\u00c3O-UNIFAP-.pdf\" target=\"_blank\" rel=\"noopener\"><span style=\"color: #008000\">Aqui<\/span><\/a><\/span>&gt;&gt;<\/strong><\/p>\n<\/td>\n<\/tr>\n<tr>\n<td style=\"width: 40.85pt;border: solid windowtext 1.0pt;background: #8064A2;padding: 0cm 5.4pt 0cm 5.4pt\" valign=\"top\" width=\"54\">\n<p class=\"MsoNormal\" style=\"margin-bottom: 0.0001pt;line-height: normal;text-align: center\"><b><span style=\"color: white\">02<\/span><\/b><\/p>\n<\/td>\n<td style=\"width: 326.05pt;border-top: none;border-left: none;border-bottom: 1pt solid windowtext;border-right: 1pt solid windowtext;padding: 0cm 5.4pt;text-align: center\" valign=\"top\" width=\"435\">&nbsp;Homologa\u00e7\u00e3o das Inscri\u00e7\u00f5es<\/td>\n<td style=\"width: 65.3pt;border-top: none;border-left: none;border-bottom: 1pt solid windowtext;border-right: 1pt solid windowtext;padding: 0cm 5.4pt;text-align: center\" valign=\"top\" width=\"87\">&nbsp;<strong>&lt;&lt;<span style=\"color: #008000\"><a href=\"http:\/\/www2.unifap.br\/drh\/files\/2018\/12\/Inscri\u00e7\u00f5es-Homologadas.pdf\" target=\"_blank\" rel=\"noopener\"><span style=\"color: #008000\">Aqui<\/span><\/a><\/span>&gt;&gt;<\/strong><\/td>\n<\/tr>\n<tr>\n<td style=\"width: 40.85pt;border: none;background: #8064A2;padding: 0cm 5.4pt 0cm 5.4pt\" valign=\"top\" width=\"54\">\n<p class=\"MsoNormal\" style=\"margin-bottom: 0.0001pt;line-height: normal;text-align: center\"><b><span style=\"color: white\">03<\/span><\/b><\/p>\n<\/td>\n<td style=\"width: 326.05pt;border-right: 1pt solid windowtext;border-bottom: 1pt solid windowtext;border-left: 1pt solid windowtext;border-top: none;background: #d8d8d8;padding: 0cm 5.4pt;text-align: center\" valign=\"top\" width=\"435\">&nbsp;<span style=\"color: #000000\"><strong>Resultado Preliminar<\/strong><\/span><\/td>\n<td style=\"width: 65.3pt;border-top: none;border-left: none;border-bottom: 1pt solid windowtext;border-right: 1pt solid windowtext;background: #d8d8d8;padding: 0cm 5.4pt;text-align: center\" valign=\"top\" width=\"87\"><strong>&nbsp;<span style=\"color: #008000\"><span style=\"color: #000000\">&lt;&lt;<\/span><a href=\"http:\/\/www2.unifap.br\/drh\/files\/2018\/12\/RESULTADO-PRELIMINAR.pdf\" target=\"_blank\" rel=\"noopener\"><span style=\"color: #008000\">Aqui<\/span><\/a><span style=\"color: #000000\">&gt;&gt;<\/span><\/span><\/strong><\/td>\n<\/tr>\n<tr>\n<td style=\"width: 40.85pt;border: solid windowtext 1.0pt;background: #8064A2;padding: 0cm 5.4pt 0cm 5.4pt\" valign=\"top\" width=\"54\">\n<p class=\"MsoNormal\" style=\"margin-bottom: 0.0001pt;line-height: normal;text-align: center\"><b><span style=\"color: white\">04<\/span><\/b><\/p>\n<\/td>\n<td style=\"width: 326.05pt;border-top: none;border-left: none;border-bottom: 1pt solid windowtext;border-right: 1pt solid windowtext;padding: 0cm 5.4pt;text-align: center\" valign=\"top\" width=\"435\"><span style=\"color: #ff0000\"><strong>RESULTADO FINAL&nbsp;<\/strong><\/span><\/td>\n<td style=\"width: 65.3pt;border-top: none;border-left: none;border-bottom: 1pt solid windowtext;border-right: 1pt solid windowtext;padding: 0cm 5.4pt;text-align: center\" valign=\"top\" width=\"87\"><strong>&nbsp;&lt;&lt;<span style=\"color: #008000\"><a href=\"http:\/\/www2.unifap.br\/drh\/files\/2018\/12\/RESULTADO-FINAL.pdf\" target=\"_blank\" rel=\"noopener\"><span style=\"color: #008000\">Aqui<\/span><\/a><\/span>&gt;&gt;<\/strong><\/td>\n<\/tr>\n<tr>\n<td style=\"width: 40.85pt;border: none;background: #8064A2;padding: 0cm 5.4pt 0cm 5.4pt\" valign=\"top\" width=\"54\">\n<p class=\"MsoNormal\" style=\"margin-bottom: 0.0001pt;line-height: normal;text-align: center\"><b><span style=\"color: white\">05<\/span><\/b><\/p>\n<\/td>\n<td style=\"width: 326.05pt;border: solid windowtext 1.0pt;border-top: none;background: #D8D8D8;padding: 0cm 5.4pt 0cm 5.4pt\" valign=\"top\" width=\"435\">&nbsp;<\/td>\n<td style=\"width: 65.3pt;border-top: none;border-left: none;border-bottom: solid windowtext 1.0pt;border-right: solid windowtext 1.0pt;background: #D8D8D8;padding: 0cm 5.4pt 0cm 5.4pt\" valign=\"top\" width=\"87\">&nbsp;<\/td>\n<\/tr>\n<tr>\n<td style=\"width: 40.85pt;border: solid windowtext 1.0pt;background: #8064A2;padding: 0cm 5.4pt 0cm 5.4pt\" valign=\"top\" width=\"54\">\n<p class=\"MsoNormal\" style=\"margin-bottom: 0.0001pt;line-height: normal;text-align: center\"><b><span style=\"color: white\">06<\/span><\/b><\/p>\n<\/td>\n<td style=\"width: 326.05pt;border-top: none;border-left: none;border-bottom: solid windowtext 1.0pt;border-right: solid windowtext 1.0pt;padding: 0cm 5.4pt 0cm 5.4pt\" valign=\"top\" width=\"435\">&nbsp;<\/td>\n<td style=\"width: 65.3pt;border-top: none;border-left: none;border-bottom: solid windowtext 1.0pt;border-right: solid windowtext 1.0pt;padding: 0cm 5.4pt 0cm 5.4pt\" valign=\"top\" width=\"87\">&nbsp;<\/td>\n<\/tr>\n<tr>\n<td style=\"width: 40.85pt;border: none;background: #8064A2;padding: 0cm 5.4pt 0cm 5.4pt\" valign=\"top\" width=\"54\">\n<p class=\"MsoNormal\" style=\"margin-bottom: 0.0001pt;line-height: normal;text-align: center\"><b><span style=\"color: white\">07<\/span><\/b><\/p>\n<\/td>\n<td style=\"width: 326.05pt;border: solid windowtext 1.0pt;border-top: none;background: #D8D8D8;padding: 0cm 5.4pt 0cm 5.4pt\" valign=\"top\" width=\"435\">&nbsp;<\/td>\n<td style=\"width: 65.3pt;border-top: none;border-left: none;border-bottom: solid windowtext 1.0pt;border-right: solid windowtext 1.0pt;background: #D8D8D8;padding: 0cm 5.4pt 0cm 5.4pt\" valign=\"top\" width=\"87\">&nbsp;<\/td>\n<\/tr>\n<tr>\n<td style=\"width: 40.85pt;border: solid windowtext 1.0pt;background: #8064A2;padding: 0cm 5.4pt 0cm 5.4pt\" valign=\"top\" width=\"54\">\n<p class=\"MsoNormal\" style=\"margin-bottom: 0.0001pt;line-height: normal;text-align: center\"><b><span style=\"color: white\">08<\/span><\/b><\/p>\n<\/td>\n<td style=\"width: 326.05pt;border-top: none;border-left: none;border-bottom: solid windowtext 1.0pt;border-right: solid windowtext 1.0pt;padding: 0cm 5.4pt 0cm 5.4pt\" valign=\"top\" width=\"435\">&nbsp;<\/td>\n<td style=\"width: 65.3pt;border-top: none;border-left: none;border-bottom: solid windowtext 1.0pt;border-right: solid windowtext 1.0pt;padding: 0cm 5.4pt 0cm 5.4pt\" valign=\"top\" width=\"87\">&nbsp;<\/td>\n<\/tr>\n<tr>\n<td style=\"width: 40.85pt;border: none;border-bottom: solid windowtext 2.25pt;background: #8064A2;padding: 0cm 5.4pt 0cm 5.4pt\" valign=\"top\" width=\"54\">\n<p class=\"MsoNormal\" style=\"margin-bottom: 0.0001pt;line-height: normal;text-align: center\"><b><span style=\"color: white\">09<\/span><\/b><\/p>\n<\/td>\n<td style=\"width: 326.05pt;border: solid windowtext 1.0pt;border-top: none;background: #D8D8D8;padding: 0cm 5.4pt 0cm 5.4pt\" valign=\"top\" width=\"435\">&nbsp;<\/td>\n<td style=\"width: 65.3pt;border-top: none;border-left: none;border-bottom: solid windowtext 1.0pt;border-right: solid windowtext 1.0pt;background: #D8D8D8;padding: 0cm 5.4pt 0cm 5.4pt\" valign=\"top\" width=\"87\">&nbsp;<\/td>\n<\/tr>\n<\/tbody>\n<\/table>\n<p>&nbsp;<\/p>\n<p>&nbsp;<\/p>\n","protected":false},"excerpt":{"rendered":"<p>EDITAL N\u00ba 02\/2018-COMISS\u00c3O DE REMO\u00c7\u00c3O\/UNIFAP 3\u00ba Processo Seletivo de Remo\u00e7\u00e3o de Servidores T\u00e9cnico- Administrativos A Presidente da Comiss\u00e3o do 3\u00ba Processo Seletivo de Remo\u00e7\u00e3o de Servidores&nbsp;T\u00e9cnico- administrativos, no uso de suas atribui\u00e7\u00f5es e considerando o que consta no Art.&nbsp;36, III, \u201cc\u201d, da Lei n\u00ba 8.112\/1990, na Resolu\u00e7\u00e3o n\u00ba 019\/2016\u2013CONSU\/UNIFAP, na Portaria&nbsp;n\u00ba 2482\/2018-UNIFAP e no Memorando&#8230;<\/p>\n","protected":false},"author":685,"featured_media":0,"parent":10624,"menu_order":5,"comment_status":"closed","ping_status":"closed","template":"","meta":{"inline_featured_image":false,"ngg_post_thumbnail":0,"footnotes":""},"class_list":["post-10312","page","type-page","status-publish","hentry","entry"],"_links":{"self":[{"href":"http:\/\/www2.unifap.br\/drh\/wp-json\/wp\/v2\/pages\/10312","targetHints":{"allow":["GET"]}}],"collection":[{"href":"http:\/\/www2.unifap.br\/drh\/wp-json\/wp\/v2\/pages"}],"about":[{"href":"http:\/\/www2.unifap.br\/drh\/wp-json\/wp\/v2\/types\/page"}],"author":[{"embeddable":true,"href":"http:\/\/www2.unifap.br\/drh\/wp-json\/wp\/v2\/users\/685"}],"replies":[{"embeddable":true,"href":"http:\/\/www2.unifap.br\/drh\/wp-json\/wp\/v2\/comments?post=10312"}],"version-history":[{"count":16,"href":"http:\/\/www2.unifap.br\/drh\/wp-json\/wp\/v2\/pages\/10312\/revisions"}],"predecessor-version":[{"id":11353,"href":"http:\/\/www2.unifap.br\/drh\/wp-json\/wp\/v2\/pages\/10312\/revisions\/11353"}],"up":[{"embeddable":true,"href":"http:\/\/www2.unifap.br\/drh\/wp-json\/wp\/v2\/pages\/10624"}],"wp:attachment":[{"href":"http:\/\/www2.unifap.br\/drh\/wp-json\/wp\/v2\/media?parent=10312"}],"curies":[{"name":"wp","href":"https:\/\/api.w.org\/{rel}","templated":true}]}}