{"id":11870,"date":"2019-06-04T18:20:17","date_gmt":"2019-06-04T18:20:17","guid":{"rendered":"http:\/\/www2.unifap.br\/drh\/?page_id=11870"},"modified":"2021-12-09T20:27:55","modified_gmt":"2021-12-09T20:27:55","slug":"educacao","status":"publish","type":"page","link":"http:\/\/www2.unifap.br\/drh\/clube-de-vantagens\/educacao\/","title":{"rendered":"EDUCA\u00c7\u00c3O"},"content":{"rendered":"<ul>\n<li>\n<h3><strong><a href=\"http:\/\/www2.unifap.br\/drh\/files\/2020\/01\/Col\u00e9gio-Batista.pdf\">Col\u00e9gio Batista<\/a><\/strong><\/h3>\n<\/li>\n<li>\n<h3><a href=\"http:\/\/www2.unifap.br\/drh\/files\/2021\/02\/CONV\u00caNIO-SANTA-BARTOLOMEA-CAPITANIO.pdf\">Col\u00e9gio Santa Bartolomea Capitanio<\/a><\/h3>\n<\/li>\n<li>\n<h3><a href=\"http:\/\/www2.unifap.br\/drh\/files\/2020\/01\/COL\u00c9GIO-MAXIMUS-1.pdf\"><strong>Col\u00e9gio M\u00e1ximus<\/strong><\/a><\/h3>\n<\/li>\n<li>\n<h3><a href=\"http:\/\/www2.unifap.br\/drh\/files\/2021\/12\/Col\u00e9gio-Esta\u00e7\u00e3o.pdf\">Col\u00e9gio Esta\u00e7\u00e3o<\/a><\/h3>\n<\/li>\n<li>\n<h3><strong><a href=\"http:\/\/www2.unifap.br\/dqv\/clube-de-vantagens\/educacao\/intergenius-escola-tecnica-bilingue\/proposta\/\" target=\"_blank\" rel=\"noopener noreferrer\">InterGenius Escola T\u00e9cnica Bilingue<\/a><\/strong><\/h3>\n<\/li>\n<li>\n<h3><strong><a href=\"http:\/\/www2.unifap.br\/dqv\/files\/2018\/11\/N%C3%9ACLEO-DE-EDUCACIONAL-INFANTIL-NEI.pdf\" target=\"_blank\" rel=\"noopener noreferrer\">NEI &#8211; N\u00facleo Educacional Infantil<\/a><\/strong><\/h3>\n<\/li>\n<li>\n<h3><strong><a href=\"http:\/\/www2.unifap.br\/dqv\/files\/2019\/03\/SENAC-BAIXAR-EM-PDF.pdf\" target=\"_blank\" rel=\"noopener noreferrer\">SENAC<\/a><\/strong><\/h3>\n<\/li>\n<li>\n<h3><a href=\"http:\/\/www2.unifap.br\/drh\/files\/2021\/11\/CONV\u00caNIO-007-2021-2022-UNIFAP-PARA-ASSINATURA.pdf\">SESI\/SENAI<\/a><\/h3>\n<\/li>\n<li>\n<h3><strong><a href=\"http:\/\/www2.unifap.br\/drh\/files\/2020\/02\/COL\u00c9GIO-EQUIPE.pdf\">COL\u00c9GIO EQUIPE<\/a><\/strong><\/h3>\n<\/li>\n<\/ul>\n<p><strong>IDIOMAS&nbsp;<a href=\"http:\/\/www2.unifap.br\/drh\/files\/2020\/03\/ingl\u00eas.png\"><img decoding=\"async\" class=\"wp-image-12902 alignleft\" src=\"http:\/\/www2.unifap.br\/drh\/files\/2020\/03\/ingl\u00eas-1024x504.png\" alt=\"\" width=\"266\" height=\"131\" srcset=\"http:\/\/www2.unifap.br\/drh\/files\/2020\/03\/ingl\u00eas-1024x504.png 1024w, http:\/\/www2.unifap.br\/drh\/files\/2020\/03\/ingl\u00eas-300x148.png 300w, http:\/\/www2.unifap.br\/drh\/files\/2020\/03\/ingl\u00eas-768x378.png 768w, http:\/\/www2.unifap.br\/drh\/files\/2020\/03\/ingl\u00eas.png 1280w\" sizes=\"(max-width: 266px) 100vw, 266px\" \/><\/a><\/strong><\/p>\n<ul>\n<li>\n<h3><a href=\"http:\/\/www2.unifap.br\/drh\/files\/2020\/02\/CNA-CURSO-DE-INGLES.pdf\">CNA CURSO DE INGL\u00caS<\/a><\/h3>\n<\/li>\n<li>\n<h3><a href=\"http:\/\/www2.unifap.br\/dqv\/files\/2018\/11\/ESCOLA-PBF-MACAP%C3%811.pdf\" target=\"_blank\" rel=\"noopener noreferrer\"><strong>ESCOLA PBF &#8211; Macap\u00e1<\/strong><\/a><\/h3>\n<\/li>\n<\/ul>\n<p>&nbsp;<\/p>\n<p><strong>M\u00daSICA<\/strong><strong><br \/>\n<a href=\"http:\/\/www2.unifap.br\/drh\/files\/2020\/03\/ESCOLA-VIRTUOSE.png\"><img decoding=\"async\" class=\"wp-image-12901 alignleft\" src=\"http:\/\/www2.unifap.br\/drh\/files\/2020\/03\/ESCOLA-VIRTUOSE-1024x645.png\" alt=\"\" width=\"258\" height=\"162\" srcset=\"http:\/\/www2.unifap.br\/drh\/files\/2020\/03\/ESCOLA-VIRTUOSE-1024x645.png 1024w, http:\/\/www2.unifap.br\/drh\/files\/2020\/03\/ESCOLA-VIRTUOSE-300x189.png 300w, http:\/\/www2.unifap.br\/drh\/files\/2020\/03\/ESCOLA-VIRTUOSE-768x483.png 768w\" sizes=\"(max-width: 258px) 100vw, 258px\" \/><\/a><\/strong><\/p>\n<h3><strong><a href=\"http:\/\/www2.unifap.br\/drh\/files\/2020\/03\/ESCOLA-DE-M\u00daSICA-VIRTUOSE.doc\">ESCOLA DE M\u00daSICA VIRTUOSE<\/a><\/strong><\/h3>\n","protected":false},"excerpt":{"rendered":"<p>Col\u00e9gio Batista Col\u00e9gio Santa Bartolomea Capitanio Col\u00e9gio M\u00e1ximus Col\u00e9gio Esta\u00e7\u00e3o InterGenius Escola T\u00e9cnica Bilingue NEI &#8211; N\u00facleo Educacional Infantil SENAC SESI\/SENAI COL\u00c9GIO EQUIPE IDIOMAS&nbsp; CNA CURSO DE INGL\u00caS ESCOLA PBF &#8211; Macap\u00e1 &nbsp; M\u00daSICA ESCOLA DE M\u00daSICA VIRTUOSE<\/p>\n","protected":false},"author":685,"featured_media":12592,"parent":11840,"menu_order":0,"comment_status":"closed","ping_status":"closed","template":"","meta":{"inline_featured_image":false,"ngg_post_thumbnail":0,"footnotes":""},"class_list":["post-11870","page","type-page","status-publish","has-post-thumbnail","hentry","entry","has-media"],"_links":{"self":[{"href":"http:\/\/www2.unifap.br\/drh\/wp-json\/wp\/v2\/pages\/11870","targetHints":{"allow":["GET"]}}],"collection":[{"href":"http:\/\/www2.unifap.br\/drh\/wp-json\/wp\/v2\/pages"}],"about":[{"href":"http:\/\/www2.unifap.br\/drh\/wp-json\/wp\/v2\/types\/page"}],"author":[{"embeddable":true,"href":"http:\/\/www2.unifap.br\/drh\/wp-json\/wp\/v2\/users\/685"}],"replies":[{"embeddable":true,"href":"http:\/\/www2.unifap.br\/drh\/wp-json\/wp\/v2\/comments?post=11870"}],"version-history":[{"count":38,"href":"http:\/\/www2.unifap.br\/drh\/wp-json\/wp\/v2\/pages\/11870\/revisions"}],"predecessor-version":[{"id":14268,"href":"http:\/\/www2.unifap.br\/drh\/wp-json\/wp\/v2\/pages\/11870\/revisions\/14268"}],"up":[{"embeddable":true,"href":"http:\/\/www2.unifap.br\/drh\/wp-json\/wp\/v2\/pages\/11840"}],"wp:featuredmedia":[{"embeddable":true,"href":"http:\/\/www2.unifap.br\/drh\/wp-json\/wp\/v2\/media\/12592"}],"wp:attachment":[{"href":"http:\/\/www2.unifap.br\/drh\/wp-json\/wp\/v2\/media?parent=11870"}],"curies":[{"name":"wp","href":"https:\/\/api.w.org\/{rel}","templated":true}]}}