{"id":337,"date":"2010-07-01T08:25:44","date_gmt":"2010-07-01T11:25:44","guid":{"rendered":"http:\/\/pororoca.unifap.br\/drh\/?page_id=337"},"modified":"2022-02-15T21:57:26","modified_gmt":"2022-02-15T21:57:26","slug":"programa-avaliacao-de-desempenho","status":"publish","type":"page","link":"http:\/\/www2.unifap.br\/drh\/programa-avaliacao-de-desempenho\/","title":{"rendered":"AVALIA\u00c7\u00c3O DE DESEMPENHO"},"content":{"rendered":"<p><strong>A Avalia\u00e7\u00e3o de Desempenho \u00e9 uma ferramenta de Gest\u00e3o de Pessoas que possibilita ao gestor e ao servidor planejar, gerenciar, acompanhar e mensurar o resultado do desempenho, e avaliar as poss\u00edveis discrep\u00e2ncias em rela\u00e7\u00e3o ao desempenho desejado.<\/strong><\/p>\n<p><a href=\"http:\/\/www2.unifap.br\/drh\/files\/2022\/02\/Avalia\u00e7\u00e3o-GDH-2022.jpeg\"><img fetchpriority=\"high\" decoding=\"async\" class=\"aligncenter size-large wp-image-14326\" src=\"http:\/\/www2.unifap.br\/drh\/files\/2022\/02\/Avalia\u00e7\u00e3o-GDH-2022-828x1024.jpeg\" alt=\"\" width=\"550\" height=\"680\" srcset=\"http:\/\/www2.unifap.br\/drh\/files\/2022\/02\/Avalia\u00e7\u00e3o-GDH-2022-828x1024.jpeg 828w, http:\/\/www2.unifap.br\/drh\/files\/2022\/02\/Avalia\u00e7\u00e3o-GDH-2022-243x300.jpeg 243w, http:\/\/www2.unifap.br\/drh\/files\/2022\/02\/Avalia\u00e7\u00e3o-GDH-2022-768x950.jpeg 768w, http:\/\/www2.unifap.br\/drh\/files\/2022\/02\/Avalia\u00e7\u00e3o-GDH-2022.jpeg 1035w\" sizes=\"(max-width: 550px) 100vw, 550px\" \/><\/a><\/p>\n<p>CONSIDERANDO a Lei n\u00ba 11.091, de 12 de janeiro de 2005, alterada pela Lei no 11.233, de 23 de dezembro de 2005 e regulamentada pelo Decreto no 5.824, de 29 de junho de 2006, que disp\u00f5e sobre a estrutura\u00e7\u00e3o do Plano de Carreira dos Cargos T\u00e9cnico-Administrativos em Educa\u00e7\u00e3o, no \u00e2mbito das Institui\u00e7\u00f5es Federais de Ensino vinculadas ao Minist\u00e9rio da Educa\u00e7\u00e3o.<\/p>\n<p>Informamos que est\u00e1 dispon\u00edvel no sistema <strong>SIGRH<\/strong>&nbsp;a etapa&nbsp;<strong>PLANEJAMENTO&nbsp;<\/strong>do Processo GDH\/2022, da Avalia\u00e7\u00e3o Anual de Desempenho, para&nbsp;<strong>atualiza\u00e7\u00e3o\/cadastramento<\/strong>&nbsp;do&nbsp;<strong>PLANO DE A\u00c7\u00c3O GERENCIAL<\/strong>&nbsp;das unidades, bem como do&nbsp;<strong>PLANO INDIVIDUAL DE TRABALHO<\/strong>&nbsp;dos servidores t\u00e9cnicos administrativos da Universidade Federal do Amap\u00e1.<\/p>\n<p>O procedimento de atualiza\u00e7\u00e3o\/cadastramento dos planos caber\u00e1 aos gestores das unidades administrativas e acad\u00eamicas, sendo recomend\u00e1vel que o PLANO INDIVIDUAL DE TRABALHO do servidor seja feito em conjunto com o mesmo. Para o&nbsp;servidor que participou da avalia\u00e7\u00e3o anual de desempenho, processo GDH\/2021, basta que sejam reaproveitados os dados do plano do ano anterior.<\/p>\n<p>Conforme a Lei supracitada, a Progress\u00e3o por M\u00e9rito Profissional&nbsp;do servidor t\u00e9cnico-administrativo est\u00e1 condicionada \u00e0 apresenta\u00e7\u00e3o de resultado fixado em programa de avalia\u00e7\u00e3o de desempenho.<\/p>\n<p><em>Segue abaixo o Manual da avalia\u00e7\u00e3o de Desempenho do processo GDH\/2022, que servir\u00e1 como guia pr\u00e1tico e autoexplicativo para a realiza\u00e7\u00e3o das atividades previstas na referida etapa.<\/em><\/p>\n<ul>\n<li><strong><a href=\"http:\/\/www2.unifap.br\/drh\/files\/2022\/02\/MANUAL_GDH_2022.pdf\">CONFIRA O TUTORIAL: MANUAL_GDH_2022<\/a><\/strong><\/li>\n<\/ul>\n<p><strong>Mais Informa\u00e7\u00f5es<\/strong><\/p>\n<p>Divis\u00e3o de Acompanhamento e Avalia\u00e7\u00e3o \u2013 DAA\/DDP\/PROGEP<\/p>\n<p>E-mail: avaliacaodesempenho@unifap.br<\/p>\n","protected":false},"excerpt":{"rendered":"<p>A Avalia\u00e7\u00e3o de Desempenho \u00e9 uma ferramenta de Gest\u00e3o de Pessoas que possibilita ao gestor e ao servidor planejar, gerenciar, acompanhar e mensurar o resultado do desempenho, e avaliar as poss\u00edveis discrep\u00e2ncias em rela\u00e7\u00e3o ao desempenho desejado. CONSIDERANDO a Lei n\u00ba 11.091, de 12 de janeiro de 2005, alterada pela Lei no 11.233, de 23&#8230;<\/p>\n","protected":false},"author":860,"featured_media":0,"parent":0,"menu_order":8,"comment_status":"closed","ping_status":"closed","template":"fullwidth.php","meta":{"inline_featured_image":false,"ngg_post_thumbnail":0,"footnotes":""},"class_list":["post-337","page","type-page","status-publish","hentry","entry"],"_links":{"self":[{"href":"http:\/\/www2.unifap.br\/drh\/wp-json\/wp\/v2\/pages\/337","targetHints":{"allow":["GET"]}}],"collection":[{"href":"http:\/\/www2.unifap.br\/drh\/wp-json\/wp\/v2\/pages"}],"about":[{"href":"http:\/\/www2.unifap.br\/drh\/wp-json\/wp\/v2\/types\/page"}],"author":[{"embeddable":true,"href":"http:\/\/www2.unifap.br\/drh\/wp-json\/wp\/v2\/users\/860"}],"replies":[{"embeddable":true,"href":"http:\/\/www2.unifap.br\/drh\/wp-json\/wp\/v2\/comments?post=337"}],"version-history":[{"count":31,"href":"http:\/\/www2.unifap.br\/drh\/wp-json\/wp\/v2\/pages\/337\/revisions"}],"predecessor-version":[{"id":14329,"href":"http:\/\/www2.unifap.br\/drh\/wp-json\/wp\/v2\/pages\/337\/revisions\/14329"}],"wp:attachment":[{"href":"http:\/\/www2.unifap.br\/drh\/wp-json\/wp\/v2\/media?parent=337"}],"curies":[{"name":"wp","href":"https:\/\/api.w.org\/{rel}","templated":true}]}}