{"id":6421,"date":"2017-01-25T19:17:34","date_gmt":"2017-01-25T19:17:34","guid":{"rendered":"http:\/\/www2.unifap.br\/drh\/?page_id=6421"},"modified":"2024-05-28T16:49:13","modified_gmt":"2024-05-28T19:49:13","slug":"auxilio-alimentacao","status":"publish","type":"page","link":"http:\/\/www2.unifap.br\/drh\/manual-do-servidor\/auxilios\/auxilio-alimentacao\/","title":{"rendered":"AUX\u00cdLIO- ALIMENTA\u00c7\u00c3O"},"content":{"rendered":"<h2 style=\"text-align: justify\"><span style=\"color: #0000ff\"><strong>DEFINI\u00c7\u00c3O<\/strong><\/span><\/h2>\n<p style=\"text-align: justify\"><span style=\"color: #000000\">O Aux\u00edlio-Alimenta\u00e7\u00e3o \u00e9 benef\u00edcio de car\u00e1ter indenizat\u00f3rio, pago em forma de pec\u00fania aos servidores p\u00fablicos federais civis ativos da Administra\u00e7\u00e3o P\u00fablica Federal direta, aut\u00e1rquica e fundacional ou Professor Substituto\/Tempor\u00e1rio da Institui\u00e7\u00e3o que optem por receb\u00ea-lo, para o custeio de suas despesas com alimenta\u00e7\u00e3o;<\/span><\/p>\n<h2 style=\"text-align: justify\"><span style=\"color: #0000ff\"><strong>REQUISITOS B\u00c1SICOS<\/strong><\/span><\/h2>\n<ul>\n<li>Ser servidor p\u00fablico em efetivo exerc\u00edcio, contratado por tempo determinado ou ocupante de cargo em comiss\u00e3o sem v\u00ednculo efetivo;<\/li>\n<li>&nbsp;&nbsp;&nbsp; Estar em efetivo exerc\u00edcio;<\/li>\n<li>&nbsp;&nbsp;&nbsp; N\u00e3o perceber id\u00eantico benef\u00edcio de outro \u00f3rg\u00e3o p\u00fablico.<\/li>\n<\/ul>\n<h2 style=\"text-align: justify\"><span style=\"color: #0000ff\"><strong>INFORMA\u00c7\u00d5ES GERAIS<\/strong><\/span><\/h2>\n<ol>\n<li><span style=\"color: #000000\">A Portaria MGI N\u00ba 2.797, <\/span>(<span style=\"color: #ff0000\"><a href=\"https:\/\/www.in.gov.br\/en\/web\/dou\/-\/portaria-mgi-n-2.797-de-29-de-abril-de-2024-557081648\">Aqui<\/a><\/span>), <span style=\"color: #000000\">de 29 de abril de 2024, estabeleceu o valor mensal do aux\u00edlio-alimenta\u00e7\u00e3o de<\/span> <span style=\"color: #0000ff\"><strong>R$ 1.000,00.<\/strong><\/span><\/li>\n<li style=\"text-align: justify\"><span style=\"color: #000000\">O aux\u00edlio-alimenta\u00e7\u00e3o, creditado no contracheque, \u00e9 pago por dia de trabalho, limitado-se a 22 (vinte e dois) dias mensais.<\/span><\/li>\n<li><span style=\"color: #000000\">O servidor que acumula cargo ou emprego na forma da Constitui\u00e7\u00e3o faz jus a percep\u00e7\u00e3o de um \u00fanico aux\u00edlio-alimenta\u00e7\u00e3o, mediante op\u00e7\u00e3o;<\/span><\/li>\n<li style=\"text-align: justify\"><span style=\"color: #000000\">O aux\u00edlio-alimenta\u00e7\u00e3o tem car\u00e1ter indenizat\u00f3rio e n\u00e3o se incorpora ao vencimento, remunera\u00e7\u00e3o, proventos ou pens\u00e3o por expressa determina\u00e7\u00e3o legal.<\/span><\/li>\n<li style=\"text-align: justify\"><span style=\"color: #000000\">O aux\u00edlio-alimenta\u00e7\u00e3o n\u00e3o \u00e9 rendimento tribut\u00e1vel, e n\u00e3o sofre incid\u00eancia para o Plano de Seguridade Social do Servidor P\u00fablico (PSS).<\/span><\/li>\n<li style=\"text-align: justify\"><span style=\"color: #000000\">\u00c9 vedada a concess\u00e3o do aux\u00edlio-alimenta\u00e7\u00e3o em valor superior ao fixado pelo Minist\u00e9rio da Economia nos casos em que a jornada de trabalho for superior a 40 horas semanais.<\/span><\/li>\n<li style=\"text-align: justify\"><span style=\"color: #000000\">No caso de servidor com jornada de trabalho inferior a 30 horas semanais, o aux\u00edlio-alimenta\u00e7\u00e3o corresponder\u00e1 a 50% do valor mensal fixado pelo Minist\u00e9rio.<\/span><\/li>\n<\/ol>\n<h2><span style=\"color: #0000ff\"><strong>PROCEDIMENTOS<\/strong><\/span><\/h2>\n<p style=\"text-align: justify\">A solicita\u00e7\u00e3o de inclus\u00e3o ou exclus\u00e3o \u00e9 feita diretamento no SouGov.<\/p>\n<p style=\"text-align: justify\"><strong><em>Passo a passo: <a href=\"https:\/\/www.gov.br\/servidor\/pt-br\/acesso-a-informacao\/faq\/sou-gov.br\/auxilio\">https:\/\/www.gov.br\/servidor\/pt-br\/acesso-a-informacao\/faq\/sou-gov.br\/auxilio<\/a><\/em><\/strong><\/p>\n<h2>&nbsp;<\/h2>\n<h2 style=\"text-align: justify\"><span style=\"color: #0000ff\"><strong>LEGISLA\u00c7\u00c3O<\/strong><\/span><\/h2>\n<p style=\"text-align: justify\"><span style=\"color: #000000\">Lei n\u00ba 8.460, de 17 de setembro de 1992 (Art. 22)<\/span><\/p>\n<p style=\"text-align: justify\"><span style=\"color: #000000\"><a href=\"http:\/\/www.planalto.gov.br\/ccivil_03\/leis\/L9527.htm\"><span style=\"color: #000000\">Lei n\u00ba 9.527, de 10 de dezembro de 1997<\/span><\/a><\/span><\/p>\n<p style=\"text-align: justify\"><span style=\"color: #000000\"><a href=\"http:\/\/www2.unifap.br\/drh\/files\/2017\/01\/NOTA-T\u00c9CNICA-CONSOLIDADA-1-2012.pdf\"><span style=\"color: #000000\">Nota T\u00e9cnica Consolidada n\u00ba 1\/2012\/CGNOR\/DENOP\/SEGESP\/MP<\/span><\/a><\/span><\/p>\n<p><a href=\"https:\/\/www.in.gov.br\/en\/web\/dou\/-\/portaria-mgi-n-2.797-de-29-de-abril-de-2024-557081648\">Portaria MGI n\u00ba 2.797, de 29 de abril de 2024<\/a><\/p>\n<h2>&nbsp;<\/h2>\n<h2 style=\"text-align: justify\"><span style=\"color: #0000ff\"><strong>Setor Respons\u00e1vel para tirar duvidas<\/strong><\/span><\/h2>\n<p>Departamento de Admintra\u00e7\u00e3o de Pessoal &#8211; DAP<\/p>\n<p>E-mail: dap@unifap.br<\/p>\n<p>&nbsp;<\/p>\n<p style=\"text-align: right\">Atualiza\u00e7\u00e3o da p\u00e1gina feita em 28\/05\/2024<\/p>\n","protected":false},"excerpt":{"rendered":"<p>DEFINI\u00c7\u00c3O O Aux\u00edlio-Alimenta\u00e7\u00e3o \u00e9 benef\u00edcio de car\u00e1ter indenizat\u00f3rio, pago em forma de pec\u00fania aos servidores p\u00fablicos federais civis ativos da Administra\u00e7\u00e3o P\u00fablica Federal direta, aut\u00e1rquica e fundacional ou Professor Substituto\/Tempor\u00e1rio da Institui\u00e7\u00e3o que optem por receb\u00ea-lo, para o custeio de suas despesas com alimenta\u00e7\u00e3o; REQUISITOS B\u00c1SICOS Ser servidor p\u00fablico em efetivo exerc\u00edcio, contratado por tempo&#8230;<\/p>\n","protected":false},"author":685,"featured_media":0,"parent":6412,"menu_order":3,"comment_status":"open","ping_status":"open","template":"","meta":{"inline_featured_image":false,"ngg_post_thumbnail":0,"footnotes":""},"class_list":["post-6421","page","type-page","status-publish","hentry","entry"],"_links":{"self":[{"href":"http:\/\/www2.unifap.br\/drh\/wp-json\/wp\/v2\/pages\/6421","targetHints":{"allow":["GET"]}}],"collection":[{"href":"http:\/\/www2.unifap.br\/drh\/wp-json\/wp\/v2\/pages"}],"about":[{"href":"http:\/\/www2.unifap.br\/drh\/wp-json\/wp\/v2\/types\/page"}],"author":[{"embeddable":true,"href":"http:\/\/www2.unifap.br\/drh\/wp-json\/wp\/v2\/users\/685"}],"replies":[{"embeddable":true,"href":"http:\/\/www2.unifap.br\/drh\/wp-json\/wp\/v2\/comments?post=6421"}],"version-history":[{"count":9,"href":"http:\/\/www2.unifap.br\/drh\/wp-json\/wp\/v2\/pages\/6421\/revisions"}],"predecessor-version":[{"id":18447,"href":"http:\/\/www2.unifap.br\/drh\/wp-json\/wp\/v2\/pages\/6421\/revisions\/18447"}],"up":[{"embeddable":true,"href":"http:\/\/www2.unifap.br\/drh\/wp-json\/wp\/v2\/pages\/6412"}],"wp:attachment":[{"href":"http:\/\/www2.unifap.br\/drh\/wp-json\/wp\/v2\/media?parent=6421"}],"curies":[{"name":"wp","href":"https:\/\/api.w.org\/{rel}","templated":true}]}}