{"id":6517,"date":"2017-01-25T21:05:48","date_gmt":"2017-01-25T21:05:48","guid":{"rendered":"http:\/\/www2.unifap.br\/drh\/?page_id=6517"},"modified":"2019-05-23T18:45:00","modified_gmt":"2019-05-23T18:45:00","slug":"licenca-por-motivo-de-afastamento-do-conjuge-ou-companheiro-sem-remuneracao","status":"publish","type":"page","link":"http:\/\/www2.unifap.br\/drh\/manual-do-servidor\/licencas\/licenca-por-motivo-de-afastamento-do-conjuge-ou-companheiro-sem-remuneracao\/","title":{"rendered":"Licen\u00e7a por motivo de afastamento do C\u00f4njuge ou Companheiro (sem remunera\u00e7\u00e3o)"},"content":{"rendered":"<p style=\"text-align: justify\"><span style=\"color: #0000ff\"><strong>DEFINI\u00c7\u00c3O<\/strong><\/span><\/p>\n<ul style=\"text-align: justify\">\n<li><strong>Licen\u00e7a concedida ao servidor para acompanhar c\u00f4njuge ou companheiro deslocado para outro ponto do territ\u00f3rio nacional, para o exterior ou para exerc\u00edcio de mandato eletivo dos Poderes Executivo e Legislativo;<\/strong><\/li>\n<li><strong>A licen\u00e7a ser\u00e1 por prazo indeterminado e sem remunera\u00e7\u00e3o;<\/strong><\/li>\n<li><strong>No deslocamento de servidor cujo c\u00f4njuge ou companheiro tamb\u00e9m seja servidor p\u00fablico, civil ou militar, de qualquer dos Poderes da Uni\u00e3o, dos Estados, do Distrito Federal e dos Munic\u00edpios, poder\u00e1 haver exerc\u00edcio provis\u00f3rio em \u00f3rg\u00e3o ou entidade da Administra\u00e7\u00e3o Federal direta, aut\u00e1rquica ou fundacional, desde que para o exerc\u00edcio de atividade compat\u00edvel com o seu cargo (neste caso analisada e concedida pelo Departamento de Potencializa\u00e7\u00e3o de Pessoas).<\/strong><\/li>\n<\/ul>\n<p style=\"text-align: justify\"><span style=\"color: #0000ff\"><strong>Como solicitar<\/strong><\/span><\/p>\n<p style=\"text-align: justify\"><strong>Abrir processo eletr\u00f4nico no SIPAC contendo:<\/strong><\/p>\n<p style=\"text-align: justify\"><strong>&#8211;&nbsp;<a href=\"http:\/\/www2.unifap.br\/drh\/files\/2010\/04\/Requerimento-Geral-EDITADO.pdf\"><span style=\"color: #0000ff\">Requerimento Geral<\/span><\/a>, preenchido e assinado;<\/strong><\/p>\n<p style=\"text-align: justify\"><strong>&#8211; Termo de Op\u00e7\u00e3o de Contribui\u00e7\u00e3o do PSS;<\/strong><\/p>\n<p style=\"text-align: justify\"><strong>&#8211; Certid\u00e3o de Casamento ou documento que comprove uni\u00e3o est\u00e1vel;<\/strong><\/p>\n<p style=\"text-align: justify\"><strong>&#8211; Comprovante de deslocamento do c\u00f4njuge ou companheiro.<\/strong><\/p>\n<p style=\"text-align: justify\"><span style=\"color: #0000ff\"><strong>Legisla\u00e7\u00e3o b\u00e1sica:<\/strong><\/span><\/p>\n<p style=\"text-align: justify\"><strong>&nbsp;Lei n\u00ba 8.112, de 11 de dezembro de 1990 (Art. 20 e 84)<\/strong><\/p>\n","protected":false},"excerpt":{"rendered":"<p>DEFINI\u00c7\u00c3O Licen\u00e7a concedida ao servidor para acompanhar c\u00f4njuge ou companheiro deslocado para outro ponto do territ\u00f3rio nacional, para o exterior ou para exerc\u00edcio de mandato eletivo dos Poderes Executivo e Legislativo; A licen\u00e7a ser\u00e1 por prazo indeterminado e sem remunera\u00e7\u00e3o; No deslocamento de servidor cujo c\u00f4njuge ou companheiro tamb\u00e9m seja servidor p\u00fablico, civil ou militar,&#8230;<\/p>\n","protected":false},"author":685,"featured_media":0,"parent":6480,"menu_order":8,"comment_status":"open","ping_status":"open","template":"fullwidth.php","meta":{"inline_featured_image":false,"ngg_post_thumbnail":0,"footnotes":""},"class_list":["post-6517","page","type-page","status-publish","hentry","entry"],"_links":{"self":[{"href":"http:\/\/www2.unifap.br\/drh\/wp-json\/wp\/v2\/pages\/6517","targetHints":{"allow":["GET"]}}],"collection":[{"href":"http:\/\/www2.unifap.br\/drh\/wp-json\/wp\/v2\/pages"}],"about":[{"href":"http:\/\/www2.unifap.br\/drh\/wp-json\/wp\/v2\/types\/page"}],"author":[{"embeddable":true,"href":"http:\/\/www2.unifap.br\/drh\/wp-json\/wp\/v2\/users\/685"}],"replies":[{"embeddable":true,"href":"http:\/\/www2.unifap.br\/drh\/wp-json\/wp\/v2\/comments?post=6517"}],"version-history":[{"count":3,"href":"http:\/\/www2.unifap.br\/drh\/wp-json\/wp\/v2\/pages\/6517\/revisions"}],"predecessor-version":[{"id":11486,"href":"http:\/\/www2.unifap.br\/drh\/wp-json\/wp\/v2\/pages\/6517\/revisions\/11486"}],"up":[{"embeddable":true,"href":"http:\/\/www2.unifap.br\/drh\/wp-json\/wp\/v2\/pages\/6480"}],"wp:attachment":[{"href":"http:\/\/www2.unifap.br\/drh\/wp-json\/wp\/v2\/media?parent=6517"}],"curies":[{"name":"wp","href":"https:\/\/api.w.org\/{rel}","templated":true}]}}