{"id":6638,"date":"2017-01-26T18:48:43","date_gmt":"2017-01-26T18:48:43","guid":{"rendered":"http:\/\/www2.unifap.br\/drh\/?page_id=6638"},"modified":"2021-02-23T18:54:54","modified_gmt":"2021-02-23T18:54:54","slug":"tabela-de-vencimentos-professor-do-magisterio-superior","status":"publish","type":"page","link":"http:\/\/www2.unifap.br\/drh\/manual-do-servidor\/remuneracao\/tabela-de-vencimentos-professor-do-magisterio-superior\/","title":{"rendered":"Remunera\u00e7\u00e3o &#8211; Professor do Magist\u00e9rio Superior"},"content":{"rendered":"<p style=\"text-align: justify\">A remunera\u00e7\u00e3o \u00e9 composta de&nbsp;Vencimento + Retribui\u00e7\u00e3o por Titula\u00e7\u00e3o (RT), nos termos da <a href=\"http:\/\/www.planalto.gov.br\/ccivil_03\/_ato2011-2014\/2012\/lei\/l12772.htm\" target=\"_blank\" rel=\"noopener noreferrer\">Lei n\u00ba 12772\/2012<\/a>, alterada pela Lei 12863\/2013 e pela Lei 13.325\/2016 . O Vencimento equivale ao valor estabelecido para o N\u00edvel 1 da Classe A, qualquer que seja a denomina\u00e7\u00e3o: professor auxiliar (graduado ou especialista); professor assistente A (mestre) ou professor adjunto A (doutor). A Retribui\u00e7\u00e3o por Titula\u00e7\u00e3o (RT) varia de acordo com a titula\u00e7\u00e3o do candidato (gradua\u00e7\u00e3o, especializa\u00e7\u00e3o, mestrado ou doutorado) e com o regime de trabalho (20h ou 40h\/DE).<\/p>\n<p style=\"text-align: justify\">Os descontos efetuados na folha de pagamento s\u00e3o: Imposto de Renda, Plano de Seguridade Social (PSS), Aux\u00edlio Transporte e Aux\u00edlio Creche. Estes descontos obedecem a percentuais pr\u00e9-estabelecidos em lei.<\/p>\n<p><strong>Vig\u00eancia a partir de 01\/08\/2019<\/strong><\/p>\n<p>Acesse a tabela no link abaixo (<span style=\"color: #ff0000\"><strong>PDF<\/strong><\/span>):<\/p>\n<p><strong><a href=\"http:\/\/www2.unifap.br\/drh\/files\/2021\/02\/TABELA-DOCENTES-AGOSTO2019.pdf\">TABELA DE REMUNERA\u00c7\u00c3O &#8211; PROFESSOR DO MAGIST\u00c9RIO SUPERIOR<\/a><\/strong><\/p>\n<p>&nbsp;<\/p>\n<p>&nbsp;<\/p>\n","protected":false},"excerpt":{"rendered":"<p>A remunera\u00e7\u00e3o \u00e9 composta de&nbsp;Vencimento + Retribui\u00e7\u00e3o por Titula\u00e7\u00e3o (RT), nos termos da Lei n\u00ba 12772\/2012, alterada pela Lei 12863\/2013 e pela Lei 13.325\/2016 . O Vencimento equivale ao valor estabelecido para o N\u00edvel 1 da Classe A, qualquer que seja a denomina\u00e7\u00e3o: professor auxiliar (graduado ou especialista); professor assistente A (mestre) ou professor adjunto&#8230;<\/p>\n","protected":false},"author":685,"featured_media":0,"parent":6482,"menu_order":2,"comment_status":"open","ping_status":"open","template":"fullwidth.php","meta":{"inline_featured_image":false,"ngg_post_thumbnail":0,"footnotes":""},"class_list":["post-6638","page","type-page","status-publish","hentry","entry"],"_links":{"self":[{"href":"http:\/\/www2.unifap.br\/drh\/wp-json\/wp\/v2\/pages\/6638","targetHints":{"allow":["GET"]}}],"collection":[{"href":"http:\/\/www2.unifap.br\/drh\/wp-json\/wp\/v2\/pages"}],"about":[{"href":"http:\/\/www2.unifap.br\/drh\/wp-json\/wp\/v2\/types\/page"}],"author":[{"embeddable":true,"href":"http:\/\/www2.unifap.br\/drh\/wp-json\/wp\/v2\/users\/685"}],"replies":[{"embeddable":true,"href":"http:\/\/www2.unifap.br\/drh\/wp-json\/wp\/v2\/comments?post=6638"}],"version-history":[{"count":16,"href":"http:\/\/www2.unifap.br\/drh\/wp-json\/wp\/v2\/pages\/6638\/revisions"}],"predecessor-version":[{"id":13569,"href":"http:\/\/www2.unifap.br\/drh\/wp-json\/wp\/v2\/pages\/6638\/revisions\/13569"}],"up":[{"embeddable":true,"href":"http:\/\/www2.unifap.br\/drh\/wp-json\/wp\/v2\/pages\/6482"}],"wp:attachment":[{"href":"http:\/\/www2.unifap.br\/drh\/wp-json\/wp\/v2\/media?parent=6638"}],"curies":[{"name":"wp","href":"https:\/\/api.w.org\/{rel}","templated":true}]}}