{"id":8939,"date":"2017-10-02T14:40:03","date_gmt":"2017-10-02T14:40:03","guid":{"rendered":"http:\/\/www2.unifap.br\/drh\/?page_id=8939"},"modified":"2019-05-22T14:16:41","modified_gmt":"2019-05-22T14:16:41","slug":"edital-incentivo-educacional","status":"publish","type":"page","link":"http:\/\/www2.unifap.br\/drh\/progep-2\/processos-seletivos\/edital-incentivo-educacional\/","title":{"rendered":"EDITAL INCENTIVO EDUCACIONAL"},"content":{"rendered":"<h2 style=\"text-align: center\"><span style=\"color: #008000\"><strong>EDITAL N\u00ba 01\/2017-PSPIE\/PROGEP\/UNIFAP<\/strong><\/span><\/h2>\n<h2 style=\"text-align: center\"><span style=\"color: #0000ff\"><strong>PROCESSO SELETIVO PARA O PROGRAMA DE INCENTIVO EDUCACIONAL \u00c0 P\u00d3S-GRADUA\u00c7\u00c3O <em>STRICTO SENSU<\/em> DESTINADO AOS SERVIDORES T\u00c9CNICO-ADMINISTRATIVOS EM EDUCA\u00c7\u00c3O<\/strong><\/span><\/h2>\n<p>&nbsp;<\/p>\n<p style=\"text-align: justify\"><span style=\"color: #000000\"><strong>O Presidente da Comiss\u00e3o Gestora do Programa de Incentivo Educacional \u00e0 P\u00f3s-Gradua\u00e7\u00e3o <em>S<\/em><i>tricto Sensu<\/i> destinado aos Servidores T\u00e9cnico-Administrativos em Educa\u00e7\u00e3o, no uso de suas atribui\u00e7\u00f5es, considerando o que consta na Portaria n\u00ba 129-SAA\/SE\/MEC, na Resolu\u00e7\u00e3o n\u00ba 030\/2016-CONSU\/UNIFAP, bem como na Portaria n\u00ba 1676\/2017-UNIFAP.<\/strong><\/span><\/p>\n<p style=\"text-align: justify\"><span style=\"color: #000000\"><strong>RESOLVE:<\/strong><\/span><\/p>\n<p style=\"text-align: justify\"><span style=\"color: #000000\"><strong>Tornar p\u00fablica a abertura das inscri\u00e7\u00f5es para o processo seletivo de servidores T\u00e9cnico-administrativos em Educa\u00e7\u00e3o vinculados \u00e0 Universidade Federal do Amap\u00e1 (UNIFAP) para participarem do Programa de Incentivo Educacional \u00e0 P\u00f3s-Gradua\u00e7\u00e3o <em>S<\/em><i>tricto Sensu<\/i>.<\/strong><\/span><\/p>\n<table border=\"1\" cellspacing=\"0\" cellpadding=\"0\">\n<tbody>\n<tr>\n<td width=\"64\">\n<p align=\"center\"><span style=\"color: #0000ff\"><b>ORDEM<\/b><\/span><\/p>\n<\/td>\n<td valign=\"top\" width=\"378\">\n<p align=\"center\"><span style=\"color: #0000ff\"><b>DOCUMENTO<\/b><\/span><\/p>\n<\/td>\n<td width=\"134\">\n<p align=\"center\"><span style=\"color: #0000ff\"><b>LINK<\/b><\/span><\/p>\n<\/td>\n<\/tr>\n<tr>\n<td width=\"64\">\n<p align=\"center\"><b>01<\/b><\/p>\n<\/td>\n<td valign=\"top\" width=\"378\">\n<p align=\"center\"><b>EDITAL N\u00ba 01\/2017-PSPIE\/PROGEP\/UNIFAP<\/b><\/p>\n<\/td>\n<td width=\"134\">\n<p align=\"center\"><b>&nbsp;&lt;&lt;<\/b><span style=\"color: #008000\"><b><a href=\"http:\/\/www2.unifap.br\/drh\/files\/2017\/10\/EDITAL-N%C2%BA-01-2017-PSPIE-PROGEP-UNIFAP-PROGRAMA-DE-INCENTIVO-EDUCACIONAL1.pdf\"><span style=\"color: #008000\">Aqui<\/span><\/a><\/b><\/span><b>&gt;&gt;<\/b><\/p>\n<\/td>\n<\/tr>\n<tr>\n<td width=\"64\">\n<p align=\"center\"><b>02<\/b><\/p>\n<\/td>\n<td width=\"378\">\n<p align=\"center\"><b>&nbsp;RETIFICA\u00c7\u00c3O 01<\/b><\/p>\n<\/td>\n<td width=\"134\">\n<p align=\"center\"><b>&nbsp;&lt;&lt;<\/b><span style=\"color: #008000\"><b><a href=\"http:\/\/www2.unifap.br\/drh\/files\/2017\/10\/RETIFICA%C3%87%C3%83O-01-EDITAL-N%C2%BA-01-2017-PSPIE-PROGEP-UNIFAP.pdf\"><span style=\"color: #008000\">Aqui<\/span><\/a><\/b><\/span><b>&gt;&gt;<a href=\"http:\/\/www2.unifap.br\/drh\/files\/2017\/10\/RETIFICA%C3%87%C3%83O-01-EDITAL-N%C2%BA-01-2017-PSPIE-PROGEP-UNIFAP.pdf\"><br \/>\n<\/a><\/b><\/p>\n<\/td>\n<\/tr>\n<tr>\n<td width=\"64\">\n<p align=\"center\"><b>03<\/b><\/p>\n<\/td>\n<td width=\"378\">\n<p align=\"center\"><b>&nbsp;INSCRI\u00c7\u00d5ES HOMOLOGADAS<\/b><\/p>\n<\/td>\n<td width=\"134\">\n<p align=\"center\"><b>&nbsp;&lt;&lt;<\/b><span style=\"color: #008000\"><b><a href=\"http:\/\/www2.unifap.br\/drh\/files\/2017\/10\/EDITAL-01-2017-PSPIE-PROGEP-UNIFAP-INSCRI%C3%87%C3%95ES-HOMOLOGADAS.pdf\"><span style=\"color: #008000\">Aqui<\/span><\/a><\/b><\/span><b>&gt;&gt;<\/b><\/p>\n<\/td>\n<\/tr>\n<tr>\n<td width=\"64\">\n<p align=\"center\"><b>04<\/b><\/p>\n<\/td>\n<td width=\"378\">\n<p align=\"center\"><b>&nbsp;RESULTADO PRELIMINAR<\/b><\/p>\n<\/td>\n<td width=\"134\">\n<p align=\"center\"><b>&nbsp;&lt;&lt;<\/b><span style=\"color: #008000\"><b><a href=\"http:\/\/www2.unifap.br\/drh\/files\/2017\/10\/EDITAL-01-2017-PSPIE-PROGEP-UNIFAP-RESULTADO-PRELIMINAR.pdf\"><span style=\"color: #008000\">Aqui<\/span><\/a><\/b><\/span><b>&gt;&gt;<\/b><\/p>\n<\/td>\n<\/tr>\n<tr>\n<td width=\"64\">\n<p align=\"center\"><b>05<\/b><\/p>\n<\/td>\n<td width=\"378\">\n<p align=\"center\">&nbsp;<b>SITUA\u00c7\u00c3O DOS RECURSOS<\/b><\/p>\n<\/td>\n<td width=\"134\">\n<p align=\"center\">&nbsp;<b>&lt;&lt;<\/b><span style=\"color: #008000\"><b><a href=\"http:\/\/www2.unifap.br\/drh\/files\/2017\/10\/EDITAL-01-2017-PPSPIE-PROGEP-UNIFAP-RESULTADO-RECURSOS.pdf\"><span style=\"color: #008000\">Aqui<\/span><\/a><\/b><\/span><b>&gt;&gt;<\/b><\/p>\n<\/td>\n<\/tr>\n<tr>\n<td width=\"64\">\n<p align=\"center\"><b>06<\/b><\/p>\n<\/td>\n<td width=\"378\">\n<p align=\"center\">&nbsp;<span style=\"color: #ff6600\"><b>RESULTADO FINAL<\/b><\/span><\/p>\n<\/td>\n<td width=\"134\">\n<p align=\"center\">&nbsp;<b>&lt;&lt;<span style=\"color: #008000\"><a href=\"http:\/\/www2.unifap.br\/drh\/files\/2017\/10\/EDITAL-01-2017-PSPIE-PROGEP-UNIFAP-RESULTADO-FINAL.pdf\"><span style=\"color: #008000\">Aqui<\/span><\/a><\/span>&gt;&gt;<\/b><\/p>\n<\/td>\n<\/tr>\n<\/tbody>\n<\/table>\n<p>&nbsp;<\/p>\n","protected":false},"excerpt":{"rendered":"<p>EDITAL N\u00ba 01\/2017-PSPIE\/PROGEP\/UNIFAP PROCESSO SELETIVO PARA O PROGRAMA DE INCENTIVO EDUCACIONAL \u00c0 P\u00d3S-GRADUA\u00c7\u00c3O STRICTO SENSU DESTINADO AOS SERVIDORES T\u00c9CNICO-ADMINISTRATIVOS EM EDUCA\u00c7\u00c3O &nbsp; O Presidente da Comiss\u00e3o Gestora do Programa de Incentivo Educacional \u00e0 P\u00f3s-Gradua\u00e7\u00e3o Stricto Sensu destinado aos Servidores T\u00e9cnico-Administrativos em Educa\u00e7\u00e3o, no uso de suas atribui\u00e7\u00f5es, considerando o que consta na Portaria n\u00ba 129-SAA\/SE\/MEC,&#8230;<\/p>\n","protected":false},"author":685,"featured_media":0,"parent":10624,"menu_order":2,"comment_status":"open","ping_status":"open","template":"fullwidth.php","meta":{"inline_featured_image":false,"ngg_post_thumbnail":0,"footnotes":""},"class_list":["post-8939","page","type-page","status-publish","hentry","entry"],"_links":{"self":[{"href":"http:\/\/www2.unifap.br\/drh\/wp-json\/wp\/v2\/pages\/8939","targetHints":{"allow":["GET"]}}],"collection":[{"href":"http:\/\/www2.unifap.br\/drh\/wp-json\/wp\/v2\/pages"}],"about":[{"href":"http:\/\/www2.unifap.br\/drh\/wp-json\/wp\/v2\/types\/page"}],"author":[{"embeddable":true,"href":"http:\/\/www2.unifap.br\/drh\/wp-json\/wp\/v2\/users\/685"}],"replies":[{"embeddable":true,"href":"http:\/\/www2.unifap.br\/drh\/wp-json\/wp\/v2\/comments?post=8939"}],"version-history":[{"count":26,"href":"http:\/\/www2.unifap.br\/drh\/wp-json\/wp\/v2\/pages\/8939\/revisions"}],"predecessor-version":[{"id":11357,"href":"http:\/\/www2.unifap.br\/drh\/wp-json\/wp\/v2\/pages\/8939\/revisions\/11357"}],"up":[{"embeddable":true,"href":"http:\/\/www2.unifap.br\/drh\/wp-json\/wp\/v2\/pages\/10624"}],"wp:attachment":[{"href":"http:\/\/www2.unifap.br\/drh\/wp-json\/wp\/v2\/media?parent=8939"}],"curies":[{"name":"wp","href":"https:\/\/api.w.org\/{rel}","templated":true}]}}