{"id":160,"date":"2015-05-19T12:00:10","date_gmt":"2015-05-19T12:00:10","guid":{"rendered":"http:\/\/www2.unifap.br\/dsmt\/?page_id=160"},"modified":"2016-07-25T17:53:51","modified_gmt":"2016-07-25T17:53:51","slug":"missao","status":"publish","type":"page","link":"http:\/\/www2.unifap.br\/dsmt\/missao\/","title":{"rendered":"Miss\u00e3o"},"content":{"rendered":"<p align=\"center\"><i>Proporcionar assist\u00eancia aos servidores no que tange a seguran\u00e7a e medicina no trabalho, minimizando o absente\u00edsmo e os agravos \u00e0 sa\u00fade.<\/i><\/p>\n","protected":false},"excerpt":{"rendered":"<p>Proporcionar assist\u00eancia aos servidores no que tange a seguran\u00e7a e medicina no trabalho, minimizando o absente\u00edsmo e os agravos \u00e0 sa\u00fade.<\/p>\n","protected":false},"author":656,"featured_media":0,"parent":0,"menu_order":0,"comment_status":"open","ping_status":"open","template":"","meta":{"inline_featured_image":false,"ngg_post_thumbnail":0,"footnotes":""},"class_list":["post-160","page","type-page","status-publish","hentry"],"_links":{"self":[{"href":"http:\/\/www2.unifap.br\/dsmt\/wp-json\/wp\/v2\/pages\/160","targetHints":{"allow":["GET"]}}],"collection":[{"href":"http:\/\/www2.unifap.br\/dsmt\/wp-json\/wp\/v2\/pages"}],"about":[{"href":"http:\/\/www2.unifap.br\/dsmt\/wp-json\/wp\/v2\/types\/page"}],"author":[{"embeddable":true,"href":"http:\/\/www2.unifap.br\/dsmt\/wp-json\/wp\/v2\/users\/656"}],"replies":[{"embeddable":true,"href":"http:\/\/www2.unifap.br\/dsmt\/wp-json\/wp\/v2\/comments?post=160"}],"version-history":[{"count":3,"href":"http:\/\/www2.unifap.br\/dsmt\/wp-json\/wp\/v2\/pages\/160\/revisions"}],"predecessor-version":[{"id":297,"href":"http:\/\/www2.unifap.br\/dsmt\/wp-json\/wp\/v2\/pages\/160\/revisions\/297"}],"wp:attachment":[{"href":"http:\/\/www2.unifap.br\/dsmt\/wp-json\/wp\/v2\/media?parent=160"}],"curies":[{"name":"wp","href":"https:\/\/api.w.org\/{rel}","templated":true}]}}