{"id":26,"date":"2015-03-17T19:55:23","date_gmt":"2015-03-17T19:55:23","guid":{"rendered":"http:\/\/www2.unifap.br\/dsmt\/?page_id=26"},"modified":"2017-02-15T13:57:57","modified_gmt":"2017-02-15T13:57:57","slug":"riscos-ambientais","status":"publish","type":"page","link":"http:\/\/www2.unifap.br\/dsmt\/riscos-ambientais\/","title":{"rendered":"Laudos"},"content":{"rendered":"<p><strong>\u00a0<\/strong><\/p>\n<h2><strong><a href=\"http:\/\/www2.unifap.br\/dsmt\/files\/2015\/03\/Laudo-de-Avalia\u00e7\u00e3o-Ambiental-ENFERMAGEM-2016.pdf\">Laudo de Avalia\u00e7\u00e3o Ambiental ENFERMAGEM 2016<\/a><\/strong><\/h2>\n<h2><strong><a href=\"http:\/\/www2.unifap.br\/dsmt\/files\/2015\/03\/Laudo-de-Avalia\u00e7\u00e3o-Ambiental-PREFEITURA-2016.pdf\">Laudo de Avalia\u00e7\u00e3o Ambiental PREFEITURA 2016<\/a><\/strong><\/h2>\n<h2><strong><a href=\"http:\/\/www2.unifap.br\/dsmt\/files\/2015\/03\/Laudo-de-Avalia\u00e7\u00e3o-Ambiental-FARM\u00c1CIA-2016.doc\">Laudo de Avalia\u00e7\u00e3o Ambiental FARM\u00c1CIA 2016<\/a><\/strong><\/h2>\n<p>&nbsp;<\/p>\n","protected":false},"excerpt":{"rendered":"<p>\u00a0 Laudo de Avalia\u00e7\u00e3o Ambiental ENFERMAGEM 2016 Laudo de Avalia\u00e7\u00e3o Ambiental PREFEITURA 2016 Laudo de Avalia\u00e7\u00e3o Ambiental FARM\u00c1CIA 2016 &nbsp;<\/p>\n","protected":false},"author":656,"featured_media":0,"parent":0,"menu_order":0,"comment_status":"open","ping_status":"open","template":"","meta":{"inline_featured_image":false,"ngg_post_thumbnail":0,"footnotes":""},"class_list":["post-26","page","type-page","status-publish","hentry"],"_links":{"self":[{"href":"http:\/\/www2.unifap.br\/dsmt\/wp-json\/wp\/v2\/pages\/26","targetHints":{"allow":["GET"]}}],"collection":[{"href":"http:\/\/www2.unifap.br\/dsmt\/wp-json\/wp\/v2\/pages"}],"about":[{"href":"http:\/\/www2.unifap.br\/dsmt\/wp-json\/wp\/v2\/types\/page"}],"author":[{"embeddable":true,"href":"http:\/\/www2.unifap.br\/dsmt\/wp-json\/wp\/v2\/users\/656"}],"replies":[{"embeddable":true,"href":"http:\/\/www2.unifap.br\/dsmt\/wp-json\/wp\/v2\/comments?post=26"}],"version-history":[{"count":15,"href":"http:\/\/www2.unifap.br\/dsmt\/wp-json\/wp\/v2\/pages\/26\/revisions"}],"predecessor-version":[{"id":362,"href":"http:\/\/www2.unifap.br\/dsmt\/wp-json\/wp\/v2\/pages\/26\/revisions\/362"}],"wp:attachment":[{"href":"http:\/\/www2.unifap.br\/dsmt\/wp-json\/wp\/v2\/media?parent=26"}],"curies":[{"name":"wp","href":"https:\/\/api.w.org\/{rel}","templated":true}]}}